000
CXUS56 KSTO 090547
CF6SCK
PRELIMINARY LOCAL CLIMATOLOGICAL DATA (WS FORM: F-6)
STATION: STOCKTON AIRPORT CA
MONTH: MARCH
YEAR: 2022
LATITUDE: 37 54 N
LONGITUDE: 121 15 W
TEMPERATURE IN F: :PCPN: SNOW: WIND :SUNSHINE: SKY :PK WND
================================================================================
1 2 3 4 5 6A 6B 7 8 9 10 11 12 13 14 15 16 17 18
12Z AVG MX 2MIN
DY MAX MIN AVG DEP HDD CDD WTR SNW DPTH SPD SPD DIR MIN PSBL S-S WX SPD DR
================================================================================
1 76 41 59 5 6 0 0.00 0.0 M 4.0 10 330 M M 0 14 310
2 76 41 59 4 6 0 0.00 0.0 M 4.4 14 310 M M 0 16 310
3 69 42 56 1 9 0 0.00 0.0 M 7.4 18 290 M M 0 21 290
4 66 46 56 1 9 0 T M M 12.9 32 250 M M 6 18 40 260
5 57 38 48 -7 17 0 0.00 0.0 M 6.4 18 300 M M 5 22 300
6 65 32 49 -6 16 0 0.00 0.0 M 6.3 16 330 M M 0 21 320
7 70 32 51 -4 14 0 0.00 M M 6.5 18 350 M M 0 22 360
8 72 33 53 -3 12 0 0.00 0.0 M 2.9 9 280 M M 0 12 280
9 73 38 56 0 9 0 0.00 M M 7.9 17 270 M M 0 24 300
10 70 42 56 0 9 0 0.00 M M 13.7 24 320 M M 0 29 340
11 72 32 52 -4 13 0 0.00 M M 4.1 12 290 M M 0 15 290
12 75 36 56 0 9 0 0.00 M M 6.2 17 300 M M 1 20 310
13 69 50 60 4 5 0 0.00 M M 7.1 14 270 M M 1 M M
14 73 40 57 1 8 0 0.00 M M 2.5 13 270 M M 0 14 270
15 72 53 63 7 2 0 0.14 M M 6.4 15 300 M M 5 1 18 280
16 74 45 60 4 5 0 0.00 M M 10.3 17 320 M M 1 23 320
17 76 45 61 5 4 0 0.00 0.0 M 4.7 15 260 M M 0 19 260
18 74 41 58 1 7 0 0.00 0.0 M 4.0 14 290 M M 0 8 16 270
19 65 49 57 0 8 0 0.01 0.0 M 8.3 21 290 M M 6 8 25 290
20 74 46 60 3 5 0 0.00 M M 15.4 24 320 M M 0 33 300
21 80 47 64 7 1 0 0.00 M M 11.4 20 340 M M 0 31 340
22 84 45 65 8 0 0 0.00 0.0 M 2.7 10 280 M M 0 11 280
23 86 52 69 12 0 4 0.00 0.0 M 5.2 12 310 M M 0 14 300
24 84 48 66 9 0 1 0.00 0.0 M 6.3 14 310 M M 0 16 300
25 82 44 63 6 2 0 0.00 0.0 M 6.2 12 300 M M 0 17 300
26 81 46 64 6 1 0 0.00 0.0 M 6.5 14 300 M M 0 17 310
27 76 49 63 5 2 0 0.32 0.0 M 6.7 20 290 M M 1 1 23 290
28 62 50 56 -2 9 0 0.36 M M 9.4 23 160 M M 7 1 30 170
29 72 45 59 1 6 0 0.00 M M 7.7 17 260 M M 2 18 20 260
30 64 46 55 -3 10 0 0.00 0.0 M 8.2 20 260 M M 0 23 260
31 73 48 61 3 4 0 0.00 0.0 M 7.8 17 310 M M 3 31 310
================================================================================
SM 2262 1342 208 5 0.83 0.0 219.5 M 38
================================================================================
AV 73.0 43.3 7.1 FASTST M M 1 MAX(MPH)
MISC ----> 32 250 40 260
================================================================================
NOTES:
# LAST OF SEVERAL OCCURRENCES
COLUMN 17 PEAK WIND IN M.P.H.
PRELIMINARY LOCAL CLIMATOLOGICAL DATA (WS FORM: F-6) , PAGE 2
STATION: STOCKTON AIRPORT CA
MONTH: MARCH
YEAR: 2022
LATITUDE: 37 54 N
LONGITUDE: 121 15 W
[TEMPERATURE DATA] [PRECIPITATION DATA] SYMBOLS USED IN COLUMN 16
AVERAGE MONTHLY: 58.1 TOTAL FOR MONTH: 0.83 1 = FOG OR MIST
DPTR FM NORMAL: 1.7 DPTR FM NORMAL: -1.08 2 = FOG REDUCING VISIBILITY
HIGHEST: 86 ON 23 GRTST 24HR 0.68 ON 27-28 TO 1/4 MILE OR LESS
LOWEST: 32 ON 7, 6 3 = THUNDER
SNOW, ICE PELLETS, HAIL 4 = ICE PELLETS
TOTAL MONTH: 0.0 INCH 5 = HAIL
GRTST 24HR 0.0 6 = FREEZING RAIN OR DRIZZLE
GRTST DEPTH: M ON M 7 = DUSTSTORM OR SANDSTORM:
VSBY 1/2 MILE OR LESS
8 = SMOKE OR HAZE
[NO. OF DAYS WITH] [WEATHER - DAYS WITH] 9 = BLOWING SNOW
X = TORNADO
MAX 32 OR BELOW: 0 0.01 INCH OR MORE: 4
MAX 90 OR ABOVE: 0 0.10 INCH OR MORE: 3
MIN 32 OR BELOW: 3 0.50 INCH OR MORE: 0
MIN 0 OR BELOW: 0 1.00 INCH OR MORE: 0
[HDD (BASE 65) ]
TOTAL THIS MO. 208 CLEAR (SCALE 0-3) 26
DPTR FM NORMAL -62 PTCLDY (SCALE 4-7) 5
TOTAL FM JUL 1 2098 CLOUDY (SCALE 8-10) 0
DPTR FM NORMAL 29
[CDD (BASE 65) ]
TOTAL THIS MO. 5
DPTR FM NORMAL 4 [PRESSURE DATA]
TOTAL FM JAN 1 5 HIGHEST SLP 30.34 ON 11
DPTR FM NORMAL 4 LOWEST SLP 29.62 ON 27
[REMARKS]
#FINAL-03-22#