000
CXUS54 KEPZ 281030
CF6SVC
PRELIMINARY LOCAL CLIMATOLOGICAL DATA (WS FORM: F-6)
STATION: SILVER CITY
MONTH: MARCH
YEAR: 2024
LATITUDE: 32 37 N
LONGITUDE: 108 10 W
TEMPERATURE IN F: :PCPN: SNOW: WIND :SUNSHINE: SKY :PK WND
================================================================================
1 2 3 4 5 6A 6B 7 8 9 10 11 12 13 14 15 16 17 18
12Z AVG MX 2MIN
DY MAX MIN AVG DEP HDD CDD WTR SNW DPTH SPD SPD DIR MIN PSBL S-S WX SPD DR
================================================================================
1 63 33 48 M 17 0 0.00 M M 11.6 20 270 M M 0 25 270
2 65 33 49 M 16 0 0.00 M M 11.7 23 280 M M 0 32 270
3 62 34 48 M 17 0 0.00 M M 12.0 23 290 M M 0 33 270
4 61 37 49 M 16 0 0.00 M M 13.1 24 270 M M 0 31 270
5 63 33 48 M 17 0 0.00 M M 9.8 16 280 M M 0 25 260
6 62 37 50 M 15 0 0.00 M M 7.0 15 270 M M 1 18 240
7 58 34 46 M 19 0 T M M 12.5 24 270 M M 3 35 260
8 55 29 42 M 23 0 0.00 M M 10.6 18 300 M M 2 3 23 290
9 53 25 39 M 26 0 0.00 M M 6.5 15 30 M M 5 21 40
10 60 26 43 M 22 0 0.00 M M 5.3 10 160 M M 0 17 110
11 66 32 49 M 16 0 0.00 M M 8.5 13 220 M M 0 18 260
12 67 33 50 M 15 0 0.00 M M 10.4 18 290 M M 0 27 270
13 63 36 50 M 15 0 0.00 M M 14.9 31 280 M M 1 36 270
14 62 31 47 M 18 0 0.00 M M 9.1 18 150 M M 4 31 150
15 61 41 51 M 14 0 T M M 15.6 30 110 M M 6 37 110
16 56 36 46 M 19 0 0.03 M M 5.1 12 150 M M 8 20 140
17 59 29 44 M 21 0 0.00 M M 6.5 13 80 M M 6 30 80
18 56 43 50 M 15 0 0.01 0.0 0 15.1 25 100 M M 8 29 90
19 62 37 50 M 15 0 0.02 0.0 0 5.3 12 250 M M 6 16 110
20 62 36 49 M 16 0 0.00 0.0 0 8.8 15 260 M M 2 21 270
21 66 31 49 M 16 0 0.00 0.0 0 12.4 23 300 M M 0 32 300
22 71 40 56 M 9 0 0.00 M M 9.2 15 320 M M 0 17 310
23 68 42 55 M 10 0 0.00 M M 7.7 18 220 M M 0 24 220
24 51 33 42 M 23 0 0.01 M M 15.5 25 290 M M 6 8 43 320
25 48 30 39 M 26 0 0.00 M M 13.8 27 290 M M 6 40 290
26 47 27 37 M 28 0 0.00 M M 12.4 25 290 M M 6 37 290
27 59 28 44 M 21 0 0.00 M M 11.3 16 290 M M 1 23 290
================================================================================
SM 1626 906 485 0 0.07 0.0 281.7 M 71
================================================================================
AV 60.2 33.6 10.4 FASTST M M 3 MAX(MPH)
MISC ----> 31 280 43 320
================================================================================
NOTES:
# LAST OF SEVERAL OCCURRENCES
COLUMN 17 PEAK WIND IN M.P.H.
PRELIMINARY LOCAL CLIMATOLOGICAL DATA (WS FORM: F-6) , PAGE 2
STATION: SILVER CITY
MONTH: MARCH
YEAR: 2024
LATITUDE: 32 37 N
LONGITUDE: 108 10 W
[TEMPERATURE DATA] [PRECIPITATION DATA] SYMBOLS USED IN COLUMN 16
AVERAGE MONTHLY: 46.9 TOTAL FOR MONTH: 0.07 1 = FOG OR MIST
DPTR FM NORMAL: 0.0 DPTR FM NORMAL: 0.07 2 = FOG REDUCING VISIBILITY
HIGHEST: 71 ON 22 GRTST 24HR 0.03 ON 16-16 TO 1/4 MILE OR LESS
LOWEST: 25 ON 9 3 = THUNDER
SNOW, ICE PELLETS, HAIL 4 = ICE PELLETS
TOTAL MONTH: 0.0 INCH 5 = HAIL
GRTST 24HR 0.0 6 = FREEZING RAIN OR DRIZZLE
GRTST DEPTH: 0 7 = DUSTSTORM OR SANDSTORM:
VSBY 1/2 MILE OR LESS
8 = SMOKE OR HAZE
[NO. OF DAYS WITH] [WEATHER - DAYS WITH] 9 = BLOWING SNOW
X = TORNADO
MAX 32 OR BELOW: 0 0.01 INCH OR MORE: 4
MAX 90 OR ABOVE: 0 0.10 INCH OR MORE: 0
MIN 32 OR BELOW: 10 0.50 INCH OR MORE: 0
MIN 0 OR BELOW: 0 1.00 INCH OR MORE: 0
[HDD (BASE 65) ]
TOTAL THIS MO. 485 CLEAR (SCALE 0-3) 17
DPTR FM NORMAL M PTCLDY (SCALE 4-7) 9
TOTAL FM JUL 1 3062 CLOUDY (SCALE 8-10) 1
DPTR FM NORMAL M
[CDD (BASE 65) ]
TOTAL THIS MO. 0
DPTR FM NORMAL M [PRESSURE DATA]
TOTAL FM JAN 1 0 HIGHEST SLP M ON M
DPTR FM NORMAL M LOWEST SLP M ON M
[REMARKS]