000
CXUS54 KFWD 010857
CLMDFW

CLIMATE REPORT
NATIONAL WEATHER SERVICE FORT WORTH TX
335 AM CDT SAT AUG 1 2020

...................................

...THE DALLAS FORT WORTH CLIMATE SUMMARY FOR THE MONTH OF JULY 2020...

CLIMATE NORMAL PERIOD 1981 TO 2010
CLIMATE RECORD PERIOD 1898 TO 2020

WEATHER         OBSERVED          NORMAL  DEPART  LAST YEAR`S
                 VALUE   DATE(S)  VALUE   FROM    VALUE  DATE(S)
                                          NORMAL
................................................................
TEMPERATURE (F)
RECORD
 HIGH             110   07/12/1998
                        07/18/1980
                        07/02/1980
 LOW               56   07/05/1924
                        07/10/1905
HIGHEST           101   07/13       103      -2      100  07/30
LOWEST             73   07/31        68       5       67  07/25
                        07/07
                        07/04
AVG. MAXIMUM     94.4              95.6    -1.2     94.1
AVG. MINIMUM     77.1              75.1     2.0     75.0
MEAN             85.7              85.3     0.4     84.6
DAYS MAX >= 90     29              27.4     1.6       28
DAYS MAX <= 32      0               0.0     0.0        0
DAYS MAX >= 100     2                                  1
DAYS MIN <= 32      0               0.0     0.0        0
DAYS MIN <= 0       0               0.0     0.0        0
DAYS MIN >= 80      4                                  1

PRECIPITATION (INCHES)
RECORD
 MAXIMUM        11.13   1973
 MINIMUM         0.00   1993
TOTALS           2.31              2.16    0.15     0.78
DAILY AVG.       0.07              0.07    0.00     0.03
DAYS >= .01         5               4.5     0.5        3
DAYS >= .10         3               3.1    -0.1        1
DAYS >= .50         2               1.5     0.5        1
DAYS >= 1.00        2               0.7     1.3        0
GREATEST
 24 HR. TOTAL    1.08   07/05 TO 07/06              0.70

DEGREE_DAYS
HEATING TOTAL       0                 0       0        0
 SINCE 7/1          0                 0       0        0
COOLING TOTAL     652               631      21      614
 SINCE 1/1       1652              1544     108     1499
.................................................................

WIND (MPH)
AVERAGE WIND SPEED              10.1
HIGHEST WIND SPEED/DIRECTION    39/330    DATE  07/30
HIGHEST GUST SPEED/DIRECTION    60/060    DATE  07/12

SKY COVER
POSSIBLE SUNSHINE (PERCENT)   MM
AVERAGE SKY COVER           0.50
NUMBER OF DAYS FAIR            7
NUMBER OF DAYS PC             21
NUMBER OF DAYS CLOUDY          3

AVERAGE RH (PERCENT)     69

WEATHER CONDITIONS. NUMBER OF DAYS WITH
THUNDERSTORM              6     MIXED PRECIP                0
HEAVY RAIN                3     RAIN                        3
LIGHT RAIN                9     FREEZING RAIN               0
LT FREEZING RAIN          0     HAIL                        0
HEAVY SNOW                0     SNOW                        0
LIGHT SNOW                0     SLEET                       0
FOG                       4     FOG W/VIS <= 1/4 MILE       0
HAZE                      0

-  INDICATES NEGATIVE NUMBERS.
R  INDICATES RECORD WAS SET OR TIED.
MM INDICATES DATA IS MISSING.
T  INDICATES TRACE AMOUNT.

$$
