000
CXUS54 KFWD 010738
CLMDFW

CLIMATE REPORT
NATIONAL WEATHER SERVICE
238 AM CDT MON AUG 01 2022

...................................

...THE DALLAS/FORT WORTH CLIMATE SUMMARY FOR THE MONTH OF JULY 2022...

CLIMATE NORMAL PERIOD 1991 TO 2020
CLIMATE RECORD PERIOD 1898 TO 2022

WEATHER         OBSERVED          NORMAL  DEPART   LAST YEAR`S
                VALUE   DATE(S)   VALUE   FROM     VALUE DATE(S)
                                          NORMAL
................................................................
TEMPERATURE (F)
RECORD
 HIGH            110   07/12/1998
                       07/18/1980
                       07/02/1980
 LOW              56   07/05/1924
                       07/10/1905
HIGHEST          109   07/18        103       6      102  07/27
                       07/19
                       07/20
LOWEST            75   07/01         68       7       70  07/11
                       07/15
AVG. MAXIMUM   102.4               95.6     6.8     93.9
AVG. MINIMUM    81.1               75.8     5.3     75.5
MEAN            91.8               85.7     6.1     84.7
DAYS MAX >= 90    31               28.7     2.3       26
DAYS MAX <= 32     0                0.0     0.0        0
DAYS MAX >= 100   27                                   5
DAYS MIN <= 32     0                0.0     0.0        0
DAYS MIN <= 0      0                0.0     0.0        0
DAYS MIN >= 80    24                                   2

PRECIPITATION (INCHES)
RECORD
 MAXIMUM       11.13   1973
 MINIMUM        0.00   1993
TOTALS             T               2.08   -2.08     1.50
DAILY AVG.         T               0.07   -0.07     0.05
DAYS >= .01        0                4.4    -4.4        8
DAYS >= .10        0                2.9    -2.9        5
DAYS >= .50        0                1.4    -1.4        0
DAYS >= 1.00       0                0.6    -0.6        0
GREATEST
 24 HR. TOTAL      T   07/29 TO 07/29               0.49
                       07/21 TO 07/21
                       07/29 TO 07/29

DEGREE DAYS
HEATING TOTAL      0                  0       0        0
 SINCE 7/1         0                  0       0       MM
COOLING TOTAL    838                642     196      618
 SINCE 1/1      2093               1585     508       MM
................................................................

WIND (MPH)
AVERAGE WIND SPEED              11.2
HIGHEST WIND SPEED/DIRECTION    29/130    DATE  07/14
HIGHEST GUST SPEED/DIRECTION    37/130    DATE  07/14

SKY COVER
POSSIBLE SUNSHINE (PERCENT)   MM
AVERAGE SKY COVER           0.34
NUMBER OF DAYS FAIR           18
NUMBER OF DAYS PC             12
NUMBER OF DAYS CLOUDY          1

AVERAGE RH (PERCENT)     45

WEATHER CONDITIONS. NUMBER OF DAYS WITH
THUNDERSTORM              1     MIXED PRECIP               0
HEAVY RAIN                0     RAIN                       0
LIGHT RAIN                2     FREEZING RAIN              0
LT FREEZING RAIN          0     HAIL                       0
HEAVY SNOW                0     SNOW                       0
LIGHT SNOW                0     SLEET                      0
FOG                       0     FOG W/VIS <= 1/4 MILE      0
HAZE                      2

-  INDICATES NEGATIVE NUMBERS.
R  INDICATES RECORD WAS SET OR TIED.
MM INDICATES DATA IS MISSING.
T  INDICATES TRACE AMOUNT.

$$
