000
CXUS54 KFWD 010837
CLMDFW

CLIMATE REPORT
NATIONAL WEATHER SERVICE FORT WORTH TX
334 AM CDT FRI NOV 1 2019

...................................

...THE DALLAS FORT WORTH CLIMATE SUMMARY FOR THE MONTH OF OCTOBER 2019...

CLIMATE NORMAL PERIOD 1981 TO 2010
CLIMATE RECORD PERIOD 1898 TO 2019

WEATHER         OBSERVED          NORMAL  DEPART  LAST YEAR`S
                 VALUE   DATE(S)  VALUE   FROM    VALUE  DATE(S)
                                          NORMAL
................................................................
TEMPERATURE (F)
RECORD
 HIGH             106   10/03/1951
 LOW               24   10/30/1917
HIGHEST            97   10/06        92       5       91  10/03
LOWEST             30   10/31        41     -11       41  10/15
AVG. MAXIMUM     76.5              78.3    -1.8     74.1
AVG. MINIMUM     54.6              56.8    -2.2     58.3
MEAN             65.5              67.5    -2.0     66.2
DAYS MAX >= 90      7               1.9     5.1        2
DAYS MAX <= 32      0               0.0     0.0        0
DAYS MAX >= 100     0                                  0
DAYS MIN <= 32      1               0.1     0.9        0
DAYS MIN <= 0       0               0.0     0.0        0
DAYS MIN >= 80      0                                  0

PRECIPITATION (INCHES)
RECORD
 MAXIMUM        15.66   2018
 MINIMUM            T   1975
                        1924
TOTALS           4.42              4.22    0.20    15.66
DAILY AVG.       0.14              0.14    0.00     0.51
DAYS >= .01        11               7.4     3.6       14
DAYS >= .10         8               4.9     3.1       12
DAYS >= .50         4               2.7     1.3       10
DAYS >= 1.00        1               1.4    -0.4        7
GREATEST
 24 HR. TOTAL    1.34   10/24 TO 10/25              2.93

SNOWFALL (INCHES)
RECORDS
 TOTAL              T   1993
                        1925
 24 HR TOTAL        T   10/29/1993 TO 10/29/1993
                        10/28/1925 TO 10/28/1925
TOTALS            0.0               0.0     0.0      0.0
SINCE 7/1         0.0               0.0     0.0      0.0
SNOWDEPTH AVG.      0                MM      MM        0
DAYS >= TRACE       0                                  0
DAYS >= 1.0         0               0.0     0.0        0
GREATEST
 SNOW DEPTH         0   MM                             0  MM

DEGREE_DAYS
HEATING TOTAL     148                66      82      103
 SINCE 7/1        148                72      76      103
COOLING TOTAL     173               146      27      148
 SINCE 1/1       2998              2723     275     3148
.................................................................

WIND (MPH)
AVERAGE WIND SPEED              11.1
HIGHEST WIND SPEED/DIRECTION    49/250    DATE  10/20
HIGHEST GUST SPEED/DIRECTION    67/250    DATE  10/20

SKY COVER
POSSIBLE SUNSHINE (PERCENT)   MM
AVERAGE SKY COVER           0.40
NUMBER OF DAYS FAIR           14
NUMBER OF DAYS PC             11
NUMBER OF DAYS CLOUDY          6

AVERAGE RH (PERCENT)     62

WEATHER CONDITIONS. NUMBER OF DAYS WITH
THUNDERSTORM              9     MIXED PRECIP                0
HEAVY RAIN                5     RAIN                        7
LIGHT RAIN               14     FREEZING RAIN               0
LT FREEZING RAIN          0     HAIL                        0
HEAVY SNOW                0     SNOW                        0
LIGHT SNOW                0     SLEET                       0
FOG                      12     FOG W/VIS <= 1/4 MILE       3
HAZE                      3

-  INDICATES NEGATIVE NUMBERS.
R  INDICATES RECORD WAS SET OR TIED.
MM INDICATES DATA IS MISSING.
T  INDICATES TRACE AMOUNT.

$$
