000
CXUS51 KPBZ 011301
CLSPIT

CLIMATE REPORT
NATIONAL WEATHER SERVICE PITTSBURGH PA
901 AM EDT WED SEP 01 2021

...................................

...THE PITTSBURGH PA CLIMATE SUMMARY FOR THE SEASON, FROM
6/1/2021 TO 8/31/2021...

CLIMATE NORMAL PERIOD 1991 TO 2020
CLIMATE RECORD PERIOD 1871 TO 2021

WEATHER         OBSERVED          NORMAL  DEPART   LAST YEAR`S
                VALUE   DATE(S)   VALUE   FROM     VALUE DATE(S)
                                          NORMAL
................................................................
TEMPERATURE (F)
RECORD
 HIGH            103   07/16/1988
                       08/06/1918
                       07/10/1881
 LOW              34   06/11/1972
HIGHEST           92   06/28         91       1       94  07/06
                       06/29
LOWEST            45   06/17         40       5       40  06/01
                       06/23
AVG. MAXIMUM    82.2               81.3     0.9     84.0
AVG. MINIMUM    63.2               61.6     1.6     63.1
MEAN            72.7               71.5     1.2     73.5
DAYS MAX >= 90     5                8.9    -3.9       17
DAYS MAX <= 32     0                0.0     0.0        0
DAYS MIN <= 32     0                0.0     0.0        0
DAYS MIN <= 0      0                0.0     0.0        0

PRECIPITATION (INCHES)
RECORD
 MAXIMUM       17.90   1879
 MINIMUM        2.20   1894
TOTALS         13.70              11.90    1.80    10.97
DAILY AVG.      0.15               0.13    0.02     0.12
DAYS >= .01       34               34.1    -0.1       30
DAYS >= .10       21               21.5    -0.5
DAYS >= .50       11                8.4     2.6        9
DAYS >= 1.00       2                2.8    -0.8        1
GREATEST
 24 HR. TOTAL   1.70
 STORM TOTAL    1.67
 (MM/DD(HH))

SNOWFALL (INCHES)
RECORDS
 TOTAL           0.0
TOTALS           0.0                0.0     0.0      0.0
SINCE 7/1        0.0                0.0     0.0      0.0
SNOWDEPTH AVG.     0                                   0
DAYS >= TRACE      0                0.0     0.0        0
DAYS >= 1.0        0                0.0     0.0        0
GREATEST
 24 HR TOTAL     0.0
 STORM TOTAL     0.0
 (MM/DD(HH))

DEGREE DAYS
HEATING TOTAL     23                 40     -17       15
 SINCE 7/1         1                  4      -3       MM
COOLING TOTAL    755                635     120      828
 SINCE 1/1       833                701     132       MM
................................................................

WIND (MPH)
AVERAGE WIND SPEED              5.7
HIGHEST WIND SPEED/DIRECTION    37/310    DATE  08/11
HIGHEST GUST SPEED/DIRECTION    61/210    DATE  08/13

SKY COVER
AVERAGE SKY COVER           0.64

AVERAGE RH (PERCENT)     72

WEATHER CONDITIONS. NUMBER OF DAYS WITH
THUNDERSTORM             28     MIXED PRECIP               0
HEAVY RAIN               15     RAIN                      12
LIGHT RAIN               46     FREEZING RAIN              0
LT FREEZING RAIN          0     HAIL                       0
HEAVY SNOW                0     SNOW                       0
LIGHT SNOW                0     SLEET                      0
FOG                      44     FOG W/VIS <= 1/4 MILE      2
HAZE                      3

-  INDICATES NEGATIVE NUMBERS.
R  INDICATES RECORD WAS SET OR TIED.
MM INDICATES DATA IS MISSING.
T  INDICATES TRACE AMOUNT.

$$
