000
CXUS53 KSGF 010710
CF6VIH
PRELIMINARY LOCAL CLIMATOLOGICAL DATA (WS FORM: F-6)
STATION: VICHY-ROLLA MO
MONTH: JUNE
YEAR: 2021
LATITUDE: 38 7 N
LONGITUDE: 91 46 W
TEMPERATURE IN F: :PCPN: SNOW: WIND :SUNSHINE: SKY :PK WND
================================================================================
1 2 3 4 5 6A 6B 7 8 9 10 11 12 13 14 15 16 17 18
12Z AVG MX 2MIN
DY MAX MIN AVG DEP HDD CDD WTR SNW DPTH SPD SPD DIR MIN PSBL S-S WX SPD DR
================================================================================
1 63 58 61 -8 4 0 0.07 M M 4.9 12 80 M M 10 1 16 90
2 65 57 61 -9 4 0 0.46 M M 4.8 12 60 M M 10 123 16 60
3 78 59 69 -1 0 4 0.01 M M 5.4 9 210 M M 5 1 13 270
4 83 57 70 0 0 5 0.00 M M 6.5 12 240 M M 1 17 240
5 83 62 73 3 0 8 0.00 M M 7.6 13 190 M M 1 18 180
6 82 66 74 3 0 9 0.02 M M 9.2 16 140 M M 7 1 23 150
7 82 68 75 4 0 10 0.32 M M 7.4 20 190 M M 5 13 27 200
8 79 66 73 2 0 8 0.00 M M 4.7 12 180 M M 7 1 16 230
9 86 65 76 4 0 11 T M M 3.6 10 40 M M 2 1 16 60
10 89 65 77 5 0 12 0.00 M M 2.5 8 320 M M 1 1 12 340
11 92 67 80 8 0 15 M M M 4.8 22 270 M M 0 31 270
12 90 64 77 5 0 12 0.00 M M 6.0 13 310 M M 1 18 310
13 87 61 74 1 0 9 0.00 M M 5.1 14 360 M M 0 19 350
14 91 58 75 2 0 10 0.00 M M 4.5 10 60 M M 0 17 60
15 87 63 75 2 0 10 0.00 M M 3.7 8 210 M M 0 11 60
16 89 60 75 2 0 10 0.00 M M 4.5 9 220 M M 0 12 10
17 94 69 82 8 0 17 0.00 M M 8.4 14 210 M M 1 19 210
18 95 74 85 11 0 20 0.00 M M 10.7 17 220 M M 0 24 210
19 92 70 81 7 0 16 0.00 M M 8.3 16 20 M M 1 22 30
20 91 66 79 5 0 14 0.00 M M 10.0 20 200 M M 0 30 180
21 78 49 64 -11 1 0 0.05 M M 9.2 22 330 M M 5 1 30 320
22 82 47 65 -10 0 0 0.00 M M 5.1 13 220 M M 1 21 200
23 84 59 72 -3 0 7 0.00 M M 11.9 17 180 M M 0 29 170
24 82 70 76 1 0 11 T M M 10.8 23 170 M M 1 36 180
25 91 68 80 5 0 15 0.29 M M 8.9 23 330 M M 5 13 35 320
26 86 69 78 2 0 13 0.47 M M 10.6 28 190 M M 5 138 39 190
27 87 70 79 3 0 14 1.66 M M 6.4 28 220 M M 5 123 42 200
28 85 69 77 1 0 12 1.21 M M 5.8 17 100 M M 5 13 25 160
29 86 69 78 2 0 13 0.31 M M 5.3 21 180 M M 2 13 25 180
30 81 70 76 0 0 11 0.19 M M 4.6 13 210 M M 4 13 16 220
================================================================================
SM 2540 1915 9 296 5.06 M 201.2 M 85
================================================================================
AV 84.7 63.8 6.7 FASTST M M 3 MAX(MPH)
MISC ----> # 28 190 42 200
================================================================================
NOTES:
# LAST OF SEVERAL OCCURRENCES
COLUMN 17 PEAK WIND IN M.P.H.
PRELIMINARY LOCAL CLIMATOLOGICAL DATA (WS FORM: F-6) , PAGE 2
STATION: VICHY-ROLLA MO
MONTH: JUNE
YEAR: 2021
LATITUDE: 38 7 N
LONGITUDE: 91 46 W
[TEMPERATURE DATA] [PRECIPITATION DATA] SYMBOLS USED IN COLUMN 16
AVERAGE MONTHLY: 74.3 TOTAL FOR MONTH: 5.06 1 = FOG OR MIST
DPTR FM NORMAL: 1.2 DPTR FM NORMAL: 0.60 2 = FOG REDUCING VISIBILITY
HIGHEST: 95 ON 18 GRTST 24HR 2.47 ON 27-28 TO 1/4 MILE OR LESS
LOWEST: 47 ON 22 3 = THUNDER
SNOW, ICE PELLETS, HAIL 4 = ICE PELLETS
TOTAL MONTH: M 5 = HAIL
GRTST 24HR M ON M 6 = FREEZING RAIN OR DRIZZLE
GRTST DEPTH: M ON M 7 = DUSTSTORM OR SANDSTORM:
VSBY 1/2 MILE OR LESS
8 = SMOKE OR HAZE
[NO. OF DAYS WITH] [WEATHER - DAYS WITH] 9 = BLOWING SNOW
X = TORNADO
MAX 32 OR BELOW: 0 0.01 INCH OR MORE: 12
MAX 90 OR ABOVE: 8 0.10 INCH OR MORE: 8
MIN 32 OR BELOW: 0 0.50 INCH OR MORE: 2
MIN 0 OR BELOW: 0 1.00 INCH OR MORE: 2
[HDD (BASE 65) ]
TOTAL THIS MO. 9 CLEAR (SCALE 0-3) 18
DPTR FM NORMAL -2 PTCLDY (SCALE 4-7) 10
TOTAL FM JUL 1 4740 CLOUDY (SCALE 8-10) 2
DPTR FM NORMAL 22
[CDD (BASE 65) ]
TOTAL THIS MO. 296
DPTR FM NORMAL 42 [PRESSURE DATA]
TOTAL FM JAN 1 383 HIGHEST SLP M ON M
DPTR FM NORMAL 4 LOWEST SLP 29.60 ON 20
[REMARKS]
#FINAL-06-21#