000
CXUS55 KEAX 170736
CF6OJC
PRELIMINARY LOCAL CLIMATOLOGICAL DATA (WS FORM: F-6)

                                          STATION:   Johnson County Executive KS
                                          MONTH:     JANUARY
                                          YEAR:      2018
                                          LATITUDE:   38 50 N
                                          LONGITUDE:  94 44 W

  TEMPERATURE IN F:       :PCPN:    SNOW:  WIND      :SUNSHINE: SKY     :PK WND
================================================================================
1   2   3   4   5  6A  6B    7    8   9   10  11  12  13   14  15   16   17  18
                                     12Z  AVG MX 2MIN
DY MAX MIN AVG DEP HDD CDD  WTR  SNW DPTH SPD SPD DIR MIN PSBL S-S WX    SPD DR
================================================================================

 1   9  -9   0 -30  65   0 0.00    M    M  6.2 14 350   M    M   0        16 340
 2  21  -1  10 -20  55   0 0.00    M    M  6.3 15 230   M    M   0        22 220
 3  26  11  19 -11  46   0 0.00    M    M 10.5 20 310   M    M   3        26 320
 4  25   5  15 -15  50   0 0.00    M    M  4.3  8 150   M    M   2        10 140
 5  28  12  20 -10  45   0 0.00    M    M  9.2 16  60   M    M   1        20  50
 6  31  11  21  -9  44   0 0.00    M    M  9.6 16 170   M    M   0        21 100
 7  35  28  32   2  33   0 0.15    M    M  8.3 17 160   M    M   9 12     24 170
 8  47  27  37   7  28   0 0.00    M    M  5.1 10 330   M    M   0 1      13 320
 9  40  29  35   5  30   0 0.00    M    M 10.1 18 170   M    M   2 1      25 180
10  55  37  46  16  19   0 0.00    M    M 16.2 25 200   M    M   5 1      37 200
11  50  11  31   1  34   0 0.36    M    M 13.4 28 200   M    M  10 16     37 340
12  19   5  12 -18  53   0 0.00    M    M 13.0 20 360   M    M   3        25 340
13  19  11  15 -15  50   0 0.00    M    M  7.1 15 360   M    M  10        19  20
14  33  16  25  -5  40   0 0.08    M    M  8.2 16 230   M    M   8 16     21 240
15  32   0  16 -14  49   0 0.01    M    M 15.6 24 350   M    M   4 18     33 340
16  10  -4   3 -27  62   0 0.00    M    M  8.7 17 330   M    M   1 8      22 330
================================================================================
SM  480  189       703   0  0.60    M    151.8          M       58
================================================================================
AV 30.0 11.8                               9.5 FASTST   M    M   4    MAX(MPH)
                                 MISC ---->  # 28 200               # 37  200
================================================================================
NOTES:
# LAST OF SEVERAL OCCURRENCES

COLUMN 17 PEAK WIND IN M.P.H.

PRELIMINARY LOCAL CLIMATOLOGICAL DATA (WS FORM: F-6) , PAGE 2

                                          STATION:  Johnson County Executive KS
                                          MONTH:    JANUARY
                                          YEAR:     2018
                                          LATITUDE:   38 50 N
                                          LONGITUDE:  94 44 W

[TEMPERATURE DATA]      [PRECIPITATION DATA]       SYMBOLS USED IN COLUMN 16

AVERAGE MONTHLY: 20.9   TOTAL FOR MONTH:   0.60    1 = FOG OR MIST
DPTR FM NORMAL:  -9.1   DPTR FM NORMAL:    0.12    2 = FOG REDUCING VISIBILITY
HIGHEST:    55 ON 10    GRTST 24HR  0.36 ON 11-11      TO 1/4 MILE OR LESS
LOWEST:     -9 ON  1                               3 = THUNDER
                        SNOW, ICE PELLETS, HAIL    4 = ICE PELLETS
                        TOTAL MONTH:    M          5 = HAIL
                        GRTST 24HR    M  ON   M    6 = FREEZING RAIN OR DRIZZLE
                        GRTST DEPTH:  M  ON   M    7 = DUSTSTORM OR SANDSTORM:
                                                       VSBY 1/2 MILE OR LESS
                                                   8 = SMOKE OR HAZE
[NO. OF DAYS WITH]      [WEATHER - DAYS WITH]      9 = BLOWING SNOW
                                                   X = TORNADO
MAX 32 OR BELOW:  10    0.01 INCH OR MORE:   4
MAX 90 OR ABOVE:   0    0.10 INCH OR MORE:   2
MIN 32 OR BELOW:  15    0.50 INCH OR MORE:   0
MIN  0 OR BELOW:   4    1.00 INCH OR MORE:   0

[HDD (BASE 65) ]
TOTAL THIS MO.   703    CLEAR  (SCALE 0-3)  10
DPTR FM NORMAL   143    PTCLDY (SCALE 4-7)   2
TOTAL FM JUL 1  2564    CLOUDY (SCALE 8-10)  4
DPTR FM NORMAL    39

[CDD (BASE 65) ]
TOTAL THIS MO.     0
DPTR FM NORMAL     0    [PRESSURE DATA]
TOTAL FM JAN 1     0    HIGHEST SLP  0.00 ON M
DPTR FM NORMAL     0    LOWEST  SLP  0.00 ON M

[REMARKS]
