000
CXUS55 KEAX 230736
CF6OJC
PRELIMINARY LOCAL CLIMATOLOGICAL DATA (WS FORM: F-6)

                                          STATION:   Johnson County Executive KS
                                          MONTH:     OCTOBER
                                          YEAR:      2017
                                          LATITUDE:   38 50 N
                                          LONGITUDE:  94 44 W

  TEMPERATURE IN F:       :PCPN:    SNOW:  WIND      :SUNSHINE: SKY     :PK WND
================================================================================
1   2   3   4   5  6A  6B    7    8   9   10  11  12  13   14  15   16   17  18
                                     12Z  AVG MX 2MIN
DY MAX MIN AVG DEP HDD CDD  WTR  SNW DPTH SPD SPD DIR MIN PSBL S-S WX    SPD DR
================================================================================

 1  75  60  68   6   0   3    T    M    M 10.7 21 170   M    M   4        26 170
 2  83  61  72  10   0   7 0.00    M    M 14.6 24 170   M    M   1 1      32 180
 3  83  66  75  13   0  10 0.00    M    M 12.2 20 170   M    M   5        26 180
 4  72  60  66   5   0   1 0.56    M    M  7.2 16  30   M    M  10 13     21  40
 5  74  60  67   6   0   2 0.09    M    M  7.5 15 170   M    M   9 12     20 180
 6  75  67  71  10   0   6 0.36    M    M 12.1 28 170   M    M   6 13     36 170
 7  74  55  65   5   0   0 0.25    M    M 10.8 24 280   M    M   4 13     40 270
 8  77  50  64   4   1   0 0.00    M    M  5.7 18 170   M    M   0        24 170
 9  79  53  66   6   0   1 0.32    M    M  9.2 21  30   M    M   2 13     29  20
10  54  43  49 -10  16   0 0.17    M    M 11.6 22 360   M    M   9 13     28 360
11  62  43  53  -6  12   0 0.00    M    M  4.5 10 330   M    M   5        13 330
12  70  46  58   0   7   0 0.00    M    M  8.7 18 160   M    M   5 12     23 160
13  85  58  72  14   0   7 0.00    M    M  9.9 18 170   M    M   2        24 190
14  85  56  71  13   0   6 0.26    M    M 12.7 24 330   M    M   5 13     33 270
15  61  42  52  -5  13   0 0.00    M    M  9.4 23 320   M    M   2        34 330
16  67  39  53  -4  12   0 0.00    M    M  5.4 13 210   M    M   0 18     22 310
17  70  44  57   0   8   0 0.00    M    M 10.0 20 180   M    M   0        27 200
18  73  48  61   5   4   0 0.00    M    M  9.8 20 180   M    M   0        27 200
19  78  51  65   9   0   0 0.00    M    M  8.0 16 200   M    M   0        23 170
20  73  52  63   7   2   0 0.00    M    M 13.2 26 160   M    M   0        36 180
21  75  51  63   8   2   0 1.32    M    M 15.1 28 180   M    M   8 13     36 180
22  65  45  55   0  10   0 0.47    M    M  6.9 18  10   M    M   2 13     24  20
================================================================================
SM 1610 1150        87  43  3.80    M    215.2          M       79
================================================================================
AV 73.2 52.3                               9.8 FASTST   M    M   4    MAX(MPH)
                                 MISC ---->  # 28 170               # 40  270
================================================================================
NOTES:
# LAST OF SEVERAL OCCURRENCES

COLUMN 17 PEAK WIND IN M.P.H.

PRELIMINARY LOCAL CLIMATOLOGICAL DATA (WS FORM: F-6) , PAGE 2

                                          STATION:  Johnson County Executive KS
                                          MONTH:    OCTOBER
                                          YEAR:     2017
                                          LATITUDE:   38 50 N
                                          LONGITUDE:  94 44 W

[TEMPERATURE DATA]      [PRECIPITATION DATA]       SYMBOLS USED IN COLUMN 16

AVERAGE MONTHLY: 62.7   TOTAL FOR MONTH:   3.80    1 = FOG OR MIST
DPTR FM NORMAL:   4.1   DPTR FM NORMAL:    1.20    2 = FOG REDUCING VISIBILITY
HIGHEST:    85 ON 14,13 GRTST 24HR  1.32 ON 21-21      TO 1/4 MILE OR LESS
LOWEST:     39 ON 16                               3 = THUNDER
                        SNOW, ICE PELLETS, HAIL    4 = ICE PELLETS
                        TOTAL MONTH:    M          5 = HAIL
                        GRTST 24HR    M  ON   M    6 = FREEZING RAIN OR DRIZZLE
                        GRTST DEPTH:  M  ON   M    7 = DUSTSTORM OR SANDSTORM:
                                                       VSBY 1/2 MILE OR LESS
                                                   8 = SMOKE OR HAZE
[NO. OF DAYS WITH]      [WEATHER - DAYS WITH]      9 = BLOWING SNOW
                                                   X = TORNADO
MAX 32 OR BELOW:   0    0.01 INCH OR MORE:   9
MAX 90 OR ABOVE:   0    0.10 INCH OR MORE:   8
MIN 32 OR BELOW:   0    0.50 INCH OR MORE:   2
MIN  0 OR BELOW:   0    1.00 INCH OR MORE:   1

[HDD (BASE 65) ]
TOTAL THIS MO.    87    CLEAR  (SCALE 0-3)  11
DPTR FM NORMAL   -78    PTCLDY (SCALE 4-7)   7
TOTAL FM JUL 1   104    CLOUDY (SCALE 8-10)  4
DPTR FM NORMAL  -110

[CDD (BASE 65) ]
TOTAL THIS MO.    43
DPTR FM NORMAL    16    [PRESSURE DATA]
TOTAL FM JAN 1  1236    HIGHEST SLP  0.00 ON M
DPTR FM NORMAL  -112    LOWEST  SLP  0.00 ON M

[REMARKS]
