000
CXUS51 KBGM 030452 CCA
CLAAVP

CLIMATE REPORT...CORRECTED
NATIONAL WEATHER SERVICE BINGHAMTON NY
1148 PM EST SAT JAN 2 2010

...................................

...THE AVOCA PA CLIMATE SUMMARY FOR THE YEAR OF 2009...

CLIMATE NORMAL PERIOD 1971 TO 2000
CLIMATE RECORD PERIOD 1893 TO 2009

WEATHER         OBSERVED          NORMAL  DEPART  LAST YEAR`S
                 VALUE   DATE(S)  VALUE   FROM    VALUE  DATE(S)
                                          NORMAL
................................................................
TEMPERATURE (F)
RECORD
 HIGH             101   07/16/1988
                        07/03/1966
 LOW              -21   01/21/1994
HIGHEST            93   04/27        59      34       92  06/09
                                                          06/07
LOWEST             -4   01/17        40     -44        4  02/11
AVG. MAXIMUM     58.3              59.3    -1.0     59.3
AVG. MINIMUM     40.1              40.4    -0.3     40.0
MEAN             49.2              49.9    -0.7     49.7
DAYS MAX >= 90      2               6.0    -4.0        7
DAYS MAX <= 32     43              43.0     0.0       36
DAYS MIN <= 32    115             124.0    -9.0      136
DAYS MIN <= 0       3               4.0    -1.0        0

PRECIPITATION (INCHES)
RECORD
 MAXIMUM        49.93   2003
 MINIMUM        26.22   1963
TOTALS          35.46             37.56   -2.10    43.25
DAILY AVG.       0.10              0.10    0.00     0.12
DAYS >= .01       146             138.0     8.0      140
DAYS >= .10        81              76.0     5.0       87
DAYS >= .50        24              22.0     2.0       30
DAYS >= 1.00        4               6.0    -2.0       15
GREATEST
 24 HR. TOTAL    1.66   08/12 TO 08/13

SNOWFALL (INCHES)
RECORDS
 TOTAL           80.2   1994
 24 HR TOTAL     18.7   03/13/1993 TO 03/13/1993
TOTALS           34.0              45.8   -11.2     32.4
SINCE 7/1        15.8              11.7     4.1     13.2
DAYS >= TRACE      56              73.7   -17.7       75
DAYS >= 1.0        11              12.8    -1.8       11
GREATEST
 24 HR TOTAL      5.1   12/05 TO 12/05

DEGREE_DAYS
HEATING TOTAL    6092              6234    -142     6105
 SINCE 7/1       2326              2354     -28     2353
COOLING TOTAL     450               611    -161      586
 SINCE 1/1        450               611    -161      586

FREEZE DATES
RECORD
 EARLIEST     09/21/1956
 LATEST       05/25/1956
EARLIEST                        10/15
LATEST                          04/26
.................................................................

WIND (MPH)
AVERAGE WIND SPEED              5.6
RESULTANT WIND SPEED/DIRECTION   2/299
HIGHEST WIND SPEED/DIRECTION    35/250    DATE  02/12
HIGHEST GUST SPEED/DIRECTION    48/260    DATE  02/12

SKY COVER
POSSIBLE SUNSHINE (PERCENT)   MM

NUMBER OF DAYS FAIR          122
NUMBER OF DAYS PC            153
NUMBER OF DAYS CLOUDY         90

AVERAGE RH (PERCENT)     66

WEATHER CONDITIONS. NUMBER OF DAYS WITH
THUNDERSTORM             16     MIXED PRECIP               0
HEAVY RAIN               48     RAIN                      72
LIGHT RAIN              141     FREEZING RAIN              6
LT FREEZING RAIN         14     HAIL                       0
HEAVY SNOW                5     SNOW                       7
LIGHT SNOW               56     SLEET                      0
FOG                     190     FOG W/VIS <= 1/4 MILE     21
HAZE                     90

-  INDICATES NEGATIVE NUMBERS.
R  INDICATES RECORD WAS SET OR TIED.
MM INDICATES DATA IS MISSING.
T  INDICATES TRACE AMOUNT.

&&
CORRECTED SNOWFALL SECTION DUE TO ADDING MISSING DECEMBER SNOWFALL
$$

TAC
