000
CXUS52 KILM 011100
CF6FLO
PRELIMINARY LOCAL CLIMATOLOGICAL DATA (WS FORM: F-6)
STATION: FLORENCE SOUTH CAROLINA
MONTH: NOVEMBER
YEAR: 2021
LATITUDE: 34 10 N
LONGITUDE: 79 43 W
TEMPERATURE IN F: :PCPN: SNOW: WIND :SUNSHINE: SKY :PK WND
================================================================================
1 2 3 4 5 6A 6B 7 8 9 10 11 12 13 14 15 16 17 18
12Z AVG MX 2MIN
DY MAX MIN AVG DEP HDD CDD WTR SNW DPTH SPD SPD DIR MIN PSBL S-S WX SPD DR
================================================================================
1 74 46 60 0 5 0 0.00 M M 2.9 10 20 M M 0 8 15 90
2 77 45 61 2 4 0 0.00 M M 3.1 15 30 M M 0 18 20 30
3 60 50 55 -4 10 0 0.00 M M 9.8 18 40 M M 7 25 40
4 53 43 48 -11 17 0 T M M 10.5 17 40 M M 9 23 40
5 55 39 47 -11 18 0 0.00 M M 9.8 18 50 M M 0 24 60
6 56 46 51 -7 14 0 0.09 M M 16.2 23 20 M M 6 32 20
7 65 49 57 -1 8 0 0.16 M M 13.4 22 350 M M 3 1 28 340
8 74 41 58 1 7 0 0.00 M M 6.5 17 10 M M 0 21 10
9 80 39 60 3 5 0 0.00 M M 1.5 7 280 M M 0 18 9 240
10 79 45 62 5 3 0 0.00 M M 2.7 10 170 M M 0 14 240
11 80 43 62 6 3 0 0.00 M M 5.8 18 140 M M 3 128 23 140
12 77 44 61 5 4 0 T M M 6.3 16 330 M M 3 20 340
13 74 38 56 0 9 0 0.00 M M 6.2 16 250 M M 0 22 250
14 64 38 51 -5 14 0 0.00 M M 6.3 12 190 M M 0 15 240
15 66 34 50 -5 15 0 0.00 M M 4.7 15 280 M M 0 8 20 280
16 73 33 53 -2 12 0 0.00 M M 3.6 16 280 M M 0 19 280
17 78 42 60 5 5 0 0.00 M M 5.0 16 220 M M 0 20 200
18 79 50 65 11 0 0 0.02 M M 4.8 15 250 M M 2 1 20 260
19 64 39 52 -2 13 0 0.00 M M 11.1 21 20 M M 0 1 25 350
20 60 34 47 -7 18 0 0.00 M M 6.4 16 40 M M 2 20 40
21 73 39 56 2 9 0 0.00 M M 3.5 10 10 M M 1 12 10
22 60 44 52 -1 13 0 0.12 M M 5.2 16 360 M M 7 128 22 360
23 52 27 40 -13 25 0 0.00 M M 7.6 18 10 M M 1 28 10
24 56 25 41 -12 24 0 0.00 M M 1.4 8 110 M M 0 13 70
25 67 27 47 -6 18 0 0.00 M M 5.4 17 250 M M 0 21 250
26 65 38 52 0 13 0 0.06 M M 9.2 18 340 M M 3 1 26 340
27 58 28 43 -9 22 0 0.00 M M 3.3 8 230 M M 0 8 12 20
28 64 35 50 -2 15 0 0.00 M M 5.2 10 300 M M 0 13 260
29 54 29 42 -10 23 0 0.00 M M 6.1 18 20 M M 0 24 10
30 64 26 45 -7 20 0 0.00 M M 4.7 16 240 M M 0 22 210
================================================================================
SM 2001 1156 366 0 0.45 M 188.2 M 47
================================================================================
AV 66.7 38.5 6.3 FASTST M M 2 MAX(MPH)
MISC ----> 23 20 32 20
================================================================================
NOTES:
# LAST OF SEVERAL OCCURRENCES
COLUMN 17 PEAK WIND IN M.P.H.
PRELIMINARY LOCAL CLIMATOLOGICAL DATA (WS FORM: F-6) , PAGE 2
STATION: FLORENCE SOUTH CAROLINA
MONTH: NOVEMBER
YEAR: 2021
LATITUDE: 34 10 N
LONGITUDE: 79 43 W
[TEMPERATURE DATA] [PRECIPITATION DATA] SYMBOLS USED IN COLUMN 16
AVERAGE MONTHLY: 52.6 TOTAL FOR MONTH: 0.45 1 = FOG OR MIST
DPTR FM NORMAL: -2.7 DPTR FM NORMAL: -2.18 2 = FOG REDUCING VISIBILITY
HIGHEST: 80 ON 11, 9 GRTST 24HR 0.25 ON 6- 7 TO 1/4 MILE OR LESS
LOWEST: 25 ON 24 3 = THUNDER
SNOW, ICE PELLETS, HAIL 4 = ICE PELLETS
TOTAL MONTH: M 5 = HAIL
GRTST 24HR M ON M 6 = FREEZING RAIN OR DRIZZLE
GRTST DEPTH: M ON M 7 = DUSTSTORM OR SANDSTORM:
VSBY 1/2 MILE OR LESS
8 = SMOKE OR HAZE
[NO. OF DAYS WITH] [WEATHER - DAYS WITH] 9 = BLOWING SNOW
X = TORNADO
MAX 32 OR BELOW: 0 0.01 INCH OR MORE: 5
MAX 90 OR ABOVE: 0 0.10 INCH OR MORE: 2
MIN 32 OR BELOW: 6 0.50 INCH OR MORE: 0
MIN 0 OR BELOW: 0 1.00 INCH OR MORE: 0
[HDD (BASE 65) ]
TOTAL THIS MO. 366 CLEAR (SCALE 0-3) 25
DPTR FM NORMAL 56 PTCLDY (SCALE 4-7) 4
TOTAL FM JUL 1 405 CLOUDY (SCALE 8-10) 1
DPTR FM NORMAL 1
[CDD (BASE 65) ]
TOTAL THIS MO. 0
DPTR FM NORMAL -17 [PRESSURE DATA]
TOTAL FM JAN 1 2305 HIGHEST SLP 30.53 ON 20
DPTR FM NORMAL 54 LOWEST SLP 29.84 ON 22
[REMARKS]
#FINAL-11-21#