000
CXUS52 KTBW 011122
CF6FMY
PRELIMINARY LOCAL CLIMATOLOGICAL DATA (WS FORM: F-6)
STATION: Fort Myers
MONTH: SEPTEMBER
YEAR: 2020
LATITUDE: 26 34 N
LONGITUDE: 81 52 W
TEMPERATURE IN F: :PCPN: SNOW: WIND :SUNSHINE: SKY :PK WND
================================================================================
1 2 3 4 5 6A 6B 7 8 9 10 11 12 13 14 15 16 17 18
12Z AVG MX 2MIN
DY MAX MIN AVG DEP HDD CDD WTR SNW DPTH SPD SPD DIR MIN PSBL S-S WX SPD DR
================================================================================
1 95 75 85 2 0 20 0.49 0.0 0 4.0 25 120 M M 3 13 30 110
2 93 76 85 2 0 20 0.00 0.0 0 6.6 14 80 M M 1 18 70
3 95 75 85 2 0 20 2.57 0.0 0 7.4 23 330 M M 2 123 35 200
4 94 76 85 2 0 20 0.00 0.0 0 6.2 15 40 M M 1 20 40
5 96 77 87 4 0 22 0.04 0.0 0 4.4 24 150 M M 1 13 31 150
6 91 75 83 0 0 18 T 0.0 0 6.0 25 100 M M 1 3 32 110
7 91 74 83 0 0 18 2.96 0.0 0 4.4 20 350 M M 2 13 29 260
8 90 73 82 -1 0 17 T 0.0 0 4.9 12 150 M M 2 3 15 140
9 85 75 80 -3 0 15 0.34 0.0 0 4.4 16 110 M M 4 138 24 110
10 90 75 83 0 0 18 0.15 0.0 0 4.6 20 40 M M 2 13 24 80
11 93 76 85 2 0 20 T 0.0 0 7.5 18 100 M M 2 3 25 90
12 85 76 81 -2 0 16 0.07 0.0 0 13.5 24 120 M M 7 1 32 120
13 77 74 76 -7 0 11 1.90 0.0 0 6.8 18 130 M M 7 13 27 140
14 88 75 82 -1 0 17 0.01 0.0 0 5.6 17 120 M M 2 23 120
15 89 76 83 0 0 18 0.38 0.0 0 5.2 15 220 M M 1 13 21 110
16 90 76 83 1 0 18 0.17 0.0 0 6.9 17 250 M M 1 13 29 190
17 89 78 84 2 0 19 T 0.0 0 6.9 17 200 M M 1 1 23 210
18 90 77 84 2 0 19 0.95 0.0 0 4.9 26 310 M M 3 1 35 310
19 92 76 84 2 0 19 0.00 0.0 0 4.9 15 320 M M 1 22 310
20 90 72 81 -1 0 16 2.02 0.0 0 9.1 30 60 M M 7 13 41 60
21 87 75 81 -1 0 16 T 0.0 0 13.0 24 80 M M 8 1 31 60
22 87 72 80 -2 0 15 0.00 0.0 0 9.8 20 60 M M 2 27 60
23 89 69 79 -3 0 14 0.00 0.0 0 7.3 14 110 M M 1 8 19 100
24 90 72 81 -1 0 16 0.02 0.0 0 6.7 16 120 M M 3 13 21 130
25 89 75 82 0 0 17 0.00 0.0 0 5.3 16 260 M M 4 30 230
26 91 77 84 2 0 19 0.02 0.0 0 4.3 16 10 M M 4 1 20 10
27 92 74 83 1 0 18 1.30 0.0 0 5.0 17 170 M M 3 13 22 160
28 90 75 83 2 0 18 0.00 0.0 0 4.8 15 330 M M 2 3 22 330
29 89 75 82 1 0 17 0.70 0.0 0 6.1 23 270 M M 4 13 30 270
30 82 67 75 -6 0 10 0.01 0.0 0 9.6 21 30 M M 6 1 24 30
================================================================================
SM 2689 2238 0 521 14.10 0.0 196.1 M 88
================================================================================
AV 89.6 74.6 6.5 FASTST M M 3 MAX(MPH)
MISC ----> # 30 60 # 41 60
================================================================================
NOTES:
# LAST OF SEVERAL OCCURRENCES
COLUMN 17 PEAK WIND IN M.P.H.
PRELIMINARY LOCAL CLIMATOLOGICAL DATA (WS FORM: F-6) , PAGE 2
STATION: Fort Myers
MONTH: SEPTEMBER
YEAR: 2020
LATITUDE: 26 34 N
LONGITUDE: 81 52 W
[TEMPERATURE DATA] [PRECIPITATION DATA] SYMBOLS USED IN COLUMN 16
AVERAGE MONTHLY: 82.1 TOTAL FOR MONTH: 14.10 1 = FOG OR MIST
DPTR FM NORMAL: -0.3 DPTR FM NORMAL: 5.79 2 = FOG REDUCING VISIBILITY
HIGHEST: 96 ON 5 GRTST 24HR 2.96 ON 7- 7 TO 1/4 MILE OR LESS
LOWEST: 67 ON 30 3 = THUNDER
SNOW, ICE PELLETS, HAIL 4 = ICE PELLETS
TOTAL MONTH: 0.0 INCH 5 = HAIL
GRTST 24HR 0.0 6 = FREEZING RAIN OR DRIZZLE
GRTST DEPTH: 0 7 = DUSTSTORM OR SANDSTORM:
VSBY 1/2 MILE OR LESS
8 = SMOKE OR HAZE
[NO. OF DAYS WITH] [WEATHER - DAYS WITH] 9 = BLOWING SNOW
X = TORNADO
MAX 32 OR BELOW: 0 0.01 INCH OR MORE: 18
MAX 90 OR ABOVE: 18 0.10 INCH OR MORE: 12
MIN 32 OR BELOW: 0 0.50 INCH OR MORE: 7
MIN 0 OR BELOW: 0 1.00 INCH OR MORE: 5
[HDD (BASE 65) ]
TOTAL THIS MO. 0 CLEAR (SCALE 0-3) 18
DPTR FM NORMAL 0 PTCLDY (SCALE 4-7) 12
TOTAL FM JUL 1 0 CLOUDY (SCALE 8-10) 0
DPTR FM NORMAL 0
[CDD (BASE 65) ]
TOTAL THIS MO. 521
DPTR FM NORMAL -1 [PRESSURE DATA]
TOTAL FM JAN 1 3802 HIGHEST SLP 30.10 ON 5
DPTR FM NORMAL 556 LOWEST SLP 29.69 ON 12
[REMARKS]
#FINAL-09-20#