000
CXUS56 KSTO 011400
CF6VCB
PRELIMINARY LOCAL CLIMATOLOGICAL DATA (WS FORM: F-6)
STATION: VACAVILLE
MONTH: FEBRUARY
YEAR: 2023
LATITUDE: 38 22 N
LONGITUDE: 121-58 E
TEMPERATURE IN F: :PCPN: SNOW: WIND :SUNSHINE: SKY :PK WND
================================================================================
1 2 3 4 5 6A 6B 7 8 9 10 11 12 13 14 15 16 17 18
12Z AVG MX 2MIN
DY MAX MIN AVG DEP HDD CDD WTR SNW DPTH SPD SPD DIR MIN PSBL S-S WX SPD DR
================================================================================
1 57 31 44 -5 21 0 0.00 M M 3.5 9 10 M M 0 12 20
2 58 31 45 -4 20 0 0.00 M M 3.8 12 360 M M 0 14 350
3 55 43 49 -1 16 0 0.28 M M 1.7 9 100 M M 8 1 11 90
4 57 42 50 0 15 0 0.23 M M 5.7 25 210 M M 8 18 35 210
5 58 39 49 -1 16 0 0.09 0.0 M 8.6 23 230 M M 4 30 230
6 63 35 49 -1 16 0 0.00 M M 8.7 24 340 M M 0 32 340
7 61 35 48 -2 17 0 0.00 M M 3.2 9 350 M M 0 13 40
8 66 34 50 0 15 0 0.00 M M 2.4 8 30 M M 0 11 10
9 65 35 50 0 15 0 0.00 0.0 M 2.1 7 170 M M 0 1 10 180
10 64 33 49 -2 16 0 0.00 M M 6.5 20 230 M M 1 1 24 290
11 60 41 51 0 14 0 0.10 M M 6.6 18 350 M M 5 1 23 360
12 74 37 56 5 9 0 0.00 M M 9.6 23 360 M M 0 27 350
13 72 37 55 4 10 0 0.00 M M 5.5 22 350 M M 0 28 360
14 57 43 50 -1 15 0 0.00 M M 13.4 24 300 M M 2 30 310
15 60 36 48 -4 17 0 0.00 M M 11.2 25 360 M M 0 33 340
16 58 29 44 -8 21 0 0.00 M M 3.2 9 350 M M 0 11 100
17 65 37 51 -1 14 0 0.00 M M 8.1 18 360 M M 0 23 350
18 62 28 45 -7 20 0 0.00 M M 3.0 12 360 M M 0 14 20
19 71 33 52 0 13 0 0.00 M M 3.4 16 350 M M 0 21 10
20 70 37 54 2 11 0 0.00 M M 2.1 7 70 M M 0 9 70
21 70 40 55 2 10 0 0.00 M M 14.3 36 300 M M 0 51 300
22 56 39 48 -5 17 0 0.00 M M 13.1 24 300 M M 1 31 250
23 51 34 43 -10 22 0 0.29 M M 12.1 24 230 M M 4 1 33 220
24 51 39 45 -8 20 0 0.76 M M 9.4 21 160 M M 9 1 34 130
25 47 40 44 -9 21 0 0.26 M M 4.7 9 140 M M 10 1 12 130
26 51 40 46 -7 19 0 0.41 M M 7.2 17 170 M M 8 1 22 170
27 49 37 43 -11 22 0 0.47 M M 8.7 28 230 M M 4 1 43 220
28 53 40 47 -7 18 0 0.52 M M 8.8 23 230 M M 8 1 29 230
================================================================================
SM 1681 1025 460 0 3.41 0.0 190.6 M 72
================================================================================
AV 60.0 36.6 6.8 FASTST M M 3 MAX(MPH)
MISC ----> 36 300 51 300
================================================================================
NOTES:
# LAST OF SEVERAL OCCURRENCES
COLUMN 17 PEAK WIND IN M.P.H.
PRELIMINARY LOCAL CLIMATOLOGICAL DATA (WS FORM: F-6) , PAGE 2
STATION: VACAVILLE
MONTH: FEBRUARY
YEAR: 2023
LATITUDE: 38 22 N
LONGITUDE: 121-58 E
[TEMPERATURE DATA] [PRECIPITATION DATA] SYMBOLS USED IN COLUMN 16
AVERAGE MONTHLY: 48.3 TOTAL FOR MONTH: 3.41 1 = FOG OR MIST
DPTR FM NORMAL: -3.2 DPTR FM NORMAL: -1.65 2 = FOG REDUCING VISIBILITY
HIGHEST: 74 ON 12 GRTST 24HR 1.04 ON 23-24 TO 1/4 MILE OR LESS
LOWEST: 28 ON 18 3 = THUNDER
SNOW, ICE PELLETS, HAIL 4 = ICE PELLETS
TOTAL MONTH: 0.0 INCH 5 = HAIL
GRTST 24HR 0.0 6 = FREEZING RAIN OR DRIZZLE
GRTST DEPTH: M ON M 7 = DUSTSTORM OR SANDSTORM:
VSBY 1/2 MILE OR LESS
8 = SMOKE OR HAZE
[NO. OF DAYS WITH] [WEATHER - DAYS WITH] 9 = BLOWING SNOW
X = TORNADO
MAX 32 OR BELOW: 0 0.01 INCH OR MORE: 10
MAX 90 OR ABOVE: 0 0.10 INCH OR MORE: 9
MIN 32 OR BELOW: 4 0.50 INCH OR MORE: 2
MIN 0 OR BELOW: 0 1.00 INCH OR MORE: 0
[HDD (BASE 65) ]
TOTAL THIS MO. 460 CLEAR (SCALE 0-3) 18
DPTR FM NORMAL 80 PTCLDY (SCALE 4-7) 7
TOTAL FM JUL 1 1997 CLOUDY (SCALE 8-10) 3
DPTR FM NORMAL 114
[CDD (BASE 65) ]
TOTAL THIS MO. 0
DPTR FM NORMAL 0 [PRESSURE DATA]
TOTAL FM JAN 1 0 HIGHEST SLP 30.44 ON 6
DPTR FM NORMAL 0 LOWEST SLP 29.60 ON 24
[REMARKS]
#FINAL-02-23#