000
CXUS53 KIWX 220800
CF6BEH
PRELIMINARY LOCAL CLIMATOLOGICAL DATA (WS FORM: F-6)

                                          STATION:   BENTON HARBOR
                                          MONTH:     NOVEMBER
                                          YEAR:      2014
                                          LATITUDE:   42  7 N
                                          LONGITUDE:  86 26 W

  TEMPERATURE IN F:       :PCPN:    SNOW:  WIND      :SUNSHINE: SKY     :PK WND
================================================================================
1   2   3   4   5  6A  6B    7    8   9   10  11  12  13   14  15   16   17  18
                                     12Z  AVG MX 2MIN
DY MAX MIN AVG DEP HDD CDD  WTR  SNW DPTH SPD SPD DIR MIN PSBL S-S WX    SPD DR
================================================================================

 1  39  23  31 -17  34   0 0.00  0.0    M  6.9 15  30   M    M   1 8      26  40
 2  50  20  35 -13  30   0 0.00  0.0    0  6.2 15 170   M    M   1        20 190
 3  60  43  52   5  13   0 0.00  0.0    0 11.1 21 230   M    M   4        27 210
 4  59  46  53   6  12   0 0.01  0.0    0 15.8 26 260   M    M   8 1      32 250
 5  56  43  50   4  15   0 0.00  0.0    0 10.8 23 260   M    M   2        30 270
 6  51  38  45  -1  20   0 0.09    M    M 11.6 21 340   M    M  10 18     38 320
 7  41  34  38  -8  27   0 0.02    M    M  6.1 14 350   M    M   8 1      22 360
 8  45  39  42  -3  23   0 0.01    M    M 10.8 21 280   M    M   9 1      32 310
 9  45  33  39  -6  26   0 0.00  0.0    0  9.0 21 190   M    M   5        30 210
10  58  41  50   6  15   0 0.00  0.0    0 10.2 22 160   M    M   1        28 150
11  55  34  45   1  20   0 0.33  0.0    0 13.4 25 240   M    M  10 1      33 240
12  34  29  32 -12  33   0    T    M    M 13.0 21 290   M    M  10        29 290
13  31  26  29 -14  36   0 0.04    M    M 11.2 22 270   M    M  10 18     29 290
14  30  27  29 -14  36   0    T    M    M 10.7 21 270   M    M  10 18     25 270
15  31  22  27 -15  38   0 0.03    M    M  7.3 14 250   M    M   9 18     20 240
16  31  25  28 -14  37   0 0.01    M    M  9.5 15 190   M    M  10 18     20 190
17  31  16  24 -17  41   0    T    M    M 19.9 32 270   M    M  10 18     43 270
18  20  16  18 -23  47   0    T    M    M 23.0 32 270   M    M  10 18     44 260
19  30  15  23 -17  42   0    T    M    M 17.4 31 260   M    M   9 18     40 270
20  27  22  25 -15  40   0    T    M    M 18.8 31 260   M    M  10        38 260
21  31  21  26 -14  39   0 0.00  0.0    M  7.7 18 290   M    M   5        27 300
================================================================================
SM  855  613       624   0  0.54     0.0 250.4          M      152
================================================================================
AV 40.7 29.2                              11.9 FASTST   M    M   7    MAX(MPH)
                                 MISC ---->  # 32 270               # 44  260
================================================================================
NOTES:
# LAST OF SEVERAL OCCURRENCES

COLUMN 17 PEAK WIND IN M.P.H.

PRELIMINARY LOCAL CLIMATOLOGICAL DATA (WS FORM: F-6) , PAGE 2

                                          STATION:  BENTON HARBOR
                                          MONTH:    NOVEMBER
                                          YEAR:     2014
                                          LATITUDE:   42  7 N
                                          LONGITUDE:  86 26 W

[TEMPERATURE DATA]      [PRECIPITATION DATA]       SYMBOLS USED IN COLUMN 16

AVERAGE MONTHLY: 35.0   TOTAL FOR MONTH:   0.54    1 = FOG OR MIST
DPTR FM NORMAL:  -9.0   DPTR FM NORMAL:   -1.96    2 = FOG REDUCING VISIBILITY
HIGHEST:    60 ON  3    GRTST 24HR  0.33 ON 11-11      TO 1/4 MILE OR LESS
LOWEST:     15 ON 19                               3 = THUNDER
                        SNOW, ICE PELLETS, HAIL    4 = ICE PELLETS
                        TOTAL MONTH:   0.0 INCH    5 = HAIL
                        GRTST 24HR     0.0         6 = FREEZING RAIN OR DRIZZLE
                        GRTST DEPTH:   0           7 = DUSTSTORM OR SANDSTORM:
                                                       VSBY 1/2 MILE OR LESS
                                                   8 = SMOKE OR HAZE
[NO. OF DAYS WITH]      [WEATHER - DAYS WITH]      9 = BLOWING SNOW
                                                   X = TORNADO
MAX 32 OR BELOW:   9    0.01 INCH OR MORE:   8
MAX 90 OR ABOVE:   0    0.10 INCH OR MORE:   1
MIN 32 OR BELOW:  12    0.50 INCH OR MORE:   0
MIN  0 OR BELOW:   0    1.00 INCH OR MORE:   0

[HDD (BASE 65) ]
TOTAL THIS MO.   624    CLEAR  (SCALE 0-3)   4
DPTR FM NORMAL   181    PTCLDY (SCALE 4-7)   5
TOTAL FM JUL 1  1337    CLOUDY (SCALE 8-10) 12
DPTR FM NORMAL   361

[CDD (BASE 65) ]
TOTAL THIS MO.     0
DPTR FM NORMAL     0    [PRESSURE DATA]
TOTAL FM JAN 1   442    HIGHEST SLP M ON M
DPTR FM NORMAL  -331    LOWEST  SLP 29.60 ON 10

[REMARKS]
