000
CXUS54 KAMA 010810
CF6AMA
PRELIMINARY LOCAL CLIMATOLOGICAL DATA (WS FORM: F-6)
STATION: AMARILLO
MONTH: FEBRUARY
YEAR: 2023
LATITUDE: 35 13 N
LONGITUDE: 101 42 W
TEMPERATURE IN F: :PCPN: SNOW: WIND :SUNSHINE: SKY :PK WND
================================================================================
1 2 3 4 5 6A 6B 7 8 9 10 11 12 13 14 15 16 17 18
12Z AVG MX 2MIN
DY MAX MIN AVG DEP HDD CDD WTR SNW DPTH SPD SPD DIR MIN PSBL S-S WX SPD DR
================================================================================
1 34 19 27 -13 38 0 0.00 0.0 0 7.0 16 190 M M 6 18 21 200
2 54 20 37 -3 28 0 0.00 0.0 0 9.6 20 10 M M 0 1 25 30
3 60 21 41 1 24 0 0.00 0.0 0 13.9 26 210 M M 0 34 220
4 69 37 53 13 12 0 0.00 0.0 0 15.3 30 220 M M 0 43 220
5 75 29 52 12 13 0 0.00 0.0 0 10.5 26 220 M M 0 35 230
6 69 38 54 14 11 0 0.00 0.0 0 17.9 30 30 M M 0 38 260
7 51 32 42 2 23 0 0.00 0.0 0 14.8 26 20 M M 7 35 20
8 52 28 40 0 25 0 0.00 0.0 0 8.2 17 310 M M 2 24 310
9 43 27 35 -6 30 0 0.02 T 0 18.4 35 10 M M 5 18 43 360
10 43 22 33 -8 32 0 0.00 0.0 0 11.1 22 350 M M 3 30 340
11 60 17 39 -2 26 0 0.00 0.0 0 12.7 22 210 M M 0 28 210
12 73 32 53 12 12 0 0.00 0.0 0 12.9 26 360 M M 0 35 250
13 57 27 42 1 23 0 0.20 T 0 11.5 25 160 M M 1 13 32 160
14 63 36 50 9 15 0 0.01 0.0 0 21.7 43 260 M M 2 64 290
15 53 17 35 -7 30 0 0.02 0.3 0 15.4 40 280 M M 4 12 58 280
16 30 13 22 -20 43 0 0.00 0.0 T 14.9 29 350 M M 2 39 350
17 53 12 33 -9 32 0 0.00 0.0 0 10.0 18 250 M M 0 25 260
18 61 23 42 0 23 0 0.00 0.0 0 18.7 35 220 M M 0 43 210
19 71 38 55 13 10 0 0.00 0.0 0 19.7 33 250 M M 0 46 250
20 66 51 59 16 6 0 0.00 0.0 0 19.5 33 260 M M 0 45 260
21 75 38 57 14 8 0 0.00 0.0 0 20.6 49 240 M M 1 8 69 250
22 69 43 56 13 9 0 0.00 0.0 0 26.2 40 280 M M 3 8 61 260
23 43 14 29 -14 36 0 0.00 0.0 0 13.0 23 120 M M 1 31 280
24 46 15 31 -13 34 0 0.00 0.0 0 8.9 16 170 M M 3 20 150
25 69 23 46 2 19 0 0.00 0.0 0 13.2 23 200 M M 0 35 190
26 77 44 61 17 4 0 T T 0 27.3 56 250 M M 3 38 75 210
27 72 33 53 9 12 0 0.00 0.0 0 15.8 33 280 M M 0 45 280
28 70 39 55 10 10 0 0.00 0.0 0 17.3 37 260 M M 0 8 50 250
================================================================================
SM 1658 788 588 0 0.25 0.3 426.0 M 43
================================================================================
AV 59.2 28.1 15.2 FASTST M M 2 MAX(MPH)
MISC ----> 56 250 75 210
================================================================================
NOTES:
# LAST OF SEVERAL OCCURRENCES
COLUMN 17 PEAK WIND IN M.P.H.
PRELIMINARY LOCAL CLIMATOLOGICAL DATA (WS FORM: F-6) , PAGE 2
STATION: AMARILLO
MONTH: FEBRUARY
YEAR: 2023
LATITUDE: 35 13 N
LONGITUDE: 101 42 W
[TEMPERATURE DATA] [PRECIPITATION DATA] SYMBOLS USED IN COLUMN 16
AVERAGE MONTHLY: 43.7 TOTAL FOR MONTH: 0.25 1 = FOG OR MIST
DPTR FM NORMAL: 1.9 DPTR FM NORMAL: -0.28 2 = FOG REDUCING VISIBILITY
HIGHEST: 77 ON 26 GRTST 24HR 0.21 ON 13-14 TO 1/4 MILE OR LESS
LOWEST: 12 ON 17 3 = THUNDER
SNOW, ICE PELLETS, HAIL 4 = ICE PELLETS
TOTAL MONTH: 0.3 INCH 5 = HAIL
GRTST 24HR 0.3 ON 15-15 6 = FREEZING RAIN OR DRIZZLE
GRTST DEPTH: T 7 = DUSTSTORM OR SANDSTORM:
VSBY 1/2 MILE OR LESS
8 = SMOKE OR HAZE
[NO. OF DAYS WITH] [WEATHER - DAYS WITH] 9 = BLOWING SNOW
X = TORNADO
MAX 32 OR BELOW: 1 0.01 INCH OR MORE: 4
MAX 90 OR ABOVE: 0 0.10 INCH OR MORE: 1
MIN 32 OR BELOW: 18 0.50 INCH OR MORE: 0
MIN 0 OR BELOW: 0 1.00 INCH OR MORE: 0
[HDD (BASE 65) ]
TOTAL THIS MO. 588 CLEAR (SCALE 0-3) 23
DPTR FM NORMAL -62 PTCLDY (SCALE 4-7) 5
TOTAL FM JUL 1 2908 CLOUDY (SCALE 8-10) 0
DPTR FM NORMAL -154
[CDD (BASE 65) ]
TOTAL THIS MO. 0
DPTR FM NORMAL 0 [PRESSURE DATA]
TOTAL FM JAN 1 0 HIGHEST SLP M ON M
DPTR FM NORMAL 0 LOWEST SLP 29.21 ON 14
[REMARKS]
#FINAL-02-23#