000
CXUS55 KRIW 290901
CF6CPR
PRELIMINARY LOCAL CLIMATOLOGICAL DATA (WS FORM: F-6)

                                          STATION:   CASPER WY
                                          MONTH:     JANUARY
                                          YEAR:      2015
                                          LATITUDE:   42 55 N
                                          LONGITUDE: 106 28 W

  TEMPERATURE IN F:       :PCPN:    SNOW:  WIND      :SUNSHINE: SKY     :PK WND
================================================================================
1   2   3   4   5  6A  6B    7    8   9   10  11  12  13   14  15   16   17  18
                                     12Z  AVG MX 2MIN
DY MAX MIN AVG DEP HDD CDD  WTR  SNW DPTH SPD SPD DIR MIN PSBL S-S WX    SPD DR
================================================================================

 1  24   0  12 -12  53   0 0.00  0.0    3 10.5 20 230   M    M   6        24 240
 2  29  19  24   0  41   0 0.00  0.0    3 19.3 30 210   M    M   1        42 210
 3  27 -20   4 -20  61   0 0.22  3.1    5  9.5 28 220   M    M   5 128    32 220
 4  14 -19  -2 -26  67   0 0.00  0.0    5  6.9 18 330   M    M   3 8      24 210
 5  40  -8  16  -8  49   0 0.00  0.0    4 17.7 39 230   M    M   3 8      48 220
 6  44   8  26   1  39   0    T    T    3 15.8 28 210   M    M   4 18     34 210
 7  39   6  23  -2  42   0    T    T    1 13.8 31 220   M    M   5 1      38 220
 8  41  -5  18  -7  47   0 0.05  1.2    T  9.0 29  30   M    M   6 18     35  30
 9  32 -14   9 -16  56   0 0.00  0.0    1 15.8 32 200   M    M   0        40 210
10  39  31  35  10  30   0 0.00  0.0    1 18.5 30 210   M    M   0        37 220
11  34  20  27   2  38   0 0.05  0.9    1  9.9 22 210   M    M   8 1      26 210
12  22  13  18  -7  47   0 0.03  0.9    1  5.2 10  80   M    M   8 18     30 350
13  29   0  15 -10  50   0 0.00  0.0    2  5.0 16 210   M    M   9 128    18 220
14  31  21  26   1  39   0 0.00  0.0    2 16.4 26 220   M    M   3        35 220
15  36  24  30   5  35   0 0.00  0.0    2 22.8 36 210   M    M   0        46 210
16  41  31  36  11  29   0 0.00  0.0    1 21.4 43 220   M    M   1        50 210
17  40  22  31   6  34   0 0.00  0.0    T 16.0 33 210   M    M   0        44 210
18  46  34  40  15  25   0 0.00  0.0    0 21.5 36 210   M    M   1        47 220
19  42  24  33   8  32   0 0.00  0.0    0  8.9 21 230   M    M   2        25 220
20  35  21  28   3  37   0 0.00  0.0    0  8.6 16 360   M    M   7        21 240
21  32  12  22  -3  43   0 0.00  0.0    0  6.5 15 310   M    M   4        18 300
22  33  16  25   0  40   0 0.00  0.0    0 21.4 33 200   M    M   0        43 210
23  36  27  32   7  33   0 0.00  0.0    0 17.4 25 210   M    M   5        32 210
24  39  22  31   6  34   0 0.00  0.0    0 17.7 33 220   M    M   4        43 220
25  48  26  37  12  28   0 0.00  0.0    0 16.2 28 210   M    M   1        35 210
26  54  39  47  22  18   0 0.00  0.0    0 15.8 30 210   M    M   0        38 220
27  58  41  50  25  15   0 0.00  0.0    0 19.9 29 220   M    M   0        37 200
28  43  33  38  13  27   0 0.16    T    0  7.2 26 220   M    M   7 1      31 220
================================================================================
SM 1028  424      1089   0  0.51     6.1 394.6          M       93
================================================================================
AV 36.7 15.1                              14.1 FASTST   M    M   3    MAX(MPH)
                                 MISC ---->  # 43 220               # 50  210
================================================================================
NOTES:
# LAST OF SEVERAL OCCURRENCES

COLUMN 17 PEAK WIND IN M.P.H.

PRELIMINARY LOCAL CLIMATOLOGICAL DATA (WS FORM: F-6) , PAGE 2

                                          STATION:  CASPER WY
                                          MONTH:    JANUARY
                                          YEAR:     2015
                                          LATITUDE:   42 55 N
                                          LONGITUDE: 106 28 W

[TEMPERATURE DATA]      [PRECIPITATION DATA]       SYMBOLS USED IN COLUMN 16

AVERAGE MONTHLY: 25.9   TOTAL FOR MONTH:   0.51    1 = FOG OR MIST
DPTR FM NORMAL:   1.1   DPTR FM NORMAL:    0.05    2 = FOG REDUCING VISIBILITY
HIGHEST:    58 ON 27    GRTST 24HR  0.22 ON  3- 3      TO 1/4 MILE OR LESS
LOWEST:    -20 ON  3                               3 = THUNDER
                        SNOW, ICE PELLETS, HAIL    4 = ICE PELLETS
                        TOTAL MONTH:   6.1 INCHES  5 = HAIL
                        GRTST 24HR   3.1 ON   M    6 = FREEZING RAIN OR DRIZZLE
                        GRTST DEPTH:   5 ON  4, 3  7 = DUSTSTORM OR SANDSTORM:
                                                       VSBY 1/2 MILE OR LESS
                                                   8 = SMOKE OR HAZE
[NO. OF DAYS WITH]      [WEATHER - DAYS WITH]      9 = BLOWING SNOW
                                                   X = TORNADO
MAX 32 OR BELOW:   9    0.01 INCH OR MORE:   5
MAX 90 OR ABOVE:   0    0.10 INCH OR MORE:   2
MIN 32 OR BELOW:  24    0.50 INCH OR MORE:   0
MIN  0 OR BELOW:   7    1.00 INCH OR MORE:   0

[HDD (BASE 65) ]
TOTAL THIS MO.  1089    CLEAR  (SCALE 0-3)  14
DPTR FM NORMAL   -36    PTCLDY (SCALE 4-7)  12
TOTAL FM JUL 1  3988    CLOUDY (SCALE 8-10)  2
DPTR FM NORMAL  -266

[CDD (BASE 65) ]
TOTAL THIS MO.     0
DPTR FM NORMAL     0    [PRESSURE DATA]
TOTAL FM JAN 1     0    HIGHEST SLP M ON M
DPTR FM NORMAL     0    LOWEST  SLP 30.00 ON  3

[REMARKS]
