000
CXUS56 KPQR 221200
CF6VUO
PRELIMINARY LOCAL CLIMATOLOGICAL DATA (WS FORM: F-6)

                                          STATION:   VANCOUVER WA
                                          MONTH:     MAY
                                          YEAR:      2015
                                          LATITUDE:   45 37 N
                                          LONGITUDE: 122 39 W

  TEMPERATURE IN F:       :PCPN:    SNOW:  WIND      :SUNSHINE: SKY     :PK WND
================================================================================
1   2   3   4   5  6A  6B    7    8   9   10  11  12  13   14  15   16   17  18
                                     12Z  AVG MX 2MIN
DY MAX MIN AVG DEP HDD CDD  WTR  SNW DPTH SPD SPD DIR MIN PSBL S-S WX    SPD DR
================================================================================

 1  73  48  61   6   4   0 0.00  0.0    0  6.7 14 330   M    M   0        20 340
 2  70  48  59   4   6   0 0.00  0.0    0  6.4 16 310   M    M   3        23 310
 3  76  40  58   3   7   0 0.00  0.0    0  3.9 12 310   M    M   0        16 310
 4  64  43  54  -2  11   0 0.00  0.0    0  3.4 15 270   M    M   5        25 240
 5  64  45  55  -1  10   0 0.04    M    0  4.3 15 240   M    M   7        20 230
 6  64  45  55  -1  10   0 0.04    M    0  7.1 17 310   M    M   5 1      25 300
 7  71  39  55  -1  10   0 0.00  0.0    0  6.2 17 300   M    M   0        24 290
 8  80  41  61   5   4   0 0.00  0.0    0  4.5 13 310   M    M   0        18 300
 9  83  45  64   7   1   0 0.00  0.0    0  3.6 10 340   M    M   0        16 360
10  71  51  61   4   4   0    T  0.0    0  5.0 16 320   M    M   2        23 320
11  61  50  56  -1   9   0 0.36  0.0    0  5.6 14 300   M    M  10 1      20 320
12  56  50  53  -4  12   0 0.23  0.0    0  3.8  9 150   M    M  10 1      13 180
13  63  50  57  -1   8   0 0.01  0.0    0  4.6 12 300   M    M   7        15 310
14  70  44  57  -1   8   0 0.00  0.0    0  5.6 13 320   M    M   3        19 290
15  62  50  56  -2   9   0 0.00  0.0    0  3.5 12 330   M    M   9        16 330
16  59  53  56  -2   9   0 0.00  0.0    0  1.9  8 300   M    M  10        10 310
17  70  53  62   4   3   0 0.00  0.0    0  4.0  9 310   M    M   6        14 280
18  78  50  64   5   1   0 0.00  0.0    0  5.0 15 290   M    M   2        19 300
19  64  53  59   0   6   0 0.00  0.0    0  3.5  9 310   M    M  10 1      12 310
20  75  54  65   6   0   0 0.00  0.0    0  5.2 12 290   M    M   6        15 300
21  74  57  66   7   0   1    T  0.0    0  2.6 10 340   M    M   6        15 330
================================================================================
SM 1448 1009       132   1  0.68     0.0  96.4          M      101
================================================================================
AV 69.0 48.0                               4.6 FASTST   M    M   5    MAX(MPH)
                                 MISC ---->  # 17 310               # 25  240
================================================================================
NOTES:
# LAST OF SEVERAL OCCURRENCES

COLUMN 17 PEAK WIND IN M.P.H.

PRELIMINARY LOCAL CLIMATOLOGICAL DATA (WS FORM: F-6) , PAGE 2

                                          STATION:  VANCOUVER WA
                                          MONTH:    MAY
                                          YEAR:     2015
                                          LATITUDE:   45 37 N
                                          LONGITUDE: 122 39 W

[TEMPERATURE DATA]      [PRECIPITATION DATA]       SYMBOLS USED IN COLUMN 16

AVERAGE MONTHLY: 58.5   TOTAL FOR MONTH:   0.68    1 = FOG OR MIST
DPTR FM NORMAL:   1.4   DPTR FM NORMAL:   -1.12    2 = FOG REDUCING VISIBILITY
HIGHEST:    83 ON  9    GRTST 24HR  0.54 ON 11-12      TO 1/4 MILE OR LESS
LOWEST:     39 ON  7                               3 = THUNDER
                        SNOW, ICE PELLETS, HAIL    4 = ICE PELLETS
                        TOTAL MONTH:   0.0 INCH    5 = HAIL
                        GRTST 24HR     0.0         6 = FREEZING RAIN OR DRIZZLE
                        GRTST DEPTH:   0           7 = DUSTSTORM OR SANDSTORM:
                                                       VSBY 1/2 MILE OR LESS
                                                   8 = SMOKE OR HAZE
[NO. OF DAYS WITH]      [WEATHER - DAYS WITH]      9 = BLOWING SNOW
                                                   X = TORNADO
MAX 32 OR BELOW:   0    0.01 INCH OR MORE:   5
MAX 90 OR ABOVE:   0    0.10 INCH OR MORE:   2
MIN 32 OR BELOW:   0    0.50 INCH OR MORE:   0
MIN  0 OR BELOW:   0    1.00 INCH OR MORE:   0

[HDD (BASE 65) ]
TOTAL THIS MO.   132    CLEAR  (SCALE 0-3)   9
DPTR FM NORMAL   -40    PTCLDY (SCALE 4-7)   7
TOTAL FM JUL 1  3622    CLOUDY (SCALE 8-10)  5
DPTR FM NORMAL  -580

[CDD (BASE 65) ]
TOTAL THIS MO.     1
DPTR FM NORMAL    -5    [PRESSURE DATA]
TOTAL FM JAN 1     1    HIGHEST SLP M ON M
DPTR FM NORMAL    -5    LOWEST  SLP 29.77 ON 14

[REMARKS]
