298
CXUS55 KPUB 011310
CF6LXV
PRELIMINARY LOCAL CLIMATOLOGICAL DATA (WS FORM: F-6)
STATION: LEADVILLE CO
MONTH: DECEMBER
YEAR: 2020
LATITUDE: 39 15 N
LONGITUDE: 106 18 W
TEMPERATURE IN F: :PCPN: SNOW: WIND :SUNSHINE: SKY :PK WND
================================================================================
1 2 3 4 5 6A 6B 7 8 9 10 11 12 13 14 15 16 17 18
12Z AVG MX 2MIN
DY MAX MIN AVG DEP HDD CDD WTR SNW DPTH SPD SPD DIR MIN PSBL S-S WX SPD DR
================================================================================
1 23 4 14 -5 51 0 0.02 M M 9.8 23 360 M M 6 36 10
2 20 -3 9 -9 56 0 0.00 M M 6.6 21 360 M M 4 28 360
3 32 -8 12 -6 53 0 0.00 M M 6.6 20 360 M M 0 29 20
4 41 4 23 5 42 0 0.00 M M 3.1 12 190 M M 0 14 180
5 45 4 25 7 40 0 0.00 M M 4.6 16 20 M M 0 24 20
6 44 8 26 8 39 0 0.00 M M 6.4 14 10 M M 0 19 350
7 46 5 26 9 39 0 0.00 M M 3.3 12 50 M M 0 16 340
8 50 6 28 11 37 0 0.00 M M 5.1 16 300 M M 0 21 290
9 48 6 27 10 38 0 0.00 M M 3.7 14 360 M M 0 20 350
10 32 11 22 5 43 0 0.11 M M 4.0 14 190 M M 6 1 18 200
11 23 0 12 -5 53 0 0.06 M M 4.8 18 300 M M 9 18 25 310
12 14 -5 5 -12 60 0 0.07 M M 6.2 22 10 M M 8 189 30 10
13 26 -9 9 -7 56 0 0.00 M M 7.5 18 310 M M 0 25 310
14 29 3 16 0 49 0 0.01 M M 6.1 14 360 M M 7 8 24 350
15 17 -2 8 -8 57 0 T M M 10.5 25 10 M M 8 8 36 360
16 21 0 11 -5 54 0 T M M 10.2 18 310 M M 8 8 30 20
17 35 -3 16 0 49 0 0.00 M M 5.7 22 180 M M 3 34 150
18 27 12 20 4 45 0 0.08 M M 5.0 15 310 M M 9 18 23 320
19 27 2 15 -1 50 0 0.01 M M 9.8 26 320 M M 6 1 39 320
20 33 6 20 4 45 0 T M M 11.9 31 320 M M 5 47 310
21 42 15 29 13 36 0 0.00 M M 7.1 16 310 M M 4 24 360
22 38 6 22 6 43 0 0.26 M M 9.6 35 310 M M 5 1289 57 310
23 7 -8 0 -16 65 0 0.05 M M 12.0 22 330 M M 9 8 36 350
24 30 -7 12 -4 53 0 0.00 M M 9.8 18 360 M M 0 25 340
25 41 2 22 6 43 0 0.00 M M 5.9 14 30 M M 0 17 70
26 44 8 26 10 39 0 0.01 M M 8.4 16 320 M M 2 1 24 260
27 22 6 14 -2 51 0 0.05 M M 7.1 20 300 M M 8 18 32 280
28 18 -2 8 -8 57 0 0.46 M M 4.9 17 190 M M 10 128 25 200
29 20 -12 4 -12 61 0 0.07 M M 7.0 20 300 M M 6 18 25 310
30 25 -10 8 -8 57 0 0.00 M M 7.0 14 60 M M 1 20 50
31 35 9 22 6 43 0 0.00 M M 6.4 15 350 M M 5 20 360
================================================================================
SM 955 48 1504 0 1.26 M 216.1 M 129
================================================================================
AV 30.8 1.5 7.0 FASTST M M 4 MAX(MPH)
MISC ----> 35 310 57 310
================================================================================
NOTES:
# LAST OF SEVERAL OCCURRENCES
COLUMN 17 PEAK WIND IN M.P.H.
PRELIMINARY LOCAL CLIMATOLOGICAL DATA (WS FORM: F-6) , PAGE 2
STATION: LEADVILLE CO
MONTH: DECEMBER
YEAR: 2020
LATITUDE: 39 15 N
LONGITUDE: 106 18 W
[TEMPERATURE DATA] [PRECIPITATION DATA] SYMBOLS USED IN COLUMN 16
AVERAGE MONTHLY: 16.2 TOTAL FOR MONTH: 1.26 1 = FOG OR MIST
DPTR FM NORMAL: -0.6 DPTR FM NORMAL: 0.51 2 = FOG REDUCING VISIBILITY
HIGHEST: 50 ON 8 GRTST 24HR 0.52 ON 28-29 TO 1/4 MILE OR LESS
LOWEST: -12 ON 29 3 = THUNDER
SNOW, ICE PELLETS, HAIL 4 = ICE PELLETS
TOTAL MONTH: M 5 = HAIL
GRTST 24HR M ON M 6 = FREEZING RAIN OR DRIZZLE
GRTST DEPTH: M ON M 7 = DUSTSTORM OR SANDSTORM:
VSBY 1/2 MILE OR LESS
8 = SMOKE OR HAZE
[NO. OF DAYS WITH] [WEATHER - DAYS WITH] 9 = BLOWING SNOW
X = TORNADO
MAX 32 OR BELOW: 18 0.01 INCH OR MORE: 13
MAX 90 OR ABOVE: 0 0.10 INCH OR MORE: 3
MIN 32 OR BELOW: 31 0.50 INCH OR MORE: 0
MIN 0 OR BELOW: 13 1.00 INCH OR MORE: 0
[HDD (BASE 65) ]
TOTAL THIS MO. 1504 CLEAR (SCALE 0-3) 12
DPTR FM NORMAL 8 PTCLDY (SCALE 4-7) 15
TOTAL FM JUL 1 4587 CLOUDY (SCALE 8-10) 4
DPTR FM NORMAL -319
[CDD (BASE 65) ]
TOTAL THIS MO. 0
DPTR FM NORMAL 0 [PRESSURE DATA]
TOTAL FM JAN 1 0 HIGHEST SLP 30.61 ON 24
DPTR FM NORMAL 0 LOWEST SLP 29.53 ON 22
[REMARKS]
#FINAL-12-20#