000
CXUS53 KGRR 011010
CF6BIV
PRELIMINARY LOCAL CLIMATOLOGICAL DATA (WS FORM: F-6)
STATION: HOLLAND
MONTH: FEBRUARY
YEAR: 2023
LATITUDE: 42 49 N
LONGITUDE: 86 10 W
TEMPERATURE IN F: :PCPN: SNOW: WIND :SUNSHINE: SKY :PK WND
================================================================================
1 2 3 4 5 6A 6B 7 8 9 10 11 12 13 14 15 16 17 18
12Z AVG MX 2MIN
DY MAX MIN AVG DEP HDD CDD WTR SNW DPTH SPD SPD DIR MIN PSBL S-S WX SPD DR
================================================================================
1 28 17 23 -2 42 0 0.00 M M 13.7 25 240 M M 5 34 230
2 34 19 27 2 38 0 T M M 16.2 28 250 M M 5 35 260
3 19 10 15 -10 50 0 0.01 M M 6.5 17 340 M M 10 26 340
4 40 13 27 2 38 0 0.00 M M 12.7 28 220 M M 3 39 220
5 39 31 35 9 30 0 T M M 14.8 28 220 M M 5 40 220
6 38 24 31 5 34 0 0.00 M M 9.1 21 160 M M 3 29 150
7 48 34 41 15 24 0 T M M 16.9 30 220 M M 8 43 210
8 43 27 35 9 30 0 0.00 M M 2.9 9 190 M M 0 1 13 270
9 46 36 41 15 24 0 0.97 M M 13.4 29 230 M M 10 1 41 220
10 37 25 31 5 34 0 0.03 M M 11.2 18 280 M M 9 28 280
11 43 21 32 6 33 0 0.00 M M 10.4 20 230 M M 0 27 230
12 46 31 39 12 26 0 0.00 M M 9.2 21 240 M M 0 28 240
13 44 30 37 10 28 0 0.00 M M 9.9 21 290 M M 2 30 290
14 56 28 42 15 23 0 0.01 M M 11.6 30 180 M M 3 44 180
15 54 38 46 19 19 0 0.37 M M 19.2 38 240 M M 10 1 53 230
16 38 24 31 4 34 0 0.72 M M 10.3 17 60 M M 10 126 30 70
17 27 19 23 -5 42 0 0.01 M M 8.0 20 230 M M 8 1 27 220
18 40 26 33 5 32 0 0.00 M M 16.5 29 250 M M 0 39 260
19 47 37 42 14 23 0 0.00 M M 15.1 28 230 M M 3 38 230
20 42 26 34 6 31 0 0.00 M M 4.2 14 330 M M 5 21 340
21 41 27 34 5 31 0 T M M 12.7 24 290 M M 8 38 280
22 M 28 M M M M 0.70 M M 14.1 22 80 M M 10 16 34 110
23 M M M M M M 0.01 M M 15.4 30 260 M M 10 68 41 280
24 M M M M M M 0.01 M M 6.7 17 320 M M 10 8 31 340
25 M M M M M M 0.01 M M 8.2 23 240 M M 8 30 240
26 M M M M M M 0.00 M M 9.2 23 250 M M 0 31 250
27 M M M M M M 1.16 M M 12.7 25 100 M M 8 8 38 100
28 42 M M M M M T M M 7.9 18 310 M M 7 8 29 320
================================================================================
SM 892 571 666 0 4.01 M 318.7 M 160
================================================================================
AV 40.5 26.0 11.4 FASTST M M 6 MAX(MPH)
MISC ----> 38 240 53 230
================================================================================
NOTES:
# LAST OF SEVERAL OCCURRENCES
COLUMN 17 PEAK WIND IN M.P.H.
PRELIMINARY LOCAL CLIMATOLOGICAL DATA (WS FORM: F-6) , PAGE 2
STATION: HOLLAND
MONTH: FEBRUARY
YEAR: 2023
LATITUDE: 42 49 N
LONGITUDE: 86 10 W
[TEMPERATURE DATA] [PRECIPITATION DATA] SYMBOLS USED IN COLUMN 16
AVERAGE MONTHLY: 33.3 TOTAL FOR MONTH: 4.01 1 = FOG OR MIST
DPTR FM NORMAL: 5.9 DPTR FM NORMAL: 2.24 2 = FOG REDUCING VISIBILITY
HIGHEST: 56 ON 14 GRTST 24HR 1.16 ON 27-27 TO 1/4 MILE OR LESS
LOWEST: 10 ON 3 3 = THUNDER
SNOW, ICE PELLETS, HAIL 4 = ICE PELLETS
TOTAL MONTH: M 5 = HAIL
GRTST 24HR M ON M 6 = FREEZING RAIN OR DRIZZLE
GRTST DEPTH: M ON M 7 = DUSTSTORM OR SANDSTORM:
VSBY 1/2 MILE OR LESS
8 = SMOKE OR HAZE
[NO. OF DAYS WITH] [WEATHER - DAYS WITH] 9 = BLOWING SNOW
X = TORNADO
MAX 32 OR BELOW: 3 0.01 INCH OR MORE: 12
MAX 90 OR ABOVE: 0 0.10 INCH OR MORE: 5
MIN 32 OR BELOW: 18 0.50 INCH OR MORE: 4
MIN 0 OR BELOW: 0 1.00 INCH OR MORE: 1
[HDD (BASE 65) ]
TOTAL THIS MO. 666 CLEAR (SCALE 0-3) 9
DPTR FM NORMAL -387 PTCLDY (SCALE 4-7) 11
TOTAL FM JUL 1 3784 CLOUDY (SCALE 8-10) 8
DPTR FM NORMAL -818
[CDD (BASE 65) ]
TOTAL THIS MO. 0
DPTR FM NORMAL 0 [PRESSURE DATA]
TOTAL FM JAN 1 0 HIGHEST SLP 30.66 ON 24
DPTR FM NORMAL 0 LOWEST SLP 29.18 ON 27
[REMARKS]
#FINAL-02-23#