000
CXUS53 KGRR 011010
CF6BIV
PRELIMINARY LOCAL CLIMATOLOGICAL DATA (WS FORM: F-6)
STATION: HOLLAND
MONTH: NOVEMBER
YEAR: 2021
LATITUDE: 42 49 N
LONGITUDE: 86 10 W
TEMPERATURE IN F: :PCPN: SNOW: WIND :SUNSHINE: SKY :PK WND
================================================================================
1 2 3 4 5 6A 6B 7 8 9 10 11 12 13 14 15 16 17 18
12Z AVG MX 2MIN
DY MAX MIN AVG DEP HDD CDD WTR SNW DPTH SPD SPD DIR MIN PSBL S-S WX SPD DR
================================================================================
1 48 42 45 -1 20 0 0.01 M M 11.4 24 280 M M 7 34 320
2 46 31 39 -6 26 0 T M M 8.2 18 310 M M 9 30 270
3 47 31 39 -6 26 0 0.03 M M 3.6 12 280 M M 8 1 17 300
4 47 36 42 -3 23 0 T M M 3.0 10 240 M M 10 16 250
5 52 34 43 -1 22 0 0.00 M M 8.4 21 220 M M 6 27 230
6 56 32 44 0 21 0 0.00 M M 9.1 21 210 M M 1 28 240
7 62 37 50 6 15 0 0.00 M M 6.9 17 240 M M 0 1 22 240
8 60 42 51 8 14 0 0.00 M M 6.9 22 240 M M 0 1 31 250
9 61 32 47 4 18 0 0.00 M M 4.0 13 80 M M 5 1 20 50
10 55 28 42 -1 23 0 0.03 M M 6.2 15 120 M M 2 21 100
11 59 46 53 11 12 0 0.26 M M 16.3 31 260 M M 6 1 43 260
12 48 34 41 -1 24 0 0.56 M M 13.5 28 220 M M 9 13 39 250
13 43 33 38 -4 27 0 0.27 M M 10.1 21 310 M M 10 1 31 310
14 42 33 38 -3 27 0 0.45 M M 10.2 22 240 M M 10 1 27 250
15 40 34 37 -4 28 0 0.03 M M 7.0 15 310 M M 10 1 26 320
16 47 30 39 -1 26 0 0.00 M M 9.0 20 140 M M 5 1 27 130
17 60 45 53 13 12 0 0.79 M M 12.5 26 230 M M 10 1 36 230
18 45 32 39 -1 26 0 0.10 M M 15.0 24 270 M M 10 18 37 300
19 41 32 37 -2 28 0 T M M 6.9 17 310 M M 7 25 290
20 45 31 38 -1 27 0 0.00 M M 9.2 17 230 M M 6 24 180
21 51 33 42 3 23 0 0.03 M M 12.5 31 290 M M 7 53 330
22 37 32 35 -3 30 0 0.00 M M 11.7 23 330 M M 6 37 330
23 43 22 33 -5 32 0 0.00 M M 6.6 16 190 M M 1 27 180
24 53 35 44 6 21 0 0.00 M M 13.3 23 190 M M 1 32 230
25 50 29 40 3 25 0 0.13 M M 7.1 17 350 M M 10 1 26 20
26 32 27 30 -7 35 0 0.02 M M 6.0 20 330 M M 10 1 29 330
27 34 25 30 -7 35 0 0.05 M M 8.0 14 140 M M 9 16 19 120
28 39 31 35 -1 30 0 0.04 M M 8.6 20 320 M M 9 1 35 340
29 42 27 35 -1 30 0 0.08 M M 6.6 18 240 M M 7 1 26 250
30 45 26 36 0 29 0 0.00 M M 7.0 22 290 M M 5 1 34 300
================================================================================
SM 1430 982 735 0 2.88 M 264.8 M 196
================================================================================
AV 47.7 32.7 8.8 FASTST M M 7 MAX(MPH)
MISC ----> # 31 260 53 330
================================================================================
NOTES:
# LAST OF SEVERAL OCCURRENCES
COLUMN 17 PEAK WIND IN M.P.H.
PRELIMINARY LOCAL CLIMATOLOGICAL DATA (WS FORM: F-6) , PAGE 2
STATION: HOLLAND
MONTH: NOVEMBER
YEAR: 2021
LATITUDE: 42 49 N
LONGITUDE: 86 10 W
[TEMPERATURE DATA] [PRECIPITATION DATA] SYMBOLS USED IN COLUMN 16
AVERAGE MONTHLY: 40.2 TOTAL FOR MONTH: 2.88 1 = FOG OR MIST
DPTR FM NORMAL: -0.5 DPTR FM NORMAL: -0.32 2 = FOG REDUCING VISIBILITY
HIGHEST: 62 ON 7 GRTST 24HR 0.79 ON 17-17 TO 1/4 MILE OR LESS
LOWEST: 22 ON 23 3 = THUNDER
SNOW, ICE PELLETS, HAIL 4 = ICE PELLETS
TOTAL MONTH: M 5 = HAIL
GRTST 24HR M ON M 6 = FREEZING RAIN OR DRIZZLE
GRTST DEPTH: M ON M 7 = DUSTSTORM OR SANDSTORM:
VSBY 1/2 MILE OR LESS
8 = SMOKE OR HAZE
[NO. OF DAYS WITH] [WEATHER - DAYS WITH] 9 = BLOWING SNOW
X = TORNADO
MAX 32 OR BELOW: 1 0.01 INCH OR MORE: 16
MAX 90 OR ABOVE: 0 0.10 INCH OR MORE: 7
MIN 32 OR BELOW: 17 0.50 INCH OR MORE: 2
MIN 0 OR BELOW: 0 1.00 INCH OR MORE: 0
[HDD (BASE 65) ]
TOTAL THIS MO. 735 CLEAR (SCALE 0-3) 6
DPTR FM NORMAL 6 PTCLDY (SCALE 4-7) 12
TOTAL FM JUL 1 1018 CLOUDY (SCALE 8-10) 12
DPTR FM NORMAL -278
[CDD (BASE 65) ]
TOTAL THIS MO. 0
DPTR FM NORMAL 0 [PRESSURE DATA]
TOTAL FM JAN 1 875 HIGHEST SLP 30.51 ON 19
DPTR FM NORMAL 244 LOWEST SLP 29.44 ON 11
[REMARKS]
#FINAL-11-21#