000
CXUS53 KGRR 011535
CF6BIV
PRELIMINARY LOCAL CLIMATOLOGICAL DATA (WS FORM: F-6)
STATION: HOLLAND
MONTH: JUNE
YEAR: 2020
LATITUDE: 42 49 N
LONGITUDE: 86 10 W
TEMPERATURE IN F: :PCPN: SNOW: WIND :SUNSHINE: SKY :PK WND
================================================================================
1 2 3 4 5 6A 6B 7 8 9 10 11 12 13 14 15 16 17 18
12Z AVG MX 2MIN
DY MAX MIN AVG DEP HDD CDD WTR SNW DPTH SPD SPD DIR MIN PSBL S-S WX SPD DR
================================================================================
1 75 45 60 -4 5 0 T M M 8.2 24 230 M M 4 34 220
2 86 65 76 12 0 11 0.46 M M 15.2 30 290 M M 2 13 45 310
3 78 60 69 4 0 4 0.11 M M 7.5 21 250 M M 1 13 32 320
4 80 62 71 6 0 6 0.00 M M 5.4 14 220 M M 0 1 17 220
5 82 58 70 5 0 5 T M M 5.2 24 280 M M 0 18 38 280
6 76 60 68 2 0 3 0.00 M M 7.2 18 320 M M 0 1 27 330
7 79 54 67 1 0 2 0.00 M M 4.4 12 100 M M 0 18 80
8 88 59 74 8 0 9 0.00 M M 8.0 16 140 M M 0 20 130
9 93 63 78 11 0 13 0.45 M M 12.8 29 170 M M 2 13 45 160
10 83 58 71 4 0 6 1.71 M M 18.4 48 250 M M 5 13 73 250
11 76 58 67 0 0 2 0.01 M M 12.4 24 230 M M 1 38 300
12 74 53 64 -4 1 0 0.04 M M 4.2 12 20 M M 3 18 20
13 69 50 60 -8 5 0 0.00 M M 8.6 15 100 M M 0 23 100
14 72 45 59 -9 6 0 0.00 M M 7.8 18 100 M M 0 27 110
15 77 47 62 -6 3 0 0.00 M M 4.2 13 90 M M 0 17 100
16 81 54 68 -1 0 3 0.00 M M 3.7 10 280 M M 0 16 320
17 84 60 72 3 0 7 0.00 M M 4.1 12 320 M M 2 16 280
18 86 59 73 4 0 8 0.00 M M 3.3 13 310 M M 0 19 290
19 89 60 75 5 0 10 0.00 M M 2.5 12 290 M M 0 15 290
20 90 66 78 8 0 13 0.00 M M 8.8 29 220 M M 3 3 38 220
21 78 63 71 1 0 6 T M M 6.1 15 250 M M 4 22 240
22 87 62 75 5 0 10 0.08 M M 5.7 17 260 M M 2 1 22 260
23 71 58 65 -5 0 0 0.01 M M 10.7 22 300 M M 10 37 300
24 74 54 64 -7 1 0 0.02 M M 6.4 15 270 M M 3 21 260
25 76 59 68 -3 0 3 T M M 4.9 14 250 M M 1 19 280
26 79 58 69 -2 0 4 1.36 M M 7.0 23 230 M M 3 13 32 220
27 81 67 74 3 0 9 0.00 M M 6.2 14 250 M M 5 1 20 280
28 87 62 75 4 0 10 0.00 M M 3.3 13 100 M M 1 1 16 90
29 89 66 78 6 0 13 T M M 5.4 14 300 M M 3 19 310
30 89 69 79 7 0 14 0.54 M M 7.4 16 150 M M 2 3 21 150
================================================================================
SM 2429 1754 21 171 4.79 M 215.0 M 57
================================================================================
AV 81.0 58.5 7.2 FASTST M M 2 MAX(MPH)
MISC ----> # 48 250 # 73 250
================================================================================
NOTES:
# LAST OF SEVERAL OCCURRENCES
COLUMN 17 PEAK WIND IN M.P.H.
PRELIMINARY LOCAL CLIMATOLOGICAL DATA (WS FORM: F-6) , PAGE 2
STATION: HOLLAND
MONTH: JUNE
YEAR: 2020
LATITUDE: 42 49 N
LONGITUDE: 86 10 W
[TEMPERATURE DATA] [PRECIPITATION DATA] SYMBOLS USED IN COLUMN 16
AVERAGE MONTHLY: 69.7 TOTAL FOR MONTH: 4.79 1 = FOG OR MIST
DPTR FM NORMAL: 1.4 DPTR FM NORMAL: 0.57 2 = FOG REDUCING VISIBILITY
HIGHEST: 93 ON 9 GRTST 24HR 1.71 ON 10-10 TO 1/4 MILE OR LESS
LOWEST: 45 ON 14, 1 3 = THUNDER
SNOW, ICE PELLETS, HAIL 4 = ICE PELLETS
TOTAL MONTH: M 5 = HAIL
GRTST 24HR M ON M 6 = FREEZING RAIN OR DRIZZLE
GRTST DEPTH: M ON M 7 = DUSTSTORM OR SANDSTORM:
VSBY 1/2 MILE OR LESS
8 = SMOKE OR HAZE
[NO. OF DAYS WITH] [WEATHER - DAYS WITH] 9 = BLOWING SNOW
X = TORNADO
MAX 32 OR BELOW: 0 0.01 INCH OR MORE: 11
MAX 90 OR ABOVE: 2 0.10 INCH OR MORE: 6
MIN 32 OR BELOW: 0 0.50 INCH OR MORE: 3
MIN 0 OR BELOW: 0 1.00 INCH OR MORE: 2
[HDD (BASE 65) ]
TOTAL THIS MO. 21 CLEAR (SCALE 0-3) 24
DPTR FM NORMAL -27 PTCLDY (SCALE 4-7) 5
TOTAL FM JUL 1 6051 CLOUDY (SCALE 8-10) 1
DPTR FM NORMAL -109
[CDD (BASE 65) ]
TOTAL THIS MO. 171
DPTR FM NORMAL 25 [PRESSURE DATA]
TOTAL FM JAN 1 216 HIGHEST SLP 30.43 ON 15
DPTR FM NORMAL 28 LOWEST SLP 29.45 ON 10
[REMARKS]
#FINAL-06-20#