000
CXUS53 KARX 011326
CF6FKA
PRELIMINARY LOCAL CLIMATOLOGICAL DATA (WS FORM: F-6)
STATION: PRESTON MN
MONTH: JANUARY
YEAR: 2023
LATITUDE: 43 40 N
LONGITUDE: 92 11 W
TEMPERATURE IN F: :PCPN: SNOW: WIND :SUNSHINE: SKY :PK WND
================================================================================
1 2 3 4 5 6A 6B 7 8 9 10 11 12 13 14 15 16 17 18
12Z AVG MX 2MIN
DY MAX MIN AVG DEP HDD CDD WTR SNW DPTH SPD SPD DIR MIN PSBL S-S WX SPD DR
================================================================================
1 37 24 31 M 34 0 0.00 0.0 M 5.9 10 270 M M 2 1 M M
2 28 19 24 M 41 0 M M M 5.4 12 40 M M 3 16 M M
3 33 28 31 M 34 0 M M M 8.8 15 80 M M 10 1 18 90
4 33 29 31 M 34 0 M M M 2.6 6 180 M M 10 1 M M
5 31 16 24 M 41 0 M M M 9.3 16 330 M M 10 1 21 330
6 17 1 9 M 56 0 M M M 3.1 8 300 M M 6 1 M M
7 20 -1 10 M 55 0 0.00 0.0 M 2.8 8 200 M M 0 1 M M
8 18 7 13 M 52 0 0.00 0.0 M 7.4 12 190 M M 5 12 M M
9 37 14 26 M 39 0 0.00 0.0 M 7.1 13 270 M M 0 1 18 170
10 26 14 20 M 45 0 0.00 0.0 M 3.7 9 310 M M 7 1 M M
11 35 24 30 M 35 0 M M M 4.3 10 340 M M 4 128 M M
12 30 21 26 M 39 0 0.00 0.0 M 11.5 15 350 M M 10 12 21 340
13 21 17 19 M 46 0 0.00 0.0 M 7.6 14 350 M M 10 1 21 360
14 29 16 23 M 42 0 0.00 0.0 M 11.5 17 170 M M 5 1 23 170
15 38 27 33 M 32 0 0.00 0.0 M 11.7 15 160 M M 1 27 170
16 36 32 34 M 31 0 M 0.0 M 7.7 13 140 M M 10 12 M M
17 33 27 30 M 35 0 0.00 0.0 M 12.7 16 300 M M 10 1 22 300
18 31 26 29 M 36 0 M M M 7.5 15 50 M M 10 1 21 60
19 31 27 29 M 36 0 M M M 10.8 15 340 M M 10 1 22 340
20 26 17 22 M 43 0 0.00 0.0 M 10.2 16 340 M M 10 12 22 320
21 25 14 20 M 45 0 0.00 0.0 M 2.8 7 240 M M 10 12 M M
22 25 13 19 M 46 0 0.00 0.0 M 1.1 5 10 M M 10 12 M M
23 30 9 20 M 45 0 0.00 0.0 M 5.9 16 240 M M 8 1 22 240
24 28 11 20 M 45 0 0.00 0.0 M 6.4 12 180 M M 5 1 M M
25 28 18 23 M 42 0 M M M 6.7 15 300 M M 10 12 18 330
26 18 6 12 M 53 0 0.00 0.0 M 11.3 16 190 M M 4 21 320
27 31 7 19 M 46 0 M M M 17.1 24 290 M M 5 18 38 290
28 10 4 7 M 58 0 0.00 0.0 M 9.2 16 360 M M 3 8 25 360
29 5 -3 1 M 64 0 0.00 0.0 M 11.2 14 360 M M 2 21 350
30 3 -12 -4 M 69 0 0.00 0.0 M 8.1 13 300 M M 0 M M
31 8 -15 -3 M 68 0 0.00 0.0 M 11.2 17 220 M M 0 8 24 220
================================================================================
SM 801 437 1387 0 0.00 0.0 242.6 M 190
================================================================================
AV 25.8 14.1 7.8 FASTST M M 6 MAX(MPH)
MISC ----> 24 290 38 290
================================================================================
NOTES:
# LAST OF SEVERAL OCCURRENCES
COLUMN 17 PEAK WIND IN M.P.H.
PRELIMINARY LOCAL CLIMATOLOGICAL DATA (WS FORM: F-6) , PAGE 2
STATION: PRESTON MN
MONTH: JANUARY
YEAR: 2023
LATITUDE: 43 40 N
LONGITUDE: 92 11 W
[TEMPERATURE DATA] [PRECIPITATION DATA] SYMBOLS USED IN COLUMN 16
AVERAGE MONTHLY: 20.0 TOTAL FOR MONTH: 0.00 1 = FOG OR MIST
DPTR FM NORMAL: 0.0 DPTR FM NORMAL: M 2 = FOG REDUCING VISIBILITY
HIGHEST: 38 ON 15 GRTST 24HR 0.96 ON 2- 3 TO 1/4 MILE OR LESS
LOWEST: -15 ON 31 3 = THUNDER
SNOW, ICE PELLETS, HAIL 4 = ICE PELLETS
TOTAL MONTH: 0.0 INCH 5 = HAIL
GRTST 24HR 0.0 6 = FREEZING RAIN OR DRIZZLE
GRTST DEPTH: M ON M 7 = DUSTSTORM OR SANDSTORM:
VSBY 1/2 MILE OR LESS
8 = SMOKE OR HAZE
[NO. OF DAYS WITH] [WEATHER - DAYS WITH] 9 = BLOWING SNOW
X = TORNADO
MAX 32 OR BELOW: 23 0.01 INCH OR MORE: 0
MAX 90 OR ABOVE: 0 0.10 INCH OR MORE: 0
MIN 32 OR BELOW: 31 0.50 INCH OR MORE: 0
MIN 0 OR BELOW: 4 1.00 INCH OR MORE: 0
[HDD (BASE 65) ]
TOTAL THIS MO. 1387 CLEAR (SCALE 0-3) 8
DPTR FM NORMAL M PTCLDY (SCALE 4-7) 10
TOTAL FM JUL 1 4431 CLOUDY (SCALE 8-10) 13
DPTR FM NORMAL M
[CDD (BASE 65) ]
TOTAL THIS MO. 0
DPTR FM NORMAL M [PRESSURE DATA]
TOTAL FM JAN 1 0 HIGHEST SLP M ON M
DPTR FM NORMAL M LOWEST SLP M ON M
[REMARKS]
#FINAL-01-23#