000
CXUS55 KGGW 010910
CF6JDN
PRELIMINARY LOCAL CLIMATOLOGICAL DATA (WS FORM: F-6)
STATION: JORDAN ASOS MT
MONTH: DECEMBER
YEAR: 2023
LATITUDE: 47 19 N
LONGITUDE: 106 50 W
TEMPERATURE IN F: :PCPN: SNOW: WIND :SUNSHINE: SKY :PK WND
================================================================================
1 2 3 4 5 6A 6B 7 8 9 10 11 12 13 14 15 16 17 18
12Z AVG MX 2MIN
DY MAX MIN AVG DEP HDD CDD WTR SNW DPTH SPD SPD DIR MIN PSBL S-S WX SPD DR
================================================================================
1 41 13 27 2 38 0 0.00 M M 2.4 14 210 M M 0 19 200
2 47 18 33 8 32 0 0.00 M M 8.4 24 250 M M 0 35 250
3 45 24 35 10 30 0 0.00 M M 11.6 28 300 M M 0 38 290
4 48 22 35 11 30 0 0.00 M M 12.1 32 310 M M 0 43 300
5 61 22 42 18 23 0 0.00 M M 5.0 15 260 M M 0 20 220
6 64 32 48 24 17 0 0.00 M M 2.2 14 230 M M 0 17 230
7 51 34 43 19 22 0 0.00 M M 11.8 25 300 M M 0 34 300
8 38 25 32 9 33 0 0.04 M M 12.2 24 320 M M 0 32 330
9 37 19 28 5 37 0 0.02 M M 6.2 18 290 M M 0 22 280
10 47 25 36 14 29 0 0.00 M M 6.1 14 270 M M 0 17 270
11 37 23 30 8 35 0 0.00 M M 7.1 21 350 M M 0 25 360
12 43 20 32 10 33 0 0.00 M M 5.5 16 290 M M 0 19 300
13 53 22 38 16 27 0 0.00 M M 7.3 18 200 M M 0 26 190
14 51 19 35 14 30 0 0.00 M M 6.8 15 340 M M 0 18 330
15 40 15 28 7 37 0 0.00 M M 4.5 12 310 M M 0 15 330
16 55 13 34 13 31 0 0.00 M M 5.7 21 270 M M 0 27 260
17 40 15 28 7 37 0 0.00 M M 7.2 22 330 M M 0 30 320
18 51 16 34 14 31 0 0.00 M M 2.3 13 170 M M 0 17 170
19 49 24 37 17 28 0 0.00 M M 2.8 12 180 M M 0 12 180
20 61 21 41 21 24 0 0.00 M M 1.7 9 250 M M 0 12 250
21 56 24 40 20 25 0 0.00 M M 5.4 16 270 M M 0 21 300
22 57 21 39 19 26 0 0.00 M M 3.1 12 210 M M 0 15 210
23 42 20 31 12 34 0 0.01 M M 13.1 35 310 M M 0 44 320
24 36 7 22 3 43 0 0.00 M M 5.8 12 260 M M 0 15 260
25 39 2 21 2 44 0 0.00 M M 1.9 9 270 M M 0 10 280
26 47 9 28 9 37 0 0.00 M M 2.7 10 110 M M 0 12 100
27 48 12 30 11 35 0 0.00 M M 2.9 10 260 M M 0 14 260
28 53 9 31 13 34 0 0.00 M M 4.5 17 270 M M 0 21 270
29 46 16 31 13 34 0 0.00 M M 6.4 13 270 M M 0 16 270
30 38 12 25 7 40 0 0.00 M M 4.6 12 80 M M 0 M M
31 44 12 28 10 37 0 0.00 M M 5.9 12 170 M M 0 15 170
================================================================================
SM 1465 566 993 0 0.07 M 185.2 M 0
================================================================================
AV 47.3 18.3 6.0 FASTST M M 0 MAX(MPH)
MISC ----> 35 310 44 320
================================================================================
NOTES:
# LAST OF SEVERAL OCCURRENCES
COLUMN 17 PEAK WIND IN M.P.H.
PRELIMINARY LOCAL CLIMATOLOGICAL DATA (WS FORM: F-6) , PAGE 2
STATION: JORDAN ASOS MT
MONTH: DECEMBER
YEAR: 2023
LATITUDE: 47 19 N
LONGITUDE: 106 50 W
[TEMPERATURE DATA] [PRECIPITATION DATA] SYMBOLS USED IN COLUMN 16
AVERAGE MONTHLY: 32.8 TOTAL FOR MONTH: 0.07 1 = FOG OR MIST
DPTR FM NORMAL: 11.6 DPTR FM NORMAL: -0.30 2 = FOG REDUCING VISIBILITY
HIGHEST: 64 ON 6 GRTST 24HR 0.04 ON 8- 8 TO 1/4 MILE OR LESS
LOWEST: 2 ON 25 3 = THUNDER
SNOW, ICE PELLETS, HAIL 4 = ICE PELLETS
TOTAL MONTH: M 5 = HAIL
GRTST 24HR M ON M 6 = FREEZING RAIN OR DRIZZLE
GRTST DEPTH: M ON M 7 = DUSTSTORM OR SANDSTORM:
VSBY 1/2 MILE OR LESS
8 = SMOKE OR HAZE
[NO. OF DAYS WITH] [WEATHER - DAYS WITH] 9 = BLOWING SNOW
X = TORNADO
MAX 32 OR BELOW: 0 0.01 INCH OR MORE: 3
MAX 90 OR ABOVE: 0 0.10 INCH OR MORE: 0
MIN 32 OR BELOW: 30 0.50 INCH OR MORE: 0
MIN 0 OR BELOW: 0 1.00 INCH OR MORE: 0
[HDD (BASE 65) ]
TOTAL THIS MO. 993 CLEAR (SCALE 0-3) 31
DPTR FM NORMAL -365 PTCLDY (SCALE 4-7) 0
TOTAL FM JUL 1 2618 CLOUDY (SCALE 8-10) 0
DPTR FM NORMAL -679
[CDD (BASE 65) ]
TOTAL THIS MO. 0
DPTR FM NORMAL 0 [PRESSURE DATA]
TOTAL FM JAN 1 654 HIGHEST SLP M ON M
DPTR FM NORMAL 163 LOWEST SLP 29.43 ON 7
[REMARKS]
#FINAL-12-23#