000
CXUS52 KMFL 291000
CF6FXE
PRELIMINARY LOCAL CLIMATOLOGICAL DATA (WS FORM: F-6)

                                          STATION:   FORT LAUDERDALE EXEC ARPT
                                          MONTH:     JUNE
                                          YEAR:      2015
                                          LATITUDE:   26 12 N
                                          LONGITUDE:  80 11 W

  TEMPERATURE IN F:       :PCPN:    SNOW:  WIND      :SUNSHINE: SKY     :PK WND
================================================================================
1   2   3   4   5  6A  6B    7    8   9   10  11  12  13   14  15   16   17  18
                                     12Z  AVG MX 2MIN
DY MAX MIN AVG DEP HDD CDD  WTR  SNW DPTH SPD SPD DIR MIN PSBL S-S WX    SPD DR
================================================================================

 1  88  74  81   0   0  16 0.00  0.0    0  6.9 18 110   M    M   4        23 100
 2  86  70  78  -3   0  13 0.84  0.0    0  6.1 21 150   M    M   6 1      25 150
 3  84  69  77  -4   0  12    T  0.0    0  6.8 17  80   M    M   7        21  80
 4  88  69  79  -2   0  14 0.00  0.0    0  5.3 14  80   M    M   4        18 100
 5  87  72  80  -1   0  15 0.00  0.0    0  6.9 18  70   M    M   3        23  80
 6  86  72  79  -2   0  14    T  0.0    0  4.6 15  70   M    M   3 1      19  70
 7  87  70  79  -2   0  14 0.00  0.0    0  7.2 17  80   M    M   3        21  90
 8  88  73  81  -1   0  16 0.00  0.0    0  7.2 20  90   M    M   3 X      22  80
 9  89  73  81  -1   0  16 0.04  0.0    0  5.4 21 110   M    M   3 38     27 100
10  90  71  81  -1   0  16 0.03  0.0    0  6.9 20 170   M    M   4 13     24 170
11  89  69  79  -3   0  14 0.07  0.0    0 10.3 20 110   M    M   3 13     24  90
12  89  81  85   3   0  20 0.00  0.0    0 12.7 22  90   M    M   4        26  90
13  89  81  85   3   0  20 0.00  0.0    0 15.0 20  80   M    M   4        27  90
14  88  80  84   2   0  19 0.00  0.0    0 13.8 20  80   M    M   4        25 100
15  89  80  85   3   0  20 0.15  0.0    0 11.8 21 100   M    M   3        25 100
16  90  77  84   2   0  19 0.00  0.0    0  8.6 13 100   M    M   2         M  M
17  90  79  85   3   0  20 0.00  0.0    0  8.8 16 110   M    M   3        24 100
18  91  80  86   4   0  21 0.00  0.0    0  8.5 16 110   M    M   2        21 120
19  92  79  86   4   0  21 0.04  0.0    0  7.1 15 110   M    M   2 1      22 120
20  93  79  86   4   0  21 0.00  0.0    0  7.4 15 110   M    M   2        20  90
21  92  79  86   4   0  21 0.00  0.0    0  7.6 17  80   M    M   2        26  90
22  92  80  86   4   0  21 0.00  0.0    0  8.7 16 100   M    M   2        23  70
23  93  82  88   6   0  23 0.00  0.0    0 10.1 20 120   M    M   3        24 100
24  92  82  87   5   0  22 0.00  0.0    0  9.3 16 120   M    M   3        23 120
25  93  79  86   4   0  21 0.05  0.0    0  6.4 18 120   M    M   2        23 110
26  92  76  84   2   0  19 0.41  0.0    0  4.3 21 230   M    M   2 138    27 240
27  90  77  84   2   0  19 0.01  0.0    0  5.0 18 190   M    M   2 3      23 190
28  93  79  86   4   0  21    T  0.0    0  6.6 16 250   M    M   4        22 140
================================================================================
SM 2510 2132         0 508  1.64     0.0 225.3          M       89
================================================================================
AV 89.6 76.1                               8.0 FASTST   M    M   3    MAX(MPH)
                                 MISC ---->  # 22  90               # 27  100
================================================================================
NOTES:
# LAST OF SEVERAL OCCURRENCES

COLUMN 17 PEAK WIND IN M.P.H.

PRELIMINARY LOCAL CLIMATOLOGICAL DATA (WS FORM: F-6) , PAGE 2

                                          STATION:  FORT LAUDERDALE EXEC ARPT
                                          MONTH:    JUNE
                                          YEAR:     2015
                                          LATITUDE:   26 12 N
                                          LONGITUDE:  80 11 W

[TEMPERATURE DATA]      [PRECIPITATION DATA]       SYMBOLS USED IN COLUMN 16

AVERAGE MONTHLY: 82.9   TOTAL FOR MONTH:   1.64    1 = FOG OR MIST
DPTR FM NORMAL:   1.1   DPTR FM NORMAL:   -6.01    2 = FOG REDUCING VISIBILITY
HIGHEST:    93 ON 28,25 GRTST 24HR  0.84 ON  2- 2      TO 1/4 MILE OR LESS
LOWEST:     69 ON 11, 4                            3 = THUNDER
                        SNOW, ICE PELLETS, HAIL    4 = ICE PELLETS
                        TOTAL MONTH:   0.0 INCH    5 = HAIL
                        GRTST 24HR     0.0         6 = FREEZING RAIN OR DRIZZLE
                        GRTST DEPTH:   0           7 = DUSTSTORM OR SANDSTORM:
                                                       VSBY 1/2 MILE OR LESS
                                                   8 = SMOKE OR HAZE
[NO. OF DAYS WITH]      [WEATHER - DAYS WITH]      9 = BLOWING SNOW
                                                   X = TORNADO
MAX 32 OR BELOW:   0    0.01 INCH OR MORE:   9
MAX 90 OR ABOVE:  14    0.10 INCH OR MORE:   3
MIN 32 OR BELOW:   0    0.50 INCH OR MORE:   1
MIN  0 OR BELOW:   0    1.00 INCH OR MORE:   0

[HDD (BASE 65) ]
TOTAL THIS MO.     0    CLEAR  (SCALE 0-3)  16
DPTR FM NORMAL     0    PTCLDY (SCALE 4-7)  12
TOTAL FM JUL 1   106    CLOUDY (SCALE 8-10)  0
DPTR FM NORMAL   -64

[CDD (BASE 65) ]
TOTAL THIS MO.   508
DPTR FM NORMAL    40    [PRESSURE DATA]
TOTAL FM JAN 1  2099    HIGHEST SLP M ON M
DPTR FM NORMAL   442    LOWEST  SLP 29.87 ON  3

[REMARKS]
