952
CDUS43 KEAX 130642
CLIMCI

CLIMATE REPORT
NATIONAL WEATHER SERVICE KANSAS CITY/PLEASANT HILL MO
1241 AM CST TUE FEB 13 2018


...................................

...THE KANSAS CITY INTERNATIONAL MO CLIMATE SUMMARY FOR FEBRUARY 12 2018...

CLIMATE NORMAL PERIOD 1981 TO 2010
CLIMATE RECORD PERIOD 1888 TO 2018


WEATHER ITEM   OBSERVED TIME   RECORD YEAR NORMAL DEPARTURE LAST
                VALUE   (LST)  VALUE       VALUE  FROM      YEAR
                                                  NORMAL
..................................................................
TEMPERATURE (F)
 YESTERDAY
  MAXIMUM         36    358 PM  72    1961  42     -6       52
  MINIMUM         11    500 AM -22    1899  23    -12       33
  AVERAGE         24                        32     -8       43

PRECIPITATION (IN)
  YESTERDAY        0.00          0.80 1894   0.05  -0.05     0.00
  MONTH TO DATE    0.09                      0.59  -0.50      T
  SINCE DEC 1      1.41                      3.19  -1.78     2.58
  SINCE JAN 1      1.22                      1.66  -0.44     1.39

SNOWFALL (IN)
  YESTERDAY        0.0           8.7  1894   0.2   -0.2      0.0
  MONTH TO DATE    0.5                       2.5   -2.0      0.0
  SINCE DEC 1      5.4                      11.9   -6.5      4.5
  SINCE JUL 1      5.4                      13.3   -7.9      4.5
  SNOW DEPTH       0

DEGREE DAYS
 HEATING
  YESTERDAY       41                        33      8       22
  MONTH TO DATE  498                       408     90      344
  SINCE DEC 1   2635                      2570     65     2422
  SINCE JUL 1   3515                      3572    -57     3006

 COOLING
  YESTERDAY        0                         0      0        0
  MONTH TO DATE    0                         0      0        0
  SINCE DEC 1      0                         0      0        0
  SINCE JAN 1      0                         0      0        0
..................................................................


WIND (MPH)
  HIGHEST WIND SPEED    21   HIGHEST WIND DIRECTION     E (100)
  HIGHEST GUST SPEED    27   HIGHEST GUST DIRECTION     E (110)
  AVERAGE WIND SPEED    10.2


SKY COVER
  POSSIBLE SUNSHINE  MM
  AVERAGE SKY COVER 0.4


WEATHER CONDITIONS
 THE FOLLOWING WEATHER WAS RECORDED YESTERDAY.
  NO SIGNIFICANT WEATHER WAS OBSERVED.


RELATIVE HUMIDITY (PERCENT)
 HIGHEST    84           400 AM
 LOWEST     29           300 PM
 AVERAGE    57

..........................................................


THE KANSAS CITY INTERNATIONAL MO CLIMATE NORMALS FOR TODAY
                         NORMAL    RECORD    YEAR
 MAXIMUM TEMPERATURE (F)   43        71      1967
 MINIMUM TEMPERATURE (F)   23       -21      1905


SUNRISE AND SUNSET
FEBRUARY 13 2018......SUNRISE   713 AM CST   SUNSET   554 PM CST
FEBRUARY 14 2018......SUNRISE   712 AM CST   SUNSET   555 PM CST


-  INDICATES NEGATIVE NUMBERS.
R  INDICATES RECORD WAS SET OR TIED.
MM INDICATES DATA IS MISSING.
T  INDICATES TRACE AMOUNT.


&&

...MISCELLANEOUS CLIMATE DATA FROM YESTERDAY...

LOCATION                HIGH    LOW      PRECIP
ST. JOSEPH               35       7       0.00
DOWNTOWN KANSAS CITY     38      18       0.00
OLATHE NEW CENTURY       37      14       0.00
OLATHE JO CO EXEC        36      12       0.00
LEES SUMMIT              36      13       0.00
KIRKSVILLE               27       5       0.00
CHILLICOTHE              35       6       0.00
SEDALIA                  36      13       0.00
NWS PLEASANT HILL MO     38      14       0.00


THIS PRODUCT...ALONG WITH OTHER WEATHER...HYDROLOGICAL AND CLIMATE
INFORMATION...IS AVAILABLE ON THE WEB AT HTTP://WWW.WEATHER.GOV/EAX
OR AT HTTP://WEATHER.GOV

$$
