000
CDUS43 KEAX 182125
CLIMCI

CLIMATE REPORT
NATIONAL WEATHER SERVICE KANSAS CITY/PLEASANT HILL MO
424 PM CDT SAT MAR 18 2017


...................................

...THE KANSAS CITY INTERNATIONAL MO CLIMATE SUMMARY FOR MARCH 18 2017...
VALID AS OF 0400 PM LOCAL TIME.

CLIMATE NORMAL PERIOD 1981 TO 2010
CLIMATE RECORD PERIOD 1888 TO 2017


WEATHER ITEM   OBSERVED TIME   RECORD YEAR NORMAL DEPARTURE LAST
                VALUE   (LST)  VALUE       VALUE  FROM      YEAR
                                                  NORMAL
..................................................................
TEMPERATURE (F)
 TODAY
  MAXIMUM         64    259 PM  85    1921  56      8       53
  MINIMUM         36    622 AM   0    1923  34      2       32
  AVERAGE         50                        45      5       43

PRECIPITATION (IN)
  TODAY            0.00          1.98 1992   0.08  -0.08      T
  MONTH TO DATE    0.42                      1.24  -0.82     1.14
  SINCE MAR 1      0.42                      1.24  -0.82     1.14
  SINCE JAN 1      1.87                      3.77  -1.90     2.30

SNOWFALL (IN)
  TODAY            0.0           6.0  1906   0.1   -0.1      0.0
  MONTH TO DATE    0.4                       1.4   -1.0      0.0
  SINCE MAR 1      0.4                       1.4   -1.0      0.0
  SINCE JUL 1      4.9                      17.6  -12.7      5.3
  SNOW DEPTH       0

DEGREE DAYS
 HEATING
  TODAY           15                        20     -5       22
  MONTH TO DATE  381                       417    -36      238
  SINCE MAR 1    381                       417    -36      238
  SINCE JUL 1   3635                      4462   -827     3595

 COOLING
  TODAY            0                         0      0        0
  MONTH TO DATE    0                         0      0        2
  SINCE MAR 1      0                         0      0        2
  SINCE JAN 1      0                         0      0        2
..................................................................


WIND (MPH)
  HIGHEST WIND SPEED    14   HIGHEST WIND DIRECTION     N (10)
  HIGHEST GUST SPEED    18   HIGHEST GUST DIRECTION     N (20)
  AVERAGE WIND SPEED     7.7


SKY COVER
  POSSIBLE SUNSHINE  MM
  AVERAGE SKY COVER 0.4


WEATHER CONDITIONS
 THE FOLLOWING WEATHER WAS RECORDED TODAY.
  NO SIGNIFICANT WEATHER WAS OBSERVED.


RELATIVE HUMIDITY (PERCENT)
 HIGHEST    70           200 AM
 LOWEST     13           300 PM
 AVERAGE    42

..........................................................


THE KANSAS CITY INTERNATIONAL MO CLIMATE NORMALS FOR TOMORROW
                         NORMAL    RECORD    YEAR
 MAXIMUM TEMPERATURE (F)   57        81      1995
                                             1907
 MINIMUM TEMPERATURE (F)   34         3      1923


SUNRISE AND SUNSET
MARCH 18 2017.........SUNRISE   725 AM CDT   SUNSET   729 PM CDT
MARCH 19 2017.........SUNRISE   723 AM CDT   SUNSET   730 PM CDT


-  INDICATES NEGATIVE NUMBERS.
R  INDICATES RECORD WAS SET OR TIED.
MM INDICATES DATA IS MISSING.
T  INDICATES TRACE AMOUNT.


&&

...MISCELLANEOUS CLIMATE DATA FROM TODAY...

LOCATION                HIGH    LOW      PRECIP
ST. JOSEPH               62      34       0.00
DOWNTOWN KANSAS CITY     65      41       0.00
OLATHE NEW CENTURY       64      33       0.00
OLATHE JO CO EXEC        63      40       0.00
LEES SUMMIT              64      39       0.00
KIRKSVILLE               59      33       0.00
CHILLICOTHE              63      35       0.00
SEDALIA                  63      37       0.00
NWS PLEASANT HILL MO     65      39       0.00


THIS PRODUCT...ALONG WITH OTHER WEATHER...HYDROLOGICAL AND CLIMATE
INFORMATION...IS AVAILABLE ON THE WEB AT HTTP://WWW.WEATHER.GOV/EAX
OR AT HTTP://WEATHER.GOV

$$

JW
