000
CDUS43 KEAX 080031
CLIMCI

CLIMATE REPORT
NATIONAL WEATHER SERVICE KANSAS CITY/PLEASANT HILL MO
631 PM CST TUE FEB 7 2017


...................................

...THE KANSAS CITY INTERNATIONAL MO CLIMATE SUMMARY FOR FEBRUARY 7 2017...
VALID TODAY AS OF 0600 PM LOCAL TIME.

CLIMATE NORMAL PERIOD 1981 TO 2010
CLIMATE RECORD PERIOD 1888 TO 2017


WEATHER ITEM   OBSERVED TIME   RECORD YEAR NORMAL DEPARTURE LAST
                VALUE   (LST)  VALUE       VALUE  FROM      YEAR
                                                  NORMAL
..................................................................
TEMPERATURE (F)
 TODAY
  MAXIMUM         51   1227 AM  69    2009  41     10       52
  MINIMUM         31    559 PM -12    1895  22      9       36
  AVERAGE         41                        31     10       44

PRECIPITATION (IN)
  TODAY            0.00          0.47 1935   0.05  -0.05      T
  MONTH TO DATE    T                         0.32  -0.32     0.40
  SINCE DEC 1      2.58                      2.92  -0.34     4.40
  SINCE JAN 1      1.39                      1.39   0.00     1.16

SNOWFALL (IN)
  TODAY            0.0           2.7  1933   0.3   -0.3      0.0
  MONTH TO DATE    0.0                       1.5   -1.5      0.0
  SINCE DEC 1      4.5                      10.9   -6.4      5.3
  SINCE JUL 1      4.5                      12.3   -7.8      5.3
  SNOW DEPTH       0

DEGREE DAYS
 HEATING
  TODAY           24                        34    -10       21
  MONTH TO DATE  213                       242    -29      198
  SINCE DEC 1   2291                      2404   -113     2065
  SINCE JUL 1   2875                      3406   -531     2812

 COOLING
  TODAY            0                         0      0        0
  MONTH TO DATE    0                         0      0        0
  SINCE DEC 1      0                         0      0        0
  SINCE JAN 1      0                         0      0        0
..................................................................


WIND (MPH)
  HIGHEST WIND SPEED    20   HIGHEST WIND DIRECTION    NW (320)
  HIGHEST GUST SPEED    26   HIGHEST GUST DIRECTION    NW (320)
  AVERAGE WIND SPEED    11.5


SKY COVER
  POSSIBLE SUNSHINE  MM
  AVERAGE SKY COVER 0.9


WEATHER CONDITIONS
 THE FOLLOWING WEATHER WAS RECORDED TODAY.
  FOG
  FOG W/VISIBILITY <= 1/4 MILE
  HAZE


RELATIVE HUMIDITY (PERCENT)
 HIGHEST    93          1200 AM
 LOWEST     59           400 PM
 AVERAGE    76

..........................................................


THE KANSAS CITY INTERNATIONAL MO CLIMATE NORMALS FOR TOMORROW
                         NORMAL    RECORD    YEAR
 MAXIMUM TEMPERATURE (F)   41        68      1938
 MINIMUM TEMPERATURE (F)   22       -13      1933
                                             1899


SUNRISE AND SUNSET
FEBRUARY  7 2017......SUNRISE   720 AM CST   SUNSET   547 PM CST
FEBRUARY  8 2017......SUNRISE   719 AM CST   SUNSET   548 PM CST


-  INDICATES NEGATIVE NUMBERS.
R  INDICATES RECORD WAS SET OR TIED.
MM INDICATES DATA IS MISSING.
T  INDICATES TRACE AMOUNT.


&&

...MISCELLANEOUS CLIMATE DATA FROM TODAY...

LOCATION                HIGH    LOW      PRECIP
ST. JOSEPH               50      31       0.00
DOWNTOWN KANSAS CITY     55      35       0.00
OLATHE NEW CENTURY       50      34       0.00
OLATHE JO CO EXEC        50      36       0.00
LEES SUMMIT              56      34       0.00
KIRKSVILLE               55      33       0.00
CHILLICOTHE              52      32       0.00
SEDALIA                  64      39       0.00
NWS PLEASANT HILL MO     54      34       0.00


THIS PRODUCT...ALONG WITH OTHER WEATHER...HYDROLOGICAL AND CLIMATE
INFORMATION...IS AVAILABLE ON THE WEB AT HTTP://WWW.WEATHER.GOV/EAX
OR AT HTTP://WEATHER.GOV

$$
