496
CDUS43 KEAX 200035
CLIMCI

CLIMATE REPORT
NATIONAL WEATHER SERVICE KANSAS CITY/PLEASANT HILL MO
734 PM CDT FRI MAY 19 2017


...................................

...THE KANSAS CITY INTERNATIONAL MO CLIMATE SUMMARY FOR MAY 19 2017...
VALID TODAY AS OF 0700 PM LOCAL TIME.

CLIMATE NORMAL PERIOD 1981 TO 2010
CLIMATE RECORD PERIOD 1888 TO 2017


WEATHER ITEM   OBSERVED TIME   RECORD YEAR NORMAL DEPARTURE LAST
                VALUE   (LST)  VALUE       VALUE  FROM      YEAR
                                                  NORMAL
..................................................................
TEMPERATURE (F)
 TODAY
  MAXIMUM         69    948 AM  95    2006  76     -7       68
  MINIMUM         59    440 AM  39    1894  55      4       47
  AVERAGE         64                        65     -1       58

PRECIPITATION (IN)
  TODAY            0.58          2.35 1915   0.17   0.41     0.01
  MONTH TO DATE    4.54                      3.20   1.34     3.57
  SINCE MAR 1     13.99                      9.27   4.72    13.44
  SINCE JAN 1     15.44                     11.80   3.64    14.60

SNOWFALL (IN)
  TODAY            0.0           0.0    MM   0.0    0.0      0.0
  MONTH TO DATE    0.0                       0.0    0.0      0.0
  SINCE MAR 1      0.4                       2.6   -2.2      0.6
  SINCE JUL 1      4.9                      18.8  -13.9      5.9
  SNOW DEPTH       0

DEGREE DAYS
 HEATING
  TODAY            1                         3     -2        7
  MONTH TO DATE   67                        82    -15      113
  SINCE MAR 1    850                      1057   -207      798
  SINCE JUL 1   4104                      5102   -998     4155

 COOLING
  TODAY            0                         3     -3        0
  MONTH TO DATE   56                        37     19       12
  SINCE MAR 1     89                        65     24       26
  SINCE JAN 1     89                        65     24       26
..................................................................


WIND (MPH)
  HIGHEST WIND SPEED    18   HIGHEST WIND DIRECTION     E (90)
  HIGHEST GUST SPEED    25   HIGHEST GUST DIRECTION     E (80)
  AVERAGE WIND SPEED    11.8


SKY COVER
  POSSIBLE SUNSHINE  MM
  AVERAGE SKY COVER 1.0


WEATHER CONDITIONS
 THE FOLLOWING WEATHER WAS RECORDED TODAY.
  THUNDERSTORM
  HEAVY RAIN
  RAIN
  LIGHT RAIN
  FOG


RELATIVE HUMIDITY (PERCENT)
 HIGHEST    97          1200 AM
 LOWEST     76          1200 PM
 AVERAGE    87

..........................................................


THE KANSAS CITY INTERNATIONAL MO CLIMATE NORMALS FOR TOMORROW
                         NORMAL    RECORD    YEAR
 MAXIMUM TEMPERATURE (F)   76        90      1970
                                             1964
                                             1959
 MINIMUM TEMPERATURE (F)   55        40      1981


SUNRISE AND SUNSET
MAY 19 2017...........SUNRISE   602 AM CDT   SUNSET   829 PM CDT
MAY 20 2017...........SUNRISE   601 AM CDT   SUNSET   830 PM CDT


-  INDICATES NEGATIVE NUMBERS.
R  INDICATES RECORD WAS SET OR TIED.
MM INDICATES DATA IS MISSING.
T  INDICATES TRACE AMOUNT.


&&

...MISCELLANEOUS CLIMATE DATA FROM TODAY...

LOCATION                HIGH    LOW      PRECIP
ST. JOSEPH               64      56       0.41
DOWNTOWN KANSAS CITY     72      61       0.30
OLATHE NEW CENTURY       72      60       0.83
OLATHE JO CO EXEC        70      59       0.50
LEES SUMMIT              72      60       0.71
KIRKSVILLE               61      54       0.63
CHILLICOTHE              63      56       1.05
SEDALIA                  74      61       1.22
NWS PLEASANT HILL MO     74      59       1.02


THIS PRODUCT...ALONG WITH OTHER WEATHER...HYDROLOGICAL AND CLIMATE
INFORMATION...IS AVAILABLE ON THE WEB AT HTTP://WWW.WEATHER.GOV/EAX
OR AT HTTP://WEATHER.GOV

$$

73
