000
CDUS43 KEAX 180636
CLIMCI

CLIMATE REPORT
NATIONAL WEATHER SERVICE KANSAS CITY/PLEASANT HILL MO
135 AM CDT WED MAY 18 2016


...................................

...THE KANSAS CITY INTERNATIONAL MO CLIMATE SUMMARY FOR MAY 17 2016...

CLIMATE NORMAL PERIOD 1981 TO 2010
CLIMATE RECORD PERIOD 1888 TO 2016


WEATHER ITEM   OBSERVED TIME   RECORD YEAR NORMAL DEPARTURE LAST
                VALUE   (LST)  VALUE       VALUE  FROM      YEAR
                                                  NORMAL
..................................................................
TEMPERATURE (F)
 YESTERDAY
  MAXIMUM         61    537 PM  90    1966  75    -14       79
                                      1939
  MINIMUM         49    310 AM  37    2014  55     -6       62
  AVERAGE         55                        65    -10       71

PRECIPITATION (IN)
  YESTERDAY        0.09          3.13 1974   0.18  -0.09     0.22
                                      1889
  MONTH TO DATE    3.56                      2.86   0.70     5.29
  SINCE MAR 1     13.43                      8.93   4.50     9.46
  SINCE JAN 1     14.59                     11.46   3.13    11.64

SNOWFALL (IN)
  YESTERDAY        0.0           0.0    MM   0.0    0.0      0.0
  MONTH TO DATE    0.0                       0.0    0.0      0.0
  SINCE MAR 1      0.6                       2.6   -2.0       T
  SINCE JUL 1      5.9                      18.8  -12.9     14.2
  SNOW DEPTH       0

DEGREE DAYS
 HEATING
  YESTERDAY       10                         3      7        0
  MONTH TO DATE   99                        76     23       33
  SINCE MAR 1    784                      1051   -267      839
  SINCE JUL 1   4141                      5096   -955     5053

 COOLING
  YESTERDAY        0                         3     -3        6
  MONTH TO DATE   12                        31    -19       44
  SINCE MAR 1     26                        59    -33       53
  SINCE JAN 1     26                        59    -33       53
..................................................................


WIND (MPH)
  HIGHEST WIND SPEED    18   HIGHEST WIND DIRECTION    NE (50)
  HIGHEST GUST SPEED    23   HIGHEST GUST DIRECTION    NE (60)
  AVERAGE WIND SPEED    10.1


SKY COVER
  POSSIBLE SUNSHINE  MM
  AVERAGE SKY COVER 0.6


WEATHER CONDITIONS
 THE FOLLOWING WEATHER WAS RECORDED YESTERDAY.
  LIGHT RAIN
  FOG


RELATIVE HUMIDITY (PERCENT)
 HIGHEST    89           800 AM
 LOWEST     55           500 PM
 AVERAGE    72

..........................................................


THE KANSAS CITY INTERNATIONAL MO CLIMATE NORMALS FOR TODAY
                         NORMAL    RECORD    YEAR
 MAXIMUM TEMPERATURE (F)   75        91      1997
                                             1962
 MINIMUM TEMPERATURE (F)   55        39      1915


SUNRISE AND SUNSET
MAY 18 2016...........SUNRISE   602 AM CDT   SUNSET   829 PM CDT
MAY 19 2016...........SUNRISE   602 AM CDT   SUNSET   830 PM CDT


-  INDICATES NEGATIVE NUMBERS.
R  INDICATES RECORD WAS SET OR TIED.
MM INDICATES DATA IS MISSING.
T  INDICATES TRACE AMOUNT.


&&

...MISCELLANEOUS CLIMATE DATA FROM YESTERDAY...

LOCATION                HIGH    LOW      PRECIP
ST. JOSEPH               64      50       T
DOWNTOWN KANSAS CITY     62      49       0.19
OLATHE NEW CENTURY       60      45       0.19
OLATHE JO CO EXEC        58      45       0.16
LEES SUMMIT              59      47       0.28
KIRKSVILLE               62      47       0.10
CHILLICOTHE              64      51       0.02
SEDALIA                  56      47       0.56
NWS PLEASANT HILL MO     58      45       0.40


THIS PRODUCT...ALONG WITH OTHER WEATHER...HYDROLOGICAL AND CLIMATE
INFORMATION...IS AVAILABLE ON THE WEB AT HTTP://WWW.WEATHER.GOV/EAX
OR AT HTTP://WEATHER.GOV

$$
