000
CDUS43 KEAX 160033
CLIMCI

CLIMATE REPORT
NATIONAL WEATHER SERVICE KANSAS CITY/PLEASANT HILL MO
732 PM CDT TUE AUG 15 2017


...................................

...THE KANSAS CITY INTERNATIONAL MO CLIMATE SUMMARY FOR AUGUST 15 2017...
VALID TODAY AS OF 0700 PM LOCAL TIME.

CLIMATE NORMAL PERIOD 1981 TO 2010
CLIMATE RECORD PERIOD 1888 TO 2017


WEATHER ITEM   OBSERVED TIME   RECORD YEAR NORMAL DEPARTURE LAST
                VALUE   (LST)  VALUE       VALUE  FROM      YEAR
                                                  NORMAL
..................................................................
TEMPERATURE (F)
 TODAY
  MAXIMUM         87    414 PM 110    1936  88     -1       82
  MINIMUM         67    531 AM  49    1994  67      0       65
  AVERAGE         77                        78     -1       74

PRECIPITATION (IN)
  TODAY            0.00          7.45 1969   0.12  -0.12     0.00
  MONTH TO DATE    2.16                      1.81   0.35     0.51
  SINCE JUN 1     13.59                     11.49   2.10    10.25
  SINCE JAN 1     29.86                     25.32   4.54    30.78

SNOWFALL (IN)
  TODAY            0.0           0.0    MM   0.0    0.0      0.0
  MONTH TO DATE    0.0                       0.0    0.0      0.0
  SINCE JUN 1      0.0                       0.0    0.0      0.0
  SINCE JUL 1      0.0                       0.0    0.0      0.0
  SNOW DEPTH       0

DEGREE DAYS
 HEATING
  TODAY            0                         0      0        0
  MONTH TO DATE    4                         0      4        0
  SINCE JUN 1      5                         9     -4        0
  SINCE JUL 1      4                         0      4        0

 COOLING
  TODAY           12                        13     -1        9
  MONTH TO DATE  104                       196    -92      209
  SINCE JUN 1    849                       876    -27     1054
  SINCE JAN 1    960                       992    -32     1125
..................................................................


WIND (MPH)
  HIGHEST WIND SPEED    14   HIGHEST WIND DIRECTION     S (180)
  HIGHEST GUST SPEED    19   HIGHEST GUST DIRECTION    SE (130)
  AVERAGE WIND SPEED     6.5


SKY COVER
  POSSIBLE SUNSHINE  MM
  AVERAGE SKY COVER 0.5


WEATHER CONDITIONS
 THE FOLLOWING WEATHER WAS RECORDED TODAY.
  HAZE


RELATIVE HUMIDITY (PERCENT)
 HIGHEST   100          1200 AM
 LOWEST     57           200 PM
 AVERAGE    79

..........................................................


THE KANSAS CITY INTERNATIONAL MO CLIMATE NORMALS FOR TOMORROW
                         NORMAL    RECORD    YEAR
 MAXIMUM TEMPERATURE (F)   88       104      1983
                                             1956
                                             1936
 MINIMUM TEMPERATURE (F)   67        53      1992


SUNRISE AND SUNSET
AUGUST 15 2017........SUNRISE   632 AM CDT   SUNSET   814 PM CDT
AUGUST 16 2017........SUNRISE   633 AM CDT   SUNSET   813 PM CDT


-  INDICATES NEGATIVE NUMBERS.
R  INDICATES RECORD WAS SET OR TIED.
MM INDICATES DATA IS MISSING.
T  INDICATES TRACE AMOUNT.


&&

...MISCELLANEOUS CLIMATE DATA FROM TODAY...

LOCATION                HIGH    LOW      PRECIP
ST. JOSEPH               89      65       0.00
DOWNTOWN KANSAS CITY     90      73       0.00
OLATHE NEW CENTURY       87      67       0.00
OLATHE JO CO EXEC        85      66       0.00
LEES SUMMIT              86      69       0.00
KIRKSVILLE               92      67       0.00
CHILLICOTHE              91      66       0.00
SEDALIA                  89      66       0.00
NWS PLEASANT HILL MO     87      67       0.00


THIS PRODUCT...ALONG WITH OTHER WEATHER...HYDROLOGICAL AND CLIMATE
INFORMATION...IS AVAILABLE ON THE WEB AT HTTP://WWW.WEATHER.GOV/EAX
OR AT HTTP://WEATHER.GOV

$$

JW
