453
CDUS43 KEAX 150633
CLIMCI

CLIMATE REPORT
NATIONAL WEATHER SERVICE KANSAS CITY/PLEASANT HILL MO
1232 AM CST THU FEB 15 2018


...................................

...THE KANSAS CITY INTERNATIONAL MO CLIMATE SUMMARY FOR FEBRUARY 14 2018...

CLIMATE NORMAL PERIOD 1981 TO 2010
CLIMATE RECORD PERIOD 1888 TO 2018


WEATHER ITEM   OBSERVED TIME   RECORD YEAR NORMAL DEPARTURE LAST
                VALUE   (LST)  VALUE       VALUE  FROM      YEAR
                                                  NORMAL
..................................................................
TEMPERATURE (F)
 YESTERDAY
  MAXIMUM         56    452 PM  76    1954  43     13       55
  MINIMUM         32   1206 AM  -4    1936  23      9       33
  AVERAGE         44                        33     11       44

PRECIPITATION (IN)
  YESTERDAY        0.00          0.71 1908   0.05  -0.05     0.00
  MONTH TO DATE    0.09                      0.69  -0.60      T
  SINCE DEC 1      1.41                      3.29  -1.88     2.58
  SINCE JAN 1      1.22                      1.76  -0.54     1.39

SNOWFALL (IN)
  YESTERDAY        0.0           5.8  1897   0.2   -0.2      0.0
  MONTH TO DATE    0.5                       2.9   -2.4      0.0
  SINCE DEC 1      5.4                      12.3   -6.9      4.5
  SINCE JUL 1      5.4                      13.7   -8.3      4.5
  SNOW DEPTH       0

DEGREE DAYS
 HEATING
  YESTERDAY       21                        32    -11       21
  MONTH TO DATE  546                       472     74      391
  SINCE DEC 1   2683                      2634     49     2469
  SINCE JUL 1   3563                      3636    -73     3053

 COOLING
  YESTERDAY        0                         0      0        0
  MONTH TO DATE    0                         0      0        0
  SINCE DEC 1      0                         0      0        0
  SINCE JAN 1      0                         0      0        0
..................................................................


WIND (MPH)
  HIGHEST WIND SPEED    21   HIGHEST WIND DIRECTION    SW (210)
  HIGHEST GUST SPEED    25   HIGHEST GUST DIRECTION     S (200)
  AVERAGE WIND SPEED    11.5


SKY COVER
  POSSIBLE SUNSHINE  MM
  AVERAGE SKY COVER 0.7


WEATHER CONDITIONS
 THE FOLLOWING WEATHER WAS RECORDED YESTERDAY.
  FOG


RELATIVE HUMIDITY (PERCENT)
 HIGHEST    93           800 AM
 LOWEST     61           400 PM
 AVERAGE    77

..........................................................


THE KANSAS CITY INTERNATIONAL MO CLIMATE NORMALS FOR TODAY
                         NORMAL    RECORD    YEAR
 MAXIMUM TEMPERATURE (F)   43        72      1911
 MINIMUM TEMPERATURE (F)   24        -6      1936


SUNRISE AND SUNSET
FEBRUARY 15 2018......SUNRISE   711 AM CST   SUNSET   556 PM CST
FEBRUARY 16 2018......SUNRISE   709 AM CST   SUNSET   557 PM CST


-  INDICATES NEGATIVE NUMBERS.
R  INDICATES RECORD WAS SET OR TIED.
MM INDICATES DATA IS MISSING.
T  INDICATES TRACE AMOUNT.


&&

...MISCELLANEOUS CLIMATE DATA FROM YESTERDAY...

LOCATION                HIGH    LOW      PRECIP
ST. JOSEPH               55      30       0.00
DOWNTOWN KANSAS CITY     58      37       0.00
OLATHE NEW CENTURY       58      30       0.00
OLATHE JO CO EXEC        56      33       0.00
LEES SUMMIT              56      36       0.00
KIRKSVILLE               50      30       0.00
CHILLICOTHE              51      28       0.00
SEDALIA                  60      41       0.00
NWS PLEASANT HILL MO     55      34       0.00


THIS PRODUCT...ALONG WITH OTHER WEATHER...HYDROLOGICAL AND CLIMATE
INFORMATION...IS AVAILABLE ON THE WEB AT HTTP://WWW.WEATHER.GOV/EAX
OR AT HTTP://WEATHER.GOV

$$

CDB
