000
CDUS43 KEAX 180643
CLIMCI

CLIMATE REPORT
NATIONAL WEATHER SERVICE KANSAS CITY/PLEASANT HILL MO
142 AM CDT SAT MAR 18 2017


...................................

...THE KANSAS CITY INTERNATIONAL MO CLIMATE SUMMARY FOR MARCH 17 2017...

CLIMATE NORMAL PERIOD 1981 TO 2010
CLIMATE RECORD PERIOD 1888 TO 2017


WEATHER ITEM   OBSERVED TIME   RECORD YEAR NORMAL DEPARTURE LAST
                VALUE   (LST)  VALUE       VALUE  FROM      YEAR
                                                  NORMAL
..................................................................
TEMPERATURE (F)
 YESTERDAY
  MAXIMUM         73    209 PM  82    1894  56     17       63
  MINIMUM         47   1156 PM  10    1906  34     13       31
                                      1902
  AVERAGE         60                        45     15       47

PRECIPITATION (IN)
  YESTERDAY        0.00          1.37 2008   0.08  -0.08      T
  MONTH TO DATE    0.42                      1.16  -0.74     1.14
  SINCE MAR 1      0.42                      1.16  -0.74     1.14
  SINCE JAN 1      1.87                      3.69  -1.82     2.30

SNOWFALL (IN)
  YESTERDAY        0.0           1.2  1958   0.0    0.0      0.0
  MONTH TO DATE    0.4                       1.3   -0.9      0.0
  SINCE MAR 1      0.4                       1.3   -0.9      0.0
  SINCE JUL 1      4.9                      17.5  -12.6      5.3
  SNOW DEPTH       0

DEGREE DAYS
 HEATING
  YESTERDAY        5                        20    -15       18
  MONTH TO DATE  366                       397    -31      216
  SINCE MAR 1    366                       397    -31      216
  SINCE JUL 1   3620                      4442   -822     3573

 COOLING
  YESTERDAY        0                         0      0        0
  MONTH TO DATE    0                         0      0        2
  SINCE MAR 1      0                         0      0        2
  SINCE JAN 1      0                         0      0        2
..................................................................


WIND (MPH)
  HIGHEST WIND SPEED    22   HIGHEST WIND DIRECTION     S (200)
  HIGHEST GUST SPEED    28   HIGHEST GUST DIRECTION     S (190)
  AVERAGE WIND SPEED    10.5


SKY COVER
  POSSIBLE SUNSHINE  MM
  AVERAGE SKY COVER 0.8


WEATHER CONDITIONS
 THE FOLLOWING WEATHER WAS RECORDED YESTERDAY.
  FOG


RELATIVE HUMIDITY (PERCENT)
 HIGHEST    93           600 AM
 LOWEST     25           400 PM
 AVERAGE    59

..........................................................


THE KANSAS CITY INTERNATIONAL MO CLIMATE NORMALS FOR TODAY
                         NORMAL    RECORD    YEAR
 MAXIMUM TEMPERATURE (F)   56        85      1921
 MINIMUM TEMPERATURE (F)   34         0      1923


SUNRISE AND SUNSET
MARCH 18 2017.........SUNRISE   725 AM CDT   SUNSET   729 PM CDT
MARCH 19 2017.........SUNRISE   723 AM CDT   SUNSET   730 PM CDT


-  INDICATES NEGATIVE NUMBERS.
R  INDICATES RECORD WAS SET OR TIED.
MM INDICATES DATA IS MISSING.
T  INDICATES TRACE AMOUNT.


&&

...MISCELLANEOUS CLIMATE DATA FROM YESTERDAY...

LOCATION                HIGH    LOW      PRECIP
ST. JOSEPH               73      44       0.00
DOWNTOWN KANSAS CITY     74      53       0.00
OLATHE NEW CENTURY       73      47       0.00
OLATHE JO CO EXEC        72      53       0.00
LEES SUMMIT              73      53       0.00
KIRKSVILLE               71      41       0.00
CHILLICOTHE              74      49       0.00
SEDALIA                  76      49       0.00
NWS PLEASANT HILL MO     73      52       T


THIS PRODUCT...ALONG WITH OTHER WEATHER...HYDROLOGICAL AND CLIMATE
INFORMATION...IS AVAILABLE ON THE WEB AT HTTP://WWW.WEATHER.GOV/EAX
OR AT HTTP://WEATHER.GOV

$$

CUTTER
