000
CDUS43 KEAX 140037
CLIMCI

CLIMATE REPORT
NATIONAL WEATHER SERVICE KANSAS CITY/PLEASANT HILL MO
636 PM CST THU NOV 13 2014


...................................

...THE KANSAS CITY INTERNATIONAL MO CLIMATE SUMMARY FOR NOVEMBER 13 2014...
VALID TODAY AS OF 0600 PM LOCAL TIME.

CLIMATE NORMAL PERIOD 1981 TO 2010
CLIMATE RECORD PERIOD 1888 TO 2014


WEATHER ITEM   OBSERVED TIME   RECORD YEAR NORMAL DEPARTURE LAST
                VALUE   (LST)  VALUE       VALUE  FROM      YEAR
                                                  NORMAL
..................................................................
TEMPERATURE (F)
 TODAY
  MAXIMUM         32    237 PM  79    1999  55    -23       50
  MINIMUM         14    721 AM   3    1986  35    -21       18
  AVERAGE         23                        45    -22       34

PRECIPITATION (IN)
  TODAY            0.00          0.82 1902   0.07  -0.07     0.00
  MONTH TO DATE    0.06                      1.01  -0.95     1.00
  SINCE SEP 1     11.60                      8.79   2.81    10.58
  SINCE JAN 1     37.59                     36.19   1.40    33.25

SNOWFALL (IN)
  TODAY            0.0           0.4  1908   0.0    0.0      0.0
  MONTH TO DATE    0.1                       0.2   -0.1      0.0
  SINCE SEP 1      0.1                       0.4   -0.3      0.0
  SINCE JUL 1      0.1                       0.4   -0.3      0.0
  SNOW DEPTH       0

DEGREE DAYS
 HEATING
  TODAY           42                        20     22       31
  MONTH TO DATE  285                       223     62      263
  SINCE SEP 1    585                       581      4      611
  SINCE JUL 1    587                       583      4      611

 COOLING
  TODAY            0                         0      0        0
  MONTH TO DATE    0                         0      0        0
  SINCE SEP 1    144                       185    -41      251
  SINCE JAN 1   1263                      1358    -95     1345
..................................................................


WIND (MPH)
  HIGHEST WIND SPEED    17   HIGHEST WIND DIRECTION     N (340)
  HIGHEST GUST SPEED    23   HIGHEST GUST DIRECTION    NW (320)
  AVERAGE WIND SPEED    10.2


SKY COVER
  POSSIBLE SUNSHINE  MM
  AVERAGE SKY COVER 0.3


WEATHER CONDITIONS
 THE FOLLOWING WEATHER WAS RECORDED TODAY.
  NO SIGNIFICANT WEATHER WAS OBSERVED.


RELATIVE HUMIDITY (PERCENT)
 HIGHEST    88           600 AM
 LOWEST     42           300 PM
 AVERAGE    65

..........................................................


THE KANSAS CITY INTERNATIONAL MO CLIMATE NORMALS FOR TOMORROW
                         NORMAL    RECORD    YEAR
 MAXIMUM TEMPERATURE (F)   54        81      1964
 MINIMUM TEMPERATURE (F)   35        10      1940


SUNRISE AND SUNSET
NOVEMBER 13 2014......SUNRISE   700 AM CST   SUNSET   506 PM CST
NOVEMBER 14 2014......SUNRISE   701 AM CST   SUNSET   505 PM CST


-  INDICATES NEGATIVE NUMBERS.
R  INDICATES RECORD WAS SET OR TIED.
MM INDICATES DATA IS MISSING.
T  INDICATES TRACE AMOUNT.




&&

...MISCELLANEOUS CLIMATE DATA FROM TODAY...

LOCATION                HIGH    LOW      PRECIP
ST. JOSEPH               31      12       0.00
DOWNTOWN KANSAS CITY     32      17       0.00
OLATHE NEW CENTURY       30      13       0.00
OLATHE JO CO EXEC        29      15       0.00
LEES SUMMIT              31      15       0.00
KIRKSVILLE               28      17       T
CHILLICOTHE              31      17       0.00
SEDALIA                  31      17       0.00
NWS PLEASANT HILL MO     29      14       0.00


THIS PRODUCT...ALONG WITH OTHER WEATHER...HYDROLOGICAL AND CLIMATE
INFORMATION...IS AVAILABLE ON THE WEB AT HTTP://WWW.CRH.NOAA.GOV/EAX
OR AT HTTP://WEATHER.GOV

$$

JW
