000
CDUS43 KEAX 100632
CLIMCI

CLIMATE REPORT
NATIONAL WEATHER SERVICE KANSAS CITY/PLEASANT HILL MO
131 AM CDT MON APR 10 2017


...................................

...THE KANSAS CITY INTERNATIONAL MO CLIMATE SUMMARY FOR APRIL 9 2017...

CLIMATE NORMAL PERIOD 1981 TO 2010
CLIMATE RECORD PERIOD 1888 TO 2017


WEATHER ITEM   OBSERVED TIME   RECORD YEAR NORMAL DEPARTURE LAST
                VALUE   (LST)  VALUE       VALUE  FROM      YEAR
                                                  NORMAL
..................................................................
TEMPERATURE (F)
 YESTERDAY
  MAXIMUM         79   1207 PM  89    1930  64     15       61
  MINIMUM         64    647 AM  24    2003  42     22       31
                                      1997
  AVERAGE         72                        53     19       46

PRECIPITATION (IN)
  YESTERDAY        T             0.88 1978   0.11  -0.11     0.00
  MONTH TO DATE    3.20                      0.91   2.29     0.31
  SINCE MAR 1      6.01                      3.28   2.73     3.03
  SINCE JAN 1      7.46                      5.81   1.65     4.19

SNOWFALL (IN)
  YESTERDAY        0.0           2.8  1961   0.0    0.0      0.0
  MONTH TO DATE    0.0                       0.3   -0.3      0.0
  SINCE MAR 1      0.4                       2.3   -1.9      0.6
  SINCE JUL 1      4.9                      18.5  -13.6      5.9
  SNOW DEPTH       0

DEGREE DAYS
 HEATING
  YESTERDAY        0                        13    -13       19
  MONTH TO DATE   99                       127    -28      119
  SINCE MAR 1    624                       773   -149      562
  SINCE JUL 1   3878                      4818   -940     3919

 COOLING
  YESTERDAY        7                         1      6        0
  MONTH TO DATE    7                         3      4        0
  SINCE MAR 1     13                         6      7        2
  SINCE JAN 1     13                         6      7        2
..................................................................


WIND (MPH)
  HIGHEST WIND SPEED    32   HIGHEST WIND DIRECTION     S (200)
  HIGHEST GUST SPEED    40   HIGHEST GUST DIRECTION     S (200)
  AVERAGE WIND SPEED    21.5


SKY COVER
  POSSIBLE SUNSHINE  MM
  AVERAGE SKY COVER 0.6


WEATHER CONDITIONS
 THE FOLLOWING WEATHER WAS RECORDED YESTERDAY.
  LIGHT RAIN


RELATIVE HUMIDITY (PERCENT)
 HIGHEST    78           400 AM
 LOWEST     56           100 PM
 AVERAGE    67

..........................................................


THE KANSAS CITY INTERNATIONAL MO CLIMATE NORMALS FOR TODAY
                         NORMAL    RECORD    YEAR
 MAXIMUM TEMPERATURE (F)   64        92      1930
 MINIMUM TEMPERATURE (F)   42        22      1989


SUNRISE AND SUNSET
APRIL 10 2017.........SUNRISE   649 AM CDT   SUNSET   752 PM CDT
APRIL 11 2017.........SUNRISE   647 AM CDT   SUNSET   753 PM CDT


-  INDICATES NEGATIVE NUMBERS.
R  INDICATES RECORD WAS SET OR TIED.
MM INDICATES DATA IS MISSING.
T  INDICATES TRACE AMOUNT.


&&

...MISCELLANEOUS CLIMATE DATA FROM YESTERDAY...

LOCATION                HIGH    LOW      PRECIP
ST. JOSEPH               79      64       T
DOWNTOWN KANSAS CITY     79      66       0.01
OLATHE NEW CENTURY       77      63       0.00
OLATHE JO CO EXEC        75      63       T
LEES SUMMIT              77      64       T
KIRKSVILLE               80      59       0.00
CHILLICOTHE              78      61       0.00
SEDALIA                  81      64       0.00
NWS PLEASANT HILL MO     75      63       0.00


THIS PRODUCT...ALONG WITH OTHER WEATHER...HYDROLOGICAL AND CLIMATE
INFORMATION...IS AVAILABLE ON THE WEB AT HTTP://WWW.WEATHER.GOV/EAX
OR AT HTTP://WEATHER.GOV

$$
