000
CXUS53 KEAX 040434
CLSMCI
CLIMATE REPORT
NATIONAL WEATHER SERVICE
1132 PM CDT THU SEP 03 2020
...................................
...THE KANSAS CITY INTERNATIONAL MO CLIMATE SUMMARY FOR THE SEASON, FROM
6/1/2020 TO 8/31/2020...
CLIMATE NORMAL PERIOD: 1981 TO 2010
CLIMATE RECORD PERIOD: 1888 TO 2020
WEATHER OBSERVED NORMAL DEPART LAST YEAR`S
VALUE DATE(S) VALUE FROM VALUE DATE(S)
NORMAL
................................................................
TEMPERATURE (F)
RECORD
HIGH 113 08/14/1936
LOW 37 06/27/2013
HIGHEST 94 08/25 99 -5 97 07/20
08/26
08/28
07/19
LOWEST 52 06/11 50 2 51 06/13
06/11
AVG. MAXIMUM 87.0 86.4 0.6 85.4
AVG. MINIMUM 67.1 66.3 0.8 66.3
MEAN 77.1 76.4 0.7 75.8
DAYS MAX >= 90 37 26.6 10.4 21
DAYS MAX <= 32 0 0.0 0.0 0
DAYS MIN <= 32 0 0.0 0.0 0
DAYS MIN <= 0 0 0.0 0.0 0
PRECIPITATION (INCHES)
RECORD
MAXIMUM 29.56 1969
MINIMUM 1.12 1936
TOTALS 14.44 13.57 0.87 17.78
DAILY AVG. 0.16 0.15 0.01 0.19
DAYS >= .01 25 28.1 -3.1 31
DAYS >= .10 16 18.9 -2.9 24
DAYS >= .50 8 8.8 -0.8 14
DAYS >= 1.00 6 4.1 1.9 5
GREATEST
24 HR. TOTAL 3.52 07/15 TO 07/15
SNOWFALL (INCHES)
RECORDS
TOTAL MM MM
TOTALS 0.0 0.0 0.0 0.0
SINCE 7/1 0.0 0.0 0.0 MM
DAYS >= TRACE 0 0.0 0.0 0
DAYS >= 1.0 0 0.0 0.0 0
GREATEST
SNOW DEPTH 0
24 HR TOTAL MM
DEGREE DAYS
HEATING TOTAL 1 11 -10 0
COOLING TOTAL 1138 1057 81 1025
................................................................
WIND (MPH)
AVERAGE WIND SPEED 8.3
HIGHEST WIND SPEED/DIRECTION 41/350 DATE 08/31
HIGHEST GUST SPEED/DIRECTION 61/350 DATE 08/31
SKY COVER
POSSIBLE SUNSHINE (PERCENT) MM
AVERAGE SKY COVER 0.44
NUMBER OF DAYS FAIR 29
NUMBER OF DAYS PC 53
NUMBER OF DAYS CLOUDY 10
AVERAGE RH (PERCENT) 73
WEATHER CONDITIONS. NUMBER OF DAYS WITH
THUNDERSTORM 22 MIXED PRECIP 0
HEAVY RAIN 11 RAIN 12
LIGHT RAIN 29 FREEZING RAIN 0
LT FREEZING RAIN 0 HAIL 0
HEAVY SNOW 0 SNOW 0
LIGHT SNOW 0 SLEET 0
FOG 41 FOG W/VIS <= 1/4 MILE 4
HAZE 21
- INDICATES NEGATIVE NUMBERS.
R INDICATES RECORD WAS SET OR TIED.
MM INDICATES DATA IS MISSING.
T INDICATES TRACE AMOUNT.
$$