000
CXUS53 KMKX 010810
CF6RAC
PRELIMINARY LOCAL CLIMATOLOGICAL DATA (WS FORM: F-6)
STATION: RACINE WI
MONTH: JUNE
YEAR: 2021
LATITUDE: 42 45 N
LONGITUDE: 87 49 W
TEMPERATURE IN F: :PCPN: SNOW: WIND :SUNSHINE: SKY :PK WND
================================================================================
1 2 3 4 5 6A 6B 7 8 9 10 11 12 13 14 15 16 17 18
12Z AVG MX 2MIN
DY MAX MIN AVG DEP HDD CDD WTR SNW DPTH SPD SPD DIR MIN PSBL S-S WX SPD DR
================================================================================
1 72 48 60 -2 5 0 0.00 M M 7.2 18 160 M M 0 26 150
2 75 49 62 0 3 0 0.00 M M 4.0 10 80 M M 0 14 90
3 86 52 69 7 0 4 0.00 M M 7.9 21 10 M M 2 27 360
4 92 65 79 16 0 14 T M M 12.2 21 270 M M 3 36 270
5 93 69 81 18 0 16 0.00 M M 11.1 20 220 M M 0 30 230
6 88 69 79 15 0 14 0.00 0.0 0 10.4 21 170 M M 2 28 180
7 80 68 74 10 0 9 0.00 0.0 0 7.3 14 170 M M 1 20 220
8 85 66 76 12 0 11 0.00 M M 4.6 13 150 M M 1 1 17 160
9 79 63 71 7 0 6 0.00 M M 6.1 14 50 M M 0 1 18 60
10 81 62 72 7 0 7 0.00 M M 4.4 12 120 M M 0 18 16 80
11 86 63 75 10 0 10 0.00 M M 5.5 20 340 M M 1 13 28 330
12 83 63 73 7 0 8 0.00 M M 4.5 12 50 M M 2 13 18 60
13 85 63 74 8 0 9 0.00 M M 7.2 15 20 M M 0 22 210
14 80 58 69 3 0 4 T M M 8.2 22 20 M M 2 30 30
15 73 58 66 0 0 1 0.00 M M 9.4 17 20 M M 1 23 30
16 72 55 64 -3 1 0 0.00 M M 6.6 13 30 M M 0 20 10
17 84 52 68 1 0 3 0.01 M M 9.1 20 170 M M 1 3 28 200
18 91 66 79 12 0 14 0.43 M M 8.1 24 160 M M 3 13 36 170
19 80 60 70 2 0 5 0.13 M M 8.3 22 350 M M 2 3 30 350
20 75 56 66 -2 0 1 0.17 M M 4.6 18 160 M M 3 13 27 160
21 72 52 62 -6 3 0 0.00 M M 12.1 22 340 M M 7 34 280
22 73 52 63 -6 2 0 0.00 M M 8.5 18 290 M M 4 27 320
23 80 58 69 0 0 4 T M M 10.2 26 220 M M 7 40 200
24 78 65 72 3 0 7 0.28 M M 9.5 23 160 M M 7 138 33 160
25 81 65 73 4 0 8 0.04 M M 4.6 13 120 M M 7 1 18 110
26 82 64 73 3 0 8 0.71 M M 7.0 14 210 M M 8 123 23 210
27 81 64 73 3 0 8 0.00 M M 9.7 20 230 M M 6 32 220
28 74 64 69 -1 0 4 0.02 M M 5.4 10 160 M M 6 1 14 160
29 83 70 77 7 0 12 0.15 M M 5.0 14 50 M M 5 1 20 200
30 80 63 72 2 0 7 0.63 M M 6.7 24 40 M M 3 13 37 30
================================================================================
SM 2424 1822 14 194 2.57 0.0 225.4 M 84
================================================================================
AV 80.8 60.7 7.5 FASTST M M 3 MAX(MPH)
MISC ----> 26 220 40 200
================================================================================
NOTES:
# LAST OF SEVERAL OCCURRENCES
COLUMN 17 PEAK WIND IN M.P.H.
PRELIMINARY LOCAL CLIMATOLOGICAL DATA (WS FORM: F-6) , PAGE 2
STATION: RACINE WI
MONTH: JUNE
YEAR: 2021
LATITUDE: 42 45 N
LONGITUDE: 87 49 W
[TEMPERATURE DATA] [PRECIPITATION DATA] SYMBOLS USED IN COLUMN 16
AVERAGE MONTHLY: 70.8 TOTAL FOR MONTH: 2.57 1 = FOG OR MIST
DPTR FM NORMAL: 4.4 DPTR FM NORMAL: -1.42 2 = FOG REDUCING VISIBILITY
HIGHEST: 93 ON 5 GRTST 24HR 0.72 ON 25-26 TO 1/4 MILE OR LESS
LOWEST: 48 ON 1 3 = THUNDER
SNOW, ICE PELLETS, HAIL 4 = ICE PELLETS
TOTAL MONTH: 0.0 INCH 5 = HAIL
GRTST 24HR 0.0 6 = FREEZING RAIN OR DRIZZLE
GRTST DEPTH: 0 7 = DUSTSTORM OR SANDSTORM:
VSBY 1/2 MILE OR LESS
8 = SMOKE OR HAZE
[NO. OF DAYS WITH] [WEATHER - DAYS WITH] 9 = BLOWING SNOW
X = TORNADO
MAX 32 OR BELOW: 0 0.01 INCH OR MORE: 10
MAX 90 OR ABOVE: 3 0.10 INCH OR MORE: 7
MIN 32 OR BELOW: 0 0.50 INCH OR MORE: 2
MIN 0 OR BELOW: 0 1.00 INCH OR MORE: 0
[HDD (BASE 65) ]
TOTAL THIS MO. 14 CLEAR (SCALE 0-3) 19
DPTR FM NORMAL -58 PTCLDY (SCALE 4-7) 11
TOTAL FM JUL 1 6311 CLOUDY (SCALE 8-10) 0
DPTR FM NORMAL -373
[CDD (BASE 65) ]
TOTAL THIS MO. 194
DPTR FM NORMAL 78 [PRESSURE DATA]
TOTAL FM JAN 1 238 HIGHEST SLP M ON M
DPTR FM NORMAL 97 LOWEST SLP 29.38 ON 20
[REMARKS]
#FINAL-06-21#