000
CXUS55 KGLD 010800
CF6ITR
PRELIMINARY LOCAL CLIMATOLOGICAL DATA (WS FORM: F-6)
STATION: BURLINGTON CO
MONTH: APRIL
YEAR: 2022
LATITUDE: 39 15 N
LONGITUDE: 102 17 W
TEMPERATURE IN F: :PCPN: SNOW: WIND :SUNSHINE: SKY :PK WND
================================================================================
1 2 3 4 5 6A 6B 7 8 9 10 11 12 13 14 15 16 17 18
12Z AVG MX 2MIN
DY MAX MIN AVG DEP HDD CDD WTR SNW DPTH SPD SPD DIR MIN PSBL S-S WX SPD DR
================================================================================
1 55 28 42 -4 23 0 0.00 M M 15.3 29 330 M M 1 41 340
2 66 23 45 -1 20 0 0.00 M M 11.9 23 180 M M 0 32 160
3 57 28 43 -3 22 0 0.00 M M 11.3 29 10 M M 2 41 10
4 69 34 52 6 13 0 0.00 M M 16.6 32 210 M M 2 8 44 190
5 73 41 57 10 8 0 0.00 M M 20.3 40 330 M M 4 8 52 330
6 55 33 44 -3 21 0 0.00 M M 30.9 51 320 M M 3 8 67 320
7 54 32 43 -4 22 0 0.00 M M 27.1 48 330 M M 2 8 65 320
8 63 25 44 -3 21 0 0.00 M M 12.9 23 360 M M 0 32 330
9 85 37 61 14 4 0 0.00 M M 12.1 22 350 M M 0 37 360
10 60 30 45 -3 20 0 0.00 M M 16.6 32 330 M M 3 8 46 340
11 67 26 47 -1 18 0 0.00 M M 20.2 38 170 M M 1 53 160
12 77 30 54 6 11 0 0.00 M M 23.3 46 220 M M 1 8 61 210
13 48 19 34 -14 31 0 0.00 M M 12.9 25 250 M M 4 35 250
14 65 15 40 -8 25 0 0.00 M M 11.5 31 270 M M 1 8 39 270
15 56 23 40 -8 25 0 0.00 M M 10.1 21 70 M M 0 28 70
16 52 18 35 -14 30 0 0.00 M M 13.6 24 140 M M 1 38 130
17 73 24 49 0 16 0 0.00 M M 12.9 28 60 M M 3 38 60
18 60 24 42 -7 23 0 0.00 M M 15.0 28 160 M M 1 39 160
19 85 40 63 14 2 0 0.00 M M 24.1 32 180 M M 0 52 170
20 72 43 58 8 7 0 0.00 M M 14.1 35 330 M M 0 48 330
21 79 40 60 10 5 0 0.00 M M 18.5 32 130 M M 2 18 43 140
22 92 50 71 21 0 6 0.01 M M 29.8 52 160 M M 5 38 73 180
23 67 34 51 1 14 0 0.00 M M 15.9 31 350 M M 1 43 350
24 62 29 46 -5 19 0 0.00 M M 15.3 31 330 M M 0 43 330
25 60 21 41 -10 24 0 0.00 M M 7.8 14 190 M M 3 20 290
26 77 35 56 5 9 0 0.00 M M 16.7 30 210 M M 0 41 220
27 81 41 61 9 4 0 0.00 M M 9.7 21 210 M M 0 29 180
28 83 41 62 10 3 0 0.00 M M 10.5 20 150 M M 0 27 70
29 72 46 59 7 6 0 0.03 M M 18.3 41 320 M M 5 1238 55 320
30 67 33 50 -2 15 0 0.00 M M 22.5 44 330 M M 0 8 56 320
================================================================================
SM 2032 943 461 6 0.04 M 497.7 M 45
================================================================================
AV 67.7 31.4 16.6 FASTST M M 2 MAX(MPH)
MISC ----> 52 160 73 180
================================================================================
NOTES:
# LAST OF SEVERAL OCCURRENCES
COLUMN 17 PEAK WIND IN M.P.H.
PRELIMINARY LOCAL CLIMATOLOGICAL DATA (WS FORM: F-6) , PAGE 2
STATION: BURLINGTON CO
MONTH: APRIL
YEAR: 2022
LATITUDE: 39 15 N
LONGITUDE: 102 17 W
[TEMPERATURE DATA] [PRECIPITATION DATA] SYMBOLS USED IN COLUMN 16
AVERAGE MONTHLY: 49.6 TOTAL FOR MONTH: 0.04 1 = FOG OR MIST
DPTR FM NORMAL: 0.8 DPTR FM NORMAL: -1.53 2 = FOG REDUCING VISIBILITY
HIGHEST: 92 ON 22 GRTST 24HR 0.03 ON 29-29 TO 1/4 MILE OR LESS
LOWEST: 15 ON 14 3 = THUNDER
SNOW, ICE PELLETS, HAIL 4 = ICE PELLETS
TOTAL MONTH: M 5 = HAIL
GRTST 24HR M ON M 6 = FREEZING RAIN OR DRIZZLE
GRTST DEPTH: M ON M 7 = DUSTSTORM OR SANDSTORM:
VSBY 1/2 MILE OR LESS
8 = SMOKE OR HAZE
[NO. OF DAYS WITH] [WEATHER - DAYS WITH] 9 = BLOWING SNOW
X = TORNADO
MAX 32 OR BELOW: 0 0.01 INCH OR MORE: 2
MAX 90 OR ABOVE: 1 0.10 INCH OR MORE: 0
MIN 32 OR BELOW: 16 0.50 INCH OR MORE: 0
MIN 0 OR BELOW: 0 1.00 INCH OR MORE: 0
[HDD (BASE 65) ]
TOTAL THIS MO. 461 CLEAR (SCALE 0-3) 26
DPTR FM NORMAL -28 PTCLDY (SCALE 4-7) 4
TOTAL FM JUL 1 5183 CLOUDY (SCALE 8-10) 0
DPTR FM NORMAL -418
[CDD (BASE 65) ]
TOTAL THIS MO. 6
DPTR FM NORMAL 4 [PRESSURE DATA]
TOTAL FM JAN 1 6 HIGHEST SLP M ON M
DPTR FM NORMAL 4 LOWEST SLP 29.12 ON 12
[REMARKS]
#FINAL-04-22#