000
CXUS54 KLZK 011230
CF6CCA
PRELIMINARY LOCAL CLIMATOLOGICAL DATA (WS FORM: F-6)
STATION: CLINTON
MONTH: OCTOBER
YEAR: 2023
LATITUDE: 35 32 N
LONGITUDE: 92 22 W
TEMPERATURE IN F: :PCPN: SNOW: WIND :SUNSHINE: SKY :PK WND
================================================================================
1 2 3 4 5 6A 6B 7 8 9 10 11 12 13 14 15 16 17 18
12Z AVG MX 2MIN
DY MAX MIN AVG DEP HDD CDD WTR SNW DPTH SPD SPD DIR MIN PSBL S-S WX SPD DR
================================================================================
1 90 61 76 M 0 11 M M M 0.6 5 99 M M 5 1 M M
2 88 63 76 M 0 11 M M M 0.6 5 100 M M 4 12 100
3 86 57 72 M 0 7 M M M 2.2 12 160 M M 2 18 20 160
4 63 59 61 M 4 0 M M M 0.0 M M M M 9 M M
5 79 63 71 M 0 6 M M M 0.5 5 200 M M 5 12 M M
6 79 52 66 M 0 1 M M M 4.7 13 290 M M 4 2 18 99
7 68 39 54 M 11 0 M M M 2.3 9 310 M M 0 15 99
8 72 39 56 M 9 0 M M M 1.8 8 240 M M 2 1 17 240
9 82 45 64 M 1 0 M M M 0.7 5 190 M M 0 M M
10 79 48 64 M 1 0 M M M 0.8 7 160 M M 2 M M
11 79 52 66 M 0 1 M M M 2.1 10 160 M M 0 18 99
12 66 48 57 M 8 0 M M M 1.5 7 160 M M 7 15 99
13 72 52 62 M 3 0 M M M 3.4 12 280 M M 8 17 180
14 63 45 54 M 11 0 M M M 5.1 16 300 M M 7 24 300
15 61 46 54 M 11 0 M M M 4.7 10 330 M M 8 21 350
16 66 37 52 M 13 0 M M M 3.6 14 300 M M 0 23 300
17 72 36 54 M 11 0 M M M 0.6 6 99 M M 0 M M
18 75 37 56 M 9 0 M M M 2.4 10 200 M M 1 16 230
19 81 50 66 M 0 1 M M M 3.5 13 280 M M 3 12 20 280
20 82 45 64 M 1 0 M M M 2.5 12 310 M M 0 17 99
21 88 41 65 M 0 0 M M M 0.4 5 240 M M 0 8 14 0
22 75 48 62 M 3 0 M M M 1.9 8 120 M M 0 8 13 99
23 81 50 66 M 0 1 M M M 0.2 5 170 M M 3 M M
24 82 61 72 M 0 7 M M M 2.0 12 150 M M 2 18 18 150
25 81 63 72 M 0 7 M M M 4.2 10 210 M M 6 17 200
26 75 64 70 M 0 5 M M M 2.8 10 170 M M 10 1 20 170
27 79 66 73 M 0 8 M M M 1.4 10 190 M M 10 1 12 99
28 72 55 64 M 1 0 M M M 1.2 9 320 M M 10 13 320
29 57 43 50 M 15 0 M M M 3.2 12 340 M M 9 18 340
30 50 30 40 M 25 0 M M M 5.4 12 310 M M 2 20 330
31 55 25 40 M 25 0 M M M 3.6 17 300 M M 0 24 300
================================================================================
SM 2298 1520 162 66 M M 70.0 M 119
================================================================================
AV 74.1 49.0 2.3 FASTST M M 4 MAX(MPH)
MISC ----> 17 300 # 24 300
================================================================================
NOTES:
# LAST OF SEVERAL OCCURRENCES
COLUMN 17 PEAK WIND IN M.P.H.
PRELIMINARY LOCAL CLIMATOLOGICAL DATA (WS FORM: F-6) , PAGE 2
STATION: CLINTON
MONTH: OCTOBER
YEAR: 2023
LATITUDE: 35 32 N
LONGITUDE: 92 22 W
[TEMPERATURE DATA] [PRECIPITATION DATA] SYMBOLS USED IN COLUMN 16
AVERAGE MONTHLY: 61.6 TOTAL FOR MONTH: M 1 = FOG OR MIST
DPTR FM NORMAL: 0.0 DPTR FM NORMAL: M 2 = FOG REDUCING VISIBILITY
HIGHEST: 90 ON 1 GRTST 24HR M ON M TO 1/4 MILE OR LESS
LOWEST: 25 ON 31 3 = THUNDER
SNOW, ICE PELLETS, HAIL 4 = ICE PELLETS
TOTAL MONTH: M 5 = HAIL
GRTST 24HR M ON M 6 = FREEZING RAIN OR DRIZZLE
GRTST DEPTH: M ON M 7 = DUSTSTORM OR SANDSTORM:
VSBY 1/2 MILE OR LESS
8 = SMOKE OR HAZE
[NO. OF DAYS WITH] [WEATHER - DAYS WITH] 9 = BLOWING SNOW
X = TORNADO
MAX 32 OR BELOW: 0 0.01 INCH OR MORE: 0
MAX 90 OR ABOVE: 1 0.10 INCH OR MORE: 0
MIN 32 OR BELOW: 2 0.50 INCH OR MORE: 0
MIN 0 OR BELOW: 0 1.00 INCH OR MORE: 0
[HDD (BASE 65) ]
TOTAL THIS MO. 162 CLEAR (SCALE 0-3) 16
DPTR FM NORMAL M PTCLDY (SCALE 4-7) 8
TOTAL FM JUL 1 162 CLOUDY (SCALE 8-10) 7
DPTR FM NORMAL M
[CDD (BASE 65) ]
TOTAL THIS MO. 66
DPTR FM NORMAL M [PRESSURE DATA]
TOTAL FM JAN 1 1843 HIGHEST SLP M ON M
DPTR FM NORMAL M LOWEST SLP M ON M
[REMARKS]
#FINAL-10-23#