000
CXUS56 KFGZ 010910
CF6RQE
PRELIMINARY LOCAL CLIMATOLOGICAL DATA (WS FORM: F-6)
STATION: WINDOW ROCK AZ AIRPORT
MONTH: NOVEMBER
YEAR: 2022
LATITUDE: 35 39 N
LONGITUDE: 109 4 W
TEMPERATURE IN F: :PCPN: SNOW: WIND :SUNSHINE: SKY :PK WND
================================================================================
1 2 3 4 5 6A 6B 7 8 9 10 11 12 13 14 15 16 17 18
12Z AVG MX 2MIN
DY MAX MIN AVG DEP HDD CDD WTR SNW DPTH SPD SPD DIR MIN PSBL S-S WX SPD DR
================================================================================
1 62 21 42 -2 23 0 0.00 M M 4.9 20 220 M M 0 24 220
2 58 28 43 0 22 0 0.05 M M 9.2 25 230 M M 1 8 34 240
3 47 25 36 -7 29 0 0.38 M M 9.7 26 260 M M 9 128 35 190
4 42 27 35 -8 30 0 0.00 M M 6.0 16 260 M M 6 22 310
5 54 23 39 -3 26 0 0.00 M M 3.2 18 240 M M 0 25 230
6 60 26 43 1 22 0 0.00 M M 5.9 18 230 M M 0 24 230
7 64 24 44 2 21 0 0.00 M M 4.6 21 190 M M 0 29 180
8 65 26 46 5 19 0 0.00 M M 5.7 23 190 M M 0 31 190
9 58 30 44 3 21 0 T M M 11.2 39 230 M M 3 8 59 240
10 45 20 33 -8 32 0 0.00 M M 3.6 14 280 M M 1 18 260
11 46 16 31 -9 34 0 0.00 M M 1.9 9 240 M M 0 13 350
12 53 14 34 -6 31 0 0.00 M M 2.0 10 220 M M 0 M M
13 M M M M M M 0.00 M M M 33 230 M M 4 43 230
14 45 21 33 -6 32 0 0.00 M M 5.2 17 310 M M 0 24 280
15 44 12 28 -11 37 0 0.00 M M 3.4 13 60 M M 0 18 70
16 39 7 23 -15 42 0 0.00 M M 2.8 13 70 M M 0 17 40
17 50 7 29 -9 36 0 0.00 M M 1.7 9 100 M M 0 14 170
18 49 12 31 -7 34 0 0.00 M M 1.1 15 60 M M 1 18 60
19 46 13 30 -7 35 0 0.00 M M 2.8 14 50 M M 0 20 70
20 52 9 31 -6 34 0 0.00 M M 1.5 12 100 M M 0 16 100
21 55 6 31 -6 34 0 0.00 M M 1.8 15 100 M M 0 17 100
22 53 9 31 -5 34 0 0.00 M M 1.2 9 110 M M 0 14 100
23 53 4 29 -7 36 0 0.00 M M 4.9 20 340 M M 0 26 340
24 47 25 36 0 29 0 0.00 M M 9.5 21 340 M M 1 28 340
25 53 11 32 -3 33 0 T M M 1.3 9 110 M M 0 14 160
26 55 13 34 -1 31 0 0.00 M M 5.3 17 300 M M 1 22 310
27 50 19 35 1 30 0 0.00 M M 3.6 15 270 M M 1 8 19 270
28 49 14 32 -2 33 0 0.00 M M 9.8 25 240 M M 0 8 35 230
29 46 13 30 -4 35 0 0.00 M M 12.7 29 260 M M 1 41 260
30 55 8 32 -1 33 0 0.00 M M 2.4 16 170 M M 0 27 220
================================================================================
SM 1495 483 888 0 0.43 M 138.9 M 29
================================================================================
AV 51.6 16.7 4.8 FASTST M M 1 MAX(MPH)
MISC ----> 39 230 59 240
================================================================================
NOTES:
# LAST OF SEVERAL OCCURRENCES
COLUMN 17 PEAK WIND IN M.P.H.
PRELIMINARY LOCAL CLIMATOLOGICAL DATA (WS FORM: F-6) , PAGE 2
STATION: WINDOW ROCK AZ AIRPORT
MONTH: NOVEMBER
YEAR: 2022
LATITUDE: 35 39 N
LONGITUDE: 109 4 W
[TEMPERATURE DATA] [PRECIPITATION DATA] SYMBOLS USED IN COLUMN 16
AVERAGE MONTHLY: 34.1 TOTAL FOR MONTH: 0.43 1 = FOG OR MIST
DPTR FM NORMAL: -4.5 DPTR FM NORMAL: -0.32 2 = FOG REDUCING VISIBILITY
HIGHEST: 65 ON 8 GRTST 24HR 0.42 ON 2- 3 TO 1/4 MILE OR LESS
LOWEST: 4 ON 23 3 = THUNDER
SNOW, ICE PELLETS, HAIL 4 = ICE PELLETS
TOTAL MONTH: M 5 = HAIL
GRTST 24HR M ON M 6 = FREEZING RAIN OR DRIZZLE
GRTST DEPTH: M ON M 7 = DUSTSTORM OR SANDSTORM:
VSBY 1/2 MILE OR LESS
8 = SMOKE OR HAZE
[NO. OF DAYS WITH] [WEATHER - DAYS WITH] 9 = BLOWING SNOW
X = TORNADO
MAX 32 OR BELOW: 0 0.01 INCH OR MORE: 2
MAX 90 OR ABOVE: 0 0.10 INCH OR MORE: 1
MIN 32 OR BELOW: 29 0.50 INCH OR MORE: 0
MIN 0 OR BELOW: 0 1.00 INCH OR MORE: 0
[HDD (BASE 65) ]
TOTAL THIS MO. 888 CLEAR (SCALE 0-3) 26
DPTR FM NORMAL 94 PTCLDY (SCALE 4-7) 3
TOTAL FM JUL 1 1421 CLOUDY (SCALE 8-10) 1
DPTR FM NORMAL -17
[CDD (BASE 65) ]
TOTAL THIS MO. 0
DPTR FM NORMAL 0 [PRESSURE DATA]
TOTAL FM JAN 1 585 HIGHEST SLP M ON M
DPTR FM NORMAL 172 LOWEST SLP 29.56 ON 29
[REMARKS]
#FINAL-11-22#