000
CXUS54 KJAN 020146
CF6MEI
PRELIMINARY LOCAL CLIMATOLOGICAL DATA (WS FORM: F-6)
STATION: MERIDIAN
MONTH: MAY
YEAR: 2022
LATITUDE: 32 19 N
LONGITUDE: 88 45 W
TEMPERATURE IN F: :PCPN: SNOW: WIND :SUNSHINE: SKY :PK WND
================================================================================
1 2 3 4 5 6A 6B 7 8 9 10 11 12 13 14 15 16 17 18
12Z AVG MX 2MIN
DY MAX MIN AVG DEP HDD CDD WTR SNW DPTH SPD SPD DIR MIN PSBL S-S WX SPD DR
================================================================================
1 89 67 78 9 0 13 0.06 0.0 0 M 18 170 M M M 1 24 190
2 87 64 76 6 0 11 T 0.0 0 M 15 210 M M 1 20 170
3 87 69 78 8 0 13 0.00 0.0 0 7.1 16 200 M M 1 23 210
4 90 68 79 9 0 14 0.00 0.0 0 2.6 9 200 M M 3 128 15 220
5 89 68 79 9 0 14 0.03 0.0 0 6.7 20 200 M M 3 38 27 200
6 83 60 72 1 0 7 0.00 0.0 0 10.3 26 280 M M 3 42 290
7 84 56 70 -1 0 5 0.00 0.0 0 7.8 16 30 M M 0 28 340
8 87 53 70 -1 0 5 0.00 0.0 0 3.1 9 50 M M 0 12 40
9 88 63 76 5 0 11 0.00 0.0 0 6.4 15 150 M M 1 21 130
10 86 65 76 4 0 11 0.00 0.0 0 2.6 10 50 M M 2 1 16 150
11 92 60 76 4 0 11 0.00 0.0 0 2.4 14 50 M M 1 20 20
12 91 66 79 7 0 14 0.36 0.0 0 3.4 24 140 M M 3 138 34 130
13 88 67 78 6 0 13 0.00 0.0 0 4.5 24 320 M M 4 128 35 320
14 88 65 77 4 0 12 0.00 0.0 0 4.0 16 80 M M 2 3 20 80
15 93 63 78 5 0 13 T 0.0 0 4.0 28 30 M M 1 3 35 20
16 91 65 78 5 0 13 0.00 0.0 0 4.9 17 30 M M 1 22 20
17 91 66 79 5 0 14 0.00 0.0 0 3.4 12 100 M M 3 15 100
18 95 64 80 6 0 15 0.00 0.0 0 5.1 15 200 M M 2 20 200
19 94 69 82 8 0 17 0.00 0.0 0 9.5 21 180 M M 1 1 27 170
20 94 72 83 9 0 18 0.00 0.0 0 10.7 21 170 M M 3 28 220
21 95 70 83 8 0 18 T 0.0 0 7.6 28 190 M M 5 3 36 200
22 88 70 79 4 0 14 0.06 0.0 0 5.2 21 360 M M 5 1 26 10
23 85 72 79 4 0 14 0.01 0.0 0 3.8 12 140 M M 6 16 170
24 85 72 79 3 0 14 0.11 0.0 0 5.6 17 240 M M 5 13 24 240
25 83 69 76 0 0 11 0.88 0.0 0 9.5 25 200 M M 8 138 33 180
26 86 64 75 -1 0 10 0.16 0.0 0 8.3 17 290 M M 4 1 24 300
27 84 59 72 -4 0 7 0.00 0.0 0 5.5 17 280 M M 0 25 290
28 86 58 72 -4 0 7 0.00 0.0 0 1.8 9 10 M M 1 16 340
29 89 60 75 -2 0 10 0.00 0.0 0 5.2 15 150 M M 1 20 150
30 92 69 81 4 0 16 0.00 0.0 0 7.1 17 140 M M 3 25 180
31 93 66 80 3 0 15 0.03 0.0 0 3.1 16 340 M M 4 18 22 340
================================================================================
SM 2753 2019 0 380 1.70 0.0 161.2 M 77
================================================================================
AV 88.8 65.1 5.6 FASTST M M 3 MAX(MPH)
MISC ----> # 28 30 42 290
================================================================================
NOTES:
# LAST OF SEVERAL OCCURRENCES
COLUMN 17 PEAK WIND IN M.P.H.
PRELIMINARY LOCAL CLIMATOLOGICAL DATA (WS FORM: F-6) , PAGE 2
STATION: MERIDIAN
MONTH: MAY
YEAR: 2022
LATITUDE: 32 19 N
LONGITUDE: 88 45 W
[TEMPERATURE DATA] [PRECIPITATION DATA] SYMBOLS USED IN COLUMN 16
AVERAGE MONTHLY: 77.0 TOTAL FOR MONTH: 1.70 1 = FOG OR MIST
DPTR FM NORMAL: 3.7 DPTR FM NORMAL: -2.50 2 = FOG REDUCING VISIBILITY
HIGHEST: 95 ON 21,18 GRTST 24HR 0.96 ON 24-25 TO 1/4 MILE OR LESS
LOWEST: 53 ON 8 3 = THUNDER
SNOW, ICE PELLETS, HAIL 4 = ICE PELLETS
TOTAL MONTH: 0.0 INCH 5 = HAIL
GRTST 24HR 0.0 6 = FREEZING RAIN OR DRIZZLE
GRTST DEPTH: 0 7 = DUSTSTORM OR SANDSTORM:
VSBY 1/2 MILE OR LESS
8 = SMOKE OR HAZE
[NO. OF DAYS WITH] [WEATHER - DAYS WITH] 9 = BLOWING SNOW
X = TORNADO
MAX 32 OR BELOW: 0 0.01 INCH OR MORE: 9
MAX 90 OR ABOVE: 12 0.10 INCH OR MORE: 4
MIN 32 OR BELOW: 0 0.50 INCH OR MORE: 1
MIN 0 OR BELOW: 0 1.00 INCH OR MORE: 0
[HDD (BASE 65) ]
TOTAL THIS MO. 0 CLEAR (SCALE 0-3) 22
DPTR FM NORMAL -10 PTCLDY (SCALE 4-7) 8
TOTAL FM JUL 1 1874 CLOUDY (SCALE 8-10) 1
DPTR FM NORMAL -239
[CDD (BASE 65) ]
TOTAL THIS MO. 380
DPTR FM NORMAL 112 [PRESSURE DATA]
TOTAL FM JAN 1 530 HIGHEST SLP 30.22 ON 11
DPTR FM NORMAL 112 LOWEST SLP 29.70 ON 6
[REMARKS]
#FINAL-05-22#