000
CXUS55 KGJT 011125
CF6EEO
PRELIMINARY LOCAL CLIMATOLOGICAL DATA (WS FORM: F-6)
STATION: MEEKER CO
MONTH: JANUARY
YEAR: 2023
LATITUDE: 40 2 N
LONGITUDE: 107 53 W
TEMPERATURE IN F: :PCPN: SNOW: WIND :SUNSHINE: SKY :PK WND
================================================================================
1 2 3 4 5 6A 6B 7 8 9 10 11 12 13 14 15 16 17 18
12Z AVG MX 2MIN
DY MAX MIN AVG DEP HDD CDD WTR SNW DPTH SPD SPD DIR MIN PSBL S-S WX SPD DR
================================================================================
1 42 34 38 18 27 0 0.03 M M 5.2 17 210 M M 10 26 190
2 35 22 29 9 36 0 0.35 M M 4.8 17 210 M M 10 1 24 210
3 28 15 22 2 43 0 0.18 M M 1.5 13 280 M M 10 1 17 270
4 27 3 15 -5 50 0 T M M 2.7 9 20 M M 7 1 10 30
5 31 3 17 -3 48 0 0.11 M M 3.0 13 10 M M 4 1 16 20
6 32 27 30 10 35 0 0.34 M M 2.6 12 290 M M 10 1 18 110
7 33 9 21 1 44 0 T M M 2.0 7 110 M M 5 1 11 120
8 35 8 22 2 43 0 0.00 M M 2.1 10 20 M M 5 12 30
9 40 7 24 4 41 0 T M M 4.1 24 200 M M 7 35 190
10 43 32 38 18 27 0 T M M 8.8 26 200 M M 10 38 200
11 39 8 24 4 41 0 0.48 M M 5.3 18 240 M M 9 12 28 180
12 28 2 15 -5 50 0 0.00 M M 3.4 10 60 M M 0 1 13 50
13 33 5 19 -1 46 0 0.00 M M 1.2 7 30 M M 0 9 40
14 44 9 27 7 38 0 0.00 M M 5.2 24 200 M M 5 37 200
15 39 30 35 15 30 0 0.06 M M 6.6 22 260 M M 10 12 28 240
16 36 16 26 5 39 0 0.08 M M 4.7 15 210 M M 8 12 23 30
17 32 14 23 2 42 0 0.24 M M 4.2 22 350 M M 8 12 27 350
18 26 0 13 -8 52 0 0.20 M M 6.9 20 330 M M 9 1 26 340
19 23 -8 8 -13 57 0 0.00 M M 1.9 7 30 M M 0 10 90
20 24 2 13 -8 52 0 T M M 1.1 9 20 M M 6 1 10 20
21 23 -7 8 -13 57 0 T M M 2.0 7 140 M M 5 1 8 100
22 23 -9 7 -14 58 0 0.00 M M 1.9 7 190 M M 2 9 30
23 24 -5 10 -11 55 0 0.00 M M 2.2 7 50 M M 3 8 20
24 23 -7 8 -14 57 0 T M M 1.3 6 50 M M 8 18 8 120
25 22 -6 8 -14 57 0 0.02 M M 2.4 10 280 M M 10 18 12 280
26 23 -8 8 -14 57 0 T M M 2.1 10 210 M M 10 1 16 220
27 28 19 24 2 41 0 0.14 M M 5.6 18 210 M M 10 1 26 220
28 31 19 25 3 40 0 0.08 M M 8.3 21 190 M M 10 12 29 180
29 33 5 19 -3 46 0 0.05 M M 7.8 22 230 M M 10 1 29 190
30 11 -14 -1 -23 66 0 0.20 M M 1.4 13 40 M M 9 12 14 40
31 8 -31 -11 -34 76 0 0.00 M M 1.6 7 40 M M 0 18 12 120
================================================================================
SM 919 194 1451 0 2.56 M 113.9 M 210
================================================================================
AV 29.6 6.3 3.7 FASTST M M 7 MAX(MPH)
MISC ----> 26 200 38 200
================================================================================
NOTES:
# LAST OF SEVERAL OCCURRENCES
COLUMN 17 PEAK WIND IN M.P.H.
PRELIMINARY LOCAL CLIMATOLOGICAL DATA (WS FORM: F-6) , PAGE 2
STATION: MEEKER CO
MONTH: JANUARY
YEAR: 2023
LATITUDE: 40 2 N
LONGITUDE: 107 53 W
[TEMPERATURE DATA] [PRECIPITATION DATA] SYMBOLS USED IN COLUMN 16
AVERAGE MONTHLY: 18.0 TOTAL FOR MONTH: 2.56 1 = FOG OR MIST
DPTR FM NORMAL: -2.9 DPTR FM NORMAL: 1.49 2 = FOG REDUCING VISIBILITY
HIGHEST: 44 ON 14 GRTST 24HR 0.48 ON 11-11 TO 1/4 MILE OR LESS
LOWEST: -31 ON 31 3 = THUNDER
SNOW, ICE PELLETS, HAIL 4 = ICE PELLETS
TOTAL MONTH: M 5 = HAIL
GRTST 24HR M ON M 6 = FREEZING RAIN OR DRIZZLE
GRTST DEPTH: M ON M 7 = DUSTSTORM OR SANDSTORM:
VSBY 1/2 MILE OR LESS
8 = SMOKE OR HAZE
[NO. OF DAYS WITH] [WEATHER - DAYS WITH] 9 = BLOWING SNOW
X = TORNADO
MAX 32 OR BELOW: 19 0.01 INCH OR MORE: 15
MAX 90 OR ABOVE: 0 0.10 INCH OR MORE: 9
MIN 32 OR BELOW: 30 0.50 INCH OR MORE: 0
MIN 0 OR BELOW: 10 1.00 INCH OR MORE: 0
[HDD (BASE 65) ]
TOTAL THIS MO. 1451 CLEAR (SCALE 0-3) 5
DPTR FM NORMAL 82 PTCLDY (SCALE 4-7) 12
TOTAL FM JUL 1 4803 CLOUDY (SCALE 8-10) 14
DPTR FM NORMAL 337
[CDD (BASE 65) ]
TOTAL THIS MO. 0
DPTR FM NORMAL 0 [PRESSURE DATA]
TOTAL FM JAN 1 0 HIGHEST SLP 30.80 ON 12
DPTR FM NORMAL 0 LOWEST SLP 29.41 ON 15
[REMARKS]
#FINAL-01-23#