000
CXUS55 KGJT 011000
CF6EEO
PRELIMINARY LOCAL CLIMATOLOGICAL DATA (WS FORM: F-6)
STATION: MEEKER CO
MONTH: MAY
YEAR: 2020
LATITUDE: 40 2 N
LONGITUDE: 107 53 W
TEMPERATURE IN F: :PCPN: SNOW: WIND :SUNSHINE: SKY :PK WND
================================================================================
1 2 3 4 5 6A 6B 7 8 9 10 11 12 13 14 15 16 17 18
12Z AVG MX 2MIN
DY MAX MIN AVG DEP HDD CDD WTR SNW DPTH SPD SPD DIR MIN PSBL S-S WX SPD DR
================================================================================
1 79 40 60 14 5 0 0.00 M M 11.1 39 10 M M 1 53 10
2 64 41 53 6 12 0 0.19 M M 6.5 23 300 M M 4 38 33 290
3 71 39 55 8 10 0 T M M 9.0 37 10 M M 5 50 10
4 59 30 45 -2 20 0 0.01 M M 5.8 21 280 M M 5 27 280
5 66 25 46 -2 19 0 0.00 M M 5.5 16 260 M M 0 28 260
6 75 29 52 4 13 0 0.00 M M 7.3 23 250 M M 0 37 280
7 63 32 48 0 17 0 0.00 M M 9.4 22 10 M M 0 33 360
8 66 23 45 -4 20 0 0.00 M M 5.5 18 290 M M 0 25 270
9 65 28 47 -2 18 0 0.00 M M 5.5 18 10 M M 0 25 40
10 73 27 50 1 15 0 0.00 M M 5.1 20 270 M M 1 28 290
11 63 43 53 3 12 0 0.20 M M 5.8 24 260 M M 5 13 32 260
12 74 37 56 6 9 0 0.00 M M 13.3 28 200 M M 1 41 180
13 69 49 59 9 6 0 0.00 M M 13.4 26 230 M M 3 38 210
14 65 44 55 4 10 0 0.09 M M 5.3 24 260 M M 6 39 250
15 64 40 52 1 13 0 0.12 M M 2.9 28 220 M M 6 1 36 210
16 69 33 51 -1 14 0 0.00 M M 4.5 14 310 M M 1 20 330
17 80 37 59 7 6 0 0.00 M M 7.0 24 230 M M 1 31 230
18 83 41 62 10 3 0 0.00 M M 10.5 26 220 M M 0 40 180
19 81 37 59 6 6 0 0.00 M M 13.2 32 210 M M 0 45 210
20 66 35 51 -2 14 0 0.00 M M 11.3 40 220 M M 1 55 210
21 67 26 47 -6 18 0 0.00 M M 6.0 20 240 M M 1 31 250
22 74 29 52 -2 13 0 0.00 M M 9.4 28 220 M M 0 38 220
23 66 41 54 0 11 0 T M M 8.2 22 50 M M 6 29 40
24 59 35 47 -7 18 0 T M M 6.7 18 20 M M 8 26 10
25 66 26 46 -9 19 0 0.00 M M 4.1 13 10 M M 3 19 320
26 76 30 53 -2 12 0 T M M 4.2 15 330 M M 3 21 340
27 78 41 60 5 5 0 T M M 5.6 16 30 M M 6 23 20
28 85 40 63 7 2 0 0.00 M M 4.2 14 350 M M 0 23 340
29 88 43 66 10 0 1 0.00 M M 5.3 33 250 M M 1 45 260
30 85 44 65 9 0 0 0.05 M M 5.6 18 150 M M 2 3 26 150
31 83 48 66 9 0 1 T M M 9.1 28 210 M M 2 3 39 190
================================================================================
SM 2222 1113 340 2 0.66 M 226.3 M 72
================================================================================
AV 71.7 35.9 7.3 FASTST M M 2 MAX(MPH)
MISC ----> # 40 220 # 55 210
================================================================================
NOTES:
# LAST OF SEVERAL OCCURRENCES
COLUMN 17 PEAK WIND IN M.P.H.
PRELIMINARY LOCAL CLIMATOLOGICAL DATA (WS FORM: F-6) , PAGE 2
STATION: MEEKER CO
MONTH: MAY
YEAR: 2020
LATITUDE: 40 2 N
LONGITUDE: 107 53 W
[TEMPERATURE DATA] [PRECIPITATION DATA] SYMBOLS USED IN COLUMN 16
AVERAGE MONTHLY: 53.8 TOTAL FOR MONTH: 0.66 1 = FOG OR MIST
DPTR FM NORMAL: 2.3 DPTR FM NORMAL: -0.79 2 = FOG REDUCING VISIBILITY
HIGHEST: 88 ON 29 GRTST 24HR 0.20 ON 11-11 TO 1/4 MILE OR LESS
LOWEST: 23 ON 8 3 = THUNDER
SNOW, ICE PELLETS, HAIL 4 = ICE PELLETS
TOTAL MONTH: M 5 = HAIL
GRTST 24HR M ON M 6 = FREEZING RAIN OR DRIZZLE
GRTST DEPTH: M ON M 7 = DUSTSTORM OR SANDSTORM:
VSBY 1/2 MILE OR LESS
8 = SMOKE OR HAZE
[NO. OF DAYS WITH] [WEATHER - DAYS WITH] 9 = BLOWING SNOW
X = TORNADO
MAX 32 OR BELOW: 0 0.01 INCH OR MORE: 6
MAX 90 OR ABOVE: 0 0.10 INCH OR MORE: 3
MIN 32 OR BELOW: 11 0.50 INCH OR MORE: 0
MIN 0 OR BELOW: 0 1.00 INCH OR MORE: 0
[HDD (BASE 65) ]
TOTAL THIS MO. 340 CLEAR (SCALE 0-3) 21
DPTR FM NORMAL -80 PTCLDY (SCALE 4-7) 10
TOTAL FM JUL 1 7982 CLOUDY (SCALE 8-10) 0
DPTR FM NORMAL 149
[CDD (BASE 65) ]
TOTAL THIS MO. 2
DPTR FM NORMAL 1 [PRESSURE DATA]
TOTAL FM JAN 1 2 HIGHEST SLP 30.32 ON 5
DPTR FM NORMAL 1 LOWEST SLP 29.50 ON 19
[REMARKS]
#FINAL-05-20#