000
CXUS52 KFFC 011010
CF6FFC
PRELIMINARY LOCAL CLIMATOLOGICAL DATA (WS FORM: F-6)
STATION: PEACHTREE CITY
MONTH: JUNE
YEAR: 2022
LATITUDE: 33 20 N
LONGITUDE: 84 34 W
TEMPERATURE IN F: :PCPN: SNOW: WIND :SUNSHINE: SKY :PK WND
================================================================================
1 2 3 4 5 6A 6B 7 8 9 10 11 12 13 14 15 16 17 18
12Z AVG MX 2MIN
DY MAX MIN AVG DEP HDD CDD WTR SNW DPTH SPD SPD DIR MIN PSBL S-S WX SPD DR
================================================================================
1 92 65 79 4 0 14 0.00 M M 1.0 9 330 M M 1 12 320
2 91 66 79 4 0 14 0.00 M M 3.1 16 330 M M 1 1 22 320
3 88 66 77 2 0 12 T M M 5.5 15 310 M M 1 19 310
4 87 64 76 1 0 11 0.00 M M 4.4 14 110 M M 3 22 80
5 88 61 75 -1 0 10 0.00 M M 3.2 13 120 M M 1 17 90
6 86 62 74 -2 0 9 0.08 M M 3.8 14 120 M M 4 3 19 110
7 87 68 78 2 0 13 0.00 M M 2.1 20 340 M M 5 25 320
8 86 68 77 1 0 12 1.00 M M 3.5 28 320 M M 3 13 38 330
9 87 68 78 2 0 13 0.00 M M 5.0 20 320 M M 4 1 27 330
10 85 61 73 -4 0 8 0.00 M M 1.8 9 330 M M 0 14 280
11 89 66 78 1 0 13 0.00 M M 1.6 8 300 M M 3 12 310
12 93 69 81 4 0 16 0.00 M M 2.4 10 290 M M 1 15 300
13 97 70 84 7 0 19 0.00 M M 2.5 12 290 M M 0 16 290
14 97 75 86 8 0 21 0.00 M M 2.1 12 360 M M 1 13 16 20
15 102 71 87 9 0 22 0.70 M M 4.6 24 140 M M 2 13 35 40
16 96 71 84 6 0 19 0.00 M M 2.8 9 150 M M 0 13 130
17 96 76 86 8 0 21 0.00 M M 5.7 15 320 M M 0 20 310
18 93 68 81 3 0 16 0.00 M M 7.8 21 320 M M 0 30 300
19 91 62 77 -1 0 12 0.00 M M 3.5 13 80 M M 0 21 80
20 92 58 75 -3 0 10 0.00 M M 1.5 10 140 M M 0 13 150
21 96 63 80 1 0 15 0.00 M M 3.0 15 360 M M 0 19 360
22 98 66 82 3 0 17 0.00 M M 3.1 18 330 M M 0 26 320
23 96 71 84 5 0 19 0.00 M M 3.6 13 300 M M 0 19 310
24 96 70 83 4 0 18 2.61 M M 4.7 15 160 M M 2 13 27 250
25 90 73 82 3 0 17 0.00 M M 2.8 14 130 M M 3 19 110
26 M M M M M M T M M M M M M M 3 M M
27 88 72 80 1 0 15 0.21 M M 1.7 21 320 M M 6 3 29 320
28 86 70 78 -2 0 13 0.06 M M 2.9 10 130 M M 4 14 110
29 90 73 82 2 0 17 0.00 M M 2.7 13 150 M M 6 3 20 140
30 90 71 81 1 0 16 0.05 M M 2.3 15 130 M M 2 3 21 110
================================================================================
SM 2653 1964 0 432 4.71 M 94.7 M 56
================================================================================
AV 91.5 67.7 3.3 FASTST M M 2 MAX(MPH)
MISC ----> 28 320 38 330
================================================================================
NOTES:
# LAST OF SEVERAL OCCURRENCES
COLUMN 17 PEAK WIND IN M.P.H.
PRELIMINARY LOCAL CLIMATOLOGICAL DATA (WS FORM: F-6) , PAGE 2
STATION: PEACHTREE CITY
MONTH: JUNE
YEAR: 2022
LATITUDE: 33 20 N
LONGITUDE: 84 34 W
[TEMPERATURE DATA] [PRECIPITATION DATA] SYMBOLS USED IN COLUMN 16
AVERAGE MONTHLY: 79.6 TOTAL FOR MONTH: 4.71 1 = FOG OR MIST
DPTR FM NORMAL: 2.1 DPTR FM NORMAL: 0.26 2 = FOG REDUCING VISIBILITY
HIGHEST: 102 ON 15 GRTST 24HR 2.61 ON 24-24 TO 1/4 MILE OR LESS
LOWEST: 58 ON 20 3 = THUNDER
SNOW, ICE PELLETS, HAIL 4 = ICE PELLETS
TOTAL MONTH: M 5 = HAIL
GRTST 24HR M ON M 6 = FREEZING RAIN OR DRIZZLE
GRTST DEPTH: M ON M 7 = DUSTSTORM OR SANDSTORM:
VSBY 1/2 MILE OR LESS
8 = SMOKE OR HAZE
[NO. OF DAYS WITH] [WEATHER - DAYS WITH] 9 = BLOWING SNOW
X = TORNADO
MAX 32 OR BELOW: 0 0.01 INCH OR MORE: 7
MAX 90 OR ABOVE: 18 0.10 INCH OR MORE: 4
MIN 32 OR BELOW: 0 0.50 INCH OR MORE: 3
MIN 0 OR BELOW: 0 1.00 INCH OR MORE: 2
[HDD (BASE 65) ]
TOTAL THIS MO. 0 CLEAR (SCALE 0-3) 20
DPTR FM NORMAL -1 PTCLDY (SCALE 4-7) 10
TOTAL FM JUL 1 2176 CLOUDY (SCALE 8-10) 0
DPTR FM NORMAL -410
[CDD (BASE 65) ]
TOTAL THIS MO. 432
DPTR FM NORMAL 55 [PRESSURE DATA]
TOTAL FM JAN 1 722 HIGHEST SLP 30.25 ON 20
DPTR FM NORMAL 85 LOWEST SLP 29.80 ON 4
[REMARKS]
#FINAL-06-22#