000
CXUS54 KOUN 011413
CF6SPS
PRELIMINARY LOCAL CLIMATOLOGICAL DATA (WS FORM: F-6)
STATION: WICHITA FALLS
MONTH: DECEMBER
YEAR: 2023
LATITUDE: 33 58 N
LONGITUDE: 98 29 W
TEMPERATURE IN F: :PCPN: SNOW: WIND :SUNSHINE: SKY :PK WND
================================================================================
1 2 3 4 5 6A 6B 7 8 9 10 11 12 13 14 15 16 17 18
12Z AVG MX 2MIN
DY MAX MIN AVG DEP HDD CDD WTR SNW DPTH SPD SPD DIR MIN PSBL S-S WX SPD DR
================================================================================
1 52 35 44 -3 21 0 0.00 0.0 0 8.4 16 290 M M 1 23 330
2 70 34 52 5 13 0 0.04 0.0 0 11.1 28 230 M M 2 1 39 240
3 72 25 49 3 16 0 0.00 0.0 0 9.5 30 360 M M 0 41 10
4 63 34 49 3 16 0 0.00 0.0 0 6.7 15 310 M M 2 20 320
5 65 31 48 2 17 0 0.00 0.0 0 5.4 16 50 M M 0 21 40
6 68 34 51 5 14 0 0.00 0.0 0 8.5 18 200 M M 0 24 190
7 74 46 60 15 5 0 0.00 0.0 0 16.2 29 210 M M 1 37 190
8 75 44 60 15 5 0 0.00 0.0 0 13.6 25 240 M M 0 34 220
9 57 35 46 1 19 0 0.00 0.0 0 13.9 25 350 M M 0 33 350
10 53 26 40 -5 25 0 0.00 0.0 0 10.0 15 300 M M 0 21 310
11 62 30 46 2 19 0 0.00 0.0 0 5.8 14 180 M M 1 19 190
12 66 34 50 6 15 0 0.00 0.0 0 8.7 18 140 M M 6 24 160
13 62 48 55 11 10 0 T 0.0 0 11.2 21 130 M M 9 28 130
14 61 42 52 8 13 0 T 0.0 0 14.2 26 140 M M 9 3 34 140
15 57 41 49 5 16 0 1.00 0.0 0 10.2 18 300 M M 8 13 24 310
16 57 37 47 4 18 0 0.00 0.0 0 9.2 16 320 M M 0 20 320
17 65 35 50 7 15 0 0.00 0.0 0 5.4 12 220 M M 0 13 220
18 60 37 49 6 16 0 0.00 0.0 0 8.0 16 10 M M 0 20 10
19 59 32 46 3 19 0 0.00 0.0 0 11.8 23 180 M M 0 30 170
20 64 42 53 10 12 0 0.00 0.0 0 11.8 24 170 M M 4 31 180
21 63 51 57 14 8 0 T 0.0 0 10.4 17 160 M M 8 21 160
22 61 44 53 11 12 0 0.00 0.0 0 5.5 12 170 M M 7 12 13 180
23 71 43 57 15 8 0 0.03 0.0 0 13.6 24 170 M M 10 12 32 170
24 64 41 53 11 12 0 0.33 0.0 0 14.7 35 230 M M 6 13 52 230
25 48 29 39 -3 26 0 0.00 0.0 0 12.8 25 330 M M 0 32 340
26 52 24 38 -4 27 0 0.00 0.0 0 8.1 20 240 M M 0 26 240
27 50 35 43 1 22 0 0.00 0.0 0 11.6 21 350 M M 5 28 340
28 48 31 40 -2 25 0 T 0.0 0 8.4 21 20 M M 8 24 20
29 55 28 42 0 23 0 0.00 0.0 0 10.3 23 310 M M 0 30 310
30 66 29 48 6 17 0 0.00 0.0 0 6.8 14 190 M M 0 17 190
31 56 32 44 2 21 0 0.00 0.0 0 13.1 23 20 M M 0 30 20
================================================================================
SM 1896 1109 505 0 1.40 0.0 314.9 M 87
================================================================================
AV 61.2 35.8 10.2 FASTST M M 3 MAX(MPH)
MISC ----> 35 230 52 230
================================================================================
NOTES:
# LAST OF SEVERAL OCCURRENCES
COLUMN 17 PEAK WIND IN M.P.H.
PRELIMINARY LOCAL CLIMATOLOGICAL DATA (WS FORM: F-6) , PAGE 2
STATION: WICHITA FALLS
MONTH: DECEMBER
YEAR: 2023
LATITUDE: 33 58 N
LONGITUDE: 98 29 W
[TEMPERATURE DATA] [PRECIPITATION DATA] SYMBOLS USED IN COLUMN 16
AVERAGE MONTHLY: 48.5 TOTAL FOR MONTH: 1.40 1 = FOG OR MIST
DPTR FM NORMAL: 4.8 DPTR FM NORMAL: -0.16 2 = FOG REDUCING VISIBILITY
HIGHEST: 75 ON 8 GRTST 24HR 1.00 ON 14-15 TO 1/4 MILE OR LESS
LOWEST: 24 ON 26 3 = THUNDER
SNOW, ICE PELLETS, HAIL 4 = ICE PELLETS
TOTAL MONTH: 0.0 INCH 5 = HAIL
GRTST 24HR 0.0 6 = FREEZING RAIN OR DRIZZLE
GRTST DEPTH: 0 7 = DUSTSTORM OR SANDSTORM:
VSBY 1/2 MILE OR LESS
8 = SMOKE OR HAZE
[NO. OF DAYS WITH] [WEATHER - DAYS WITH] 9 = BLOWING SNOW
X = TORNADO
MAX 32 OR BELOW: 0 0.01 INCH OR MORE: 4
MAX 90 OR ABOVE: 0 0.10 INCH OR MORE: 2
MIN 32 OR BELOW: 11 0.50 INCH OR MORE: 1
MIN 0 OR BELOW: 0 1.00 INCH OR MORE: 1
[HDD (BASE 65) ]
TOTAL THIS MO. 505 CLEAR (SCALE 0-3) 20
DPTR FM NORMAL -154 PTCLDY (SCALE 4-7) 7
TOTAL FM JUL 1 957 CLOUDY (SCALE 8-10) 4
DPTR FM NORMAL -209
[CDD (BASE 65) ]
TOTAL THIS MO. 0
DPTR FM NORMAL -1 [PRESSURE DATA]
TOTAL FM JAN 1 3067 HIGHEST SLP 30.30 ON 31
DPTR FM NORMAL 621 LOWEST SLP 29.70 ON 24
[REMARKS]
#FINAL-12-23#