000
CXUS54 KOUN 010910
CF6SPS
PRELIMINARY LOCAL CLIMATOLOGICAL DATA (WS FORM: F-6)
STATION: WICHITA FALLS
MONTH: NOVEMBER
YEAR: 2023
LATITUDE: 33 58 N
LONGITUDE: 98 29 W
TEMPERATURE IN F: :PCPN: SNOW: WIND :SUNSHINE: SKY :PK WND
================================================================================
1 2 3 4 5 6A 6B 7 8 9 10 11 12 13 14 15 16 17 18
12Z AVG MX 2MIN
DY MAX MIN AVG DEP HDD CDD WTR SNW DPTH SPD SPD DIR MIN PSBL S-S WX SPD DR
================================================================================
1 59 28 44 -14 21 0 0.00 0.0 0 6.9 15 170 M M 0 21 200
2 67 36 52 -6 13 0 0.00 0.0 0 12.1 22 190 M M 0 27 180
3 76 38 57 -1 8 0 0.00 0.0 0 11.3 21 180 M M 0 29 150
4 77 51 64 7 1 0 0.00 0.0 0 10.4 22 190 M M 0 27 190
5 78 50 64 7 1 0 0.00 0.0 0 8.6 20 210 M M 2 12 24 210
6 88 58 73 17 0 8 0.00 0.0 0 13.9 24 220 M M 0 32 230
7 90 60 75 19 0 10 0.00 0.0 0 13.8 21 200 M M 0 28 210
8 91 59 75 19 0 10 0.00 0.0 0 14.9 29 20 M M 0 37 20
9 63 48 56 1 9 0 0.13 0.0 0 14.2 26 20 M M 9 1 33 20
10 63 41 52 -3 13 0 0.00 0.0 0 9.5 18 40 M M 1 24 60
11 65 47 56 2 9 0 T 0.0 0 2.7 10 160 M M 6 14 170
12 69 42 56 2 9 0 0.00 0.0 0 3.1 8 200 M M 0 11 210
13 70 44 57 3 8 0 0.00 0.0 0 2.8 12 100 M M 0 1 15 80
14 70 38 54 1 11 0 0.00 0.0 0 4.4 10 250 M M 0 16 170
15 73 43 58 5 7 0 0.00 0.0 0 4.6 12 190 M M 1 14 170
16 73 45 59 7 6 0 0.00 0.0 0 10.4 21 180 M M 2 25 180
17 60 49 55 3 10 0 0.00 0.0 0 10.8 21 360 M M 7 1 27 20
18 68 42 55 3 10 0 0.00 0.0 0 5.9 12 180 M M 0 1 14 180
19 63 54 59 8 6 0 0.06 0.0 0 12.2 23 180 M M 9 13 29 190
20 65 51 58 7 7 0 T 0.0 0 15.2 29 360 M M 7 1 39 360
21 60 37 49 -2 16 0 0.00 0.0 0 16.3 29 360 M M 6 36 360
22 64 31 48 -2 17 0 0.00 0.0 0 5.8 10 200 M M 0 15 220
23 69 33 51 1 14 0 0.00 0.0 0 7.7 14 150 M M 0 17 140
24 61 37 49 -1 16 0 0.00 0.0 0 10.2 18 20 M M 2 25 70
25 61 36 49 0 16 0 0.10 0.0 0 10.8 22 330 M M 10 1 29 330
26 50 29 40 -9 25 0 0.00 0.0 0 11.4 22 330 M M 1 28 340
27 56 24 40 -8 25 0 0.00 0.0 0 3.1 8 240 M M 1 11 240
28 63 30 47 -1 18 0 0.00 0.0 0 7.9 16 190 M M 0 21 190
29 65 35 50 2 15 0 0.00 0.0 0 12.0 17 170 M M 2 23 170
30 63 43 53 6 12 0 T M M 11.0 28 300 M M 8 13 34 300
================================================================================
SM 2040 1259 323 28 0.29 0.0 283.9 M 74
================================================================================
AV 68.0 42.0 9.5 FASTST M M 2 MAX(MPH)
MISC ----> # 29 20 39 360
================================================================================
NOTES:
# LAST OF SEVERAL OCCURRENCES
COLUMN 17 PEAK WIND IN M.P.H.
PRELIMINARY LOCAL CLIMATOLOGICAL DATA (WS FORM: F-6) , PAGE 2
STATION: WICHITA FALLS
MONTH: NOVEMBER
YEAR: 2023
LATITUDE: 33 58 N
LONGITUDE: 98 29 W
[TEMPERATURE DATA] [PRECIPITATION DATA] SYMBOLS USED IN COLUMN 16
AVERAGE MONTHLY: 55.0 TOTAL FOR MONTH: 0.29 1 = FOG OR MIST
DPTR FM NORMAL: 2.3 DPTR FM NORMAL: -1.34 2 = FOG REDUCING VISIBILITY
HIGHEST: 91 ON 8 GRTST 24HR 0.13 ON 9- 9 TO 1/4 MILE OR LESS
LOWEST: 24 ON 27 3 = THUNDER
SNOW, ICE PELLETS, HAIL 4 = ICE PELLETS
TOTAL MONTH: 0.0 INCH 5 = HAIL
GRTST 24HR 0.0 6 = FREEZING RAIN OR DRIZZLE
GRTST DEPTH: 0 7 = DUSTSTORM OR SANDSTORM:
VSBY 1/2 MILE OR LESS
8 = SMOKE OR HAZE
[NO. OF DAYS WITH] [WEATHER - DAYS WITH] 9 = BLOWING SNOW
X = TORNADO
MAX 32 OR BELOW: 0 0.01 INCH OR MORE: 3
MAX 90 OR ABOVE: 2 0.10 INCH OR MORE: 2
MIN 32 OR BELOW: 5 0.50 INCH OR MORE: 0
MIN 0 OR BELOW: 0 1.00 INCH OR MORE: 0
[HDD (BASE 65) ]
TOTAL THIS MO. 323 CLEAR (SCALE 0-3) 22
DPTR FM NORMAL -58 PTCLDY (SCALE 4-7) 5
TOTAL FM JUL 1 452 CLOUDY (SCALE 8-10) 3
DPTR FM NORMAL -55
[CDD (BASE 65) ]
TOTAL THIS MO. 28
DPTR FM NORMAL 16 [PRESSURE DATA]
TOTAL FM JAN 1 3067 HIGHEST SLP 30.52 ON 1
DPTR FM NORMAL 622 LOWEST SLP 29.54 ON 20
[REMARKS]
#FINAL-11-23#