000
CXUS53 KTOP 011340
CF6TOP
PRELIMINARY LOCAL CLIMATOLOGICAL DATA (WS FORM: F-6)
STATION: TOPEKA KS
MONTH: JANUARY
YEAR: 2021
LATITUDE: 39 4 N
LONGITUDE: 95 38 W
TEMPERATURE IN F: :PCPN: SNOW: WIND :SUNSHINE: SKY :PK WND
================================================================================
1 2 3 4 5 6A 6B 7 8 9 10 11 12 13 14 15 16 17 18
12Z AVG MX 2MIN
DY MAX MIN AVG DEP HDD CDD WTR SNW DPTH SPD SPD DIR MIN PSBL S-S WX SPD DR
================================================================================
1 33 22 28 -2 37 0 0.42 4.5 T 10.6 20 340 M M 9 12 28 340
2 36 17 27 -3 38 0 0.00 0.0 4 1.6 7 310 M M 2 128 8 300
3 40 16 28 -2 37 0 0.00 0.0 3 5.0 14 130 M M 4 18 18 130
4 51 25 38 8 27 0 T 0.0 3 5.4 17 340 M M 4 126 23 320
5 51 21 36 6 29 0 0.00 0.0 1 5.7 17 150 M M 0 18 22 160
6 45 38 42 12 23 0 0.14 0.0 T 7.6 16 120 M M 8 1 20 110
7 41 31 36 6 29 0 0.01 0.0 0 8.1 15 30 M M 9 18 19 30
8 41 24 33 3 32 0 0.00 0.0 0 2.3 10 50 M M 5 18 14 40
9 35 23 29 -1 36 0 0.00 0.0 0 4.6 9 310 M M 5 18 14 300
10 36 24 30 0 35 0 0.00 0.0 0 4.9 12 350 M M 8 18 16 360
11 49 28 39 9 26 0 0.00 0.0 0 5.8 15 240 M M 3 22 250
12 57 26 42 12 23 0 0.00 0.0 0 5.1 13 240 M M 0 19 220
13 60 28 44 14 21 0 0.00 0.0 0 5.4 15 210 M M 0 21 220
14 55 38 47 17 18 0 T T 0 17.5 35 320 M M 4 53 320
15 40 31 36 6 29 0 0.08 1.7 T 19.6 36 310 M M 10 1 51 320
16 40 27 34 4 31 0 0.00 0.0 1 7.3 17 310 M M 6 26 310
17 47 21 34 4 31 0 T T T 6.7 24 310 M M 3 1 34 320
18 50 22 36 6 29 0 0.00 0.0 0 2.9 16 20 M M 4 19 10
19 50 23 37 7 28 0 0.00 0.0 0 7.0 23 310 M M 2 31 290
20 57 21 39 9 26 0 0.00 0.0 0 7.7 26 240 M M 0 40 210
21 60 23 42 12 23 0 0.00 0.0 0 4.5 20 360 M M 0 27 350
22 37 21 29 -1 36 0 0.00 0.0 0 7.1 16 10 M M 1 23 10
23 42 21 32 2 33 0 0.00 0.0 0 9.7 18 140 M M 6 24 140
24 41 35 38 8 27 0 0.01 0.0 0 6.8 14 60 M M 10 18 19 350
25 36 29 33 3 32 0 0.65 0.2 0 10.3 21 70 M M 10 1 30 70
26 29 22 26 -4 39 0 0.04 0.9 T 10.0 17 350 M M 10 1 23 350
27 28 22 25 -5 40 0 0.02 0.3 1 6.1 12 350 M M 10 1 15 340
28 34 25 30 0 35 0 0.00 0.0 T 9.3 20 150 M M 7 25 160
29 52 25 39 9 26 0 0.00 0.0 0 10.5 18 150 M M 0 27 200
30 52 35 44 13 21 0 0.95 0.0 0 11.5 24 320 M M 7 1 35 310
31 39 31 35 4 30 0 T T 0 15.2 24 340 M M 10 8 36 320
================================================================================
SM 1364 795 927 0 2.32 7.6 241.8 M 157
================================================================================
AV 44.0 25.6 7.8 FASTST M M 5 MAX(MPH)
MISC ----> 36 310 53 320
================================================================================
NOTES:
# LAST OF SEVERAL OCCURRENCES
COLUMN 17 PEAK WIND IN M.P.H.
PRELIMINARY LOCAL CLIMATOLOGICAL DATA (WS FORM: F-6) , PAGE 2
STATION: TOPEKA KS
MONTH: JANUARY
YEAR: 2021
LATITUDE: 39 4 N
LONGITUDE: 95 38 W
[TEMPERATURE DATA] [PRECIPITATION DATA] SYMBOLS USED IN COLUMN 16
AVERAGE MONTHLY: 34.8 TOTAL FOR MONTH: 2.32 1 = FOG OR MIST
DPTR FM NORMAL: 5.1 DPTR FM NORMAL: 1.46 2 = FOG REDUCING VISIBILITY
HIGHEST: 60 ON 21,13 GRTST 24HR 0.95 ON 30-30 TO 1/4 MILE OR LESS
LOWEST: 16 ON 3 3 = THUNDER
SNOW, ICE PELLETS, HAIL 4 = ICE PELLETS
TOTAL MONTH: 7.6 INCHES 5 = HAIL
GRTST 24HR 4.5 ON 1- 1 6 = FREEZING RAIN OR DRIZZLE
GRTST DEPTH: 4 ON 2 7 = DUSTSTORM OR SANDSTORM:
VSBY 1/2 MILE OR LESS
8 = SMOKE OR HAZE
[NO. OF DAYS WITH] [WEATHER - DAYS WITH] 9 = BLOWING SNOW
X = TORNADO
MAX 32 OR BELOW: 2 0.01 INCH OR MORE: 9
MAX 90 OR ABOVE: 0 0.10 INCH OR MORE: 4
MIN 32 OR BELOW: 27 0.50 INCH OR MORE: 2
MIN 0 OR BELOW: 0 1.00 INCH OR MORE: 0
[HDD (BASE 65) ]
TOTAL THIS MO. 927 CLEAR (SCALE 0-3) 10
DPTR FM NORMAL -166 PTCLDY (SCALE 4-7) 13
TOTAL FM JUL 1 2733 CLOUDY (SCALE 8-10) 8
DPTR FM NORMAL -374
[CDD (BASE 65) ]
TOTAL THIS MO. 0
DPTR FM NORMAL 0 [PRESSURE DATA]
TOTAL FM JAN 1 0 HIGHEST SLP 30.63 ON 28
DPTR FM NORMAL 0 LOWEST SLP 29.47 ON 30
[REMARKS]
#FINAL-01-21#