000
CXUS53 KGID 011243
CF6EAR
PRELIMINARY LOCAL CLIMATOLOGICAL DATA (WS FORM: F-6)
STATION: KEARNEY NE
MONTH: MAY
YEAR: 2023
LATITUDE: 40 43 N
LONGITUDE: 99 0 W
TEMPERATURE IN F: :PCPN: SNOW: WIND :SUNSHINE: SKY :PK WND
================================================================================
1 2 3 4 5 6A 6B 7 8 9 10 11 12 13 14 15 16 17 18
12Z AVG MX 2MIN
DY MAX MIN AVG DEP HDD CDD WTR SNW DPTH SPD SPD DIR MIN PSBL S-S WX SPD DR
================================================================================
1 65 30 48 -5 17 0 0.00 M M 11.2 17 340 M M 0 27 340
2 67 31 49 -5 16 0 0.00 M M 8.5 14 340 M M 0 20 30
3 77 31 54 0 11 0 0.00 M M 8.6 20 170 M M 2 22 190
4 79 48 64 9 1 0 0.00 M M 13.1 21 140 M M 1 25 180
5 79 52 66 11 0 1 0.23 M M 10.7 22 120 M M 5 13 38 300
6 79 52 66 11 0 1 T M M 7.3 17 160 M M 4 3 37 210
7 79 53 66 10 0 1 0.01 M M 14.1 25 60 M M 3 3 32 50
8 82 49 66 10 0 1 0.00 M M 7.5 13 280 M M 0 17 300
9 71 55 63 6 2 0 0.38 M M 11.3 38 120 M M 3 18 47 120
10 79 54 67 10 0 2 0.01 M M 9.3 21 140 M M 6 13 30 120
11 79 56 68 11 0 3 0.83 M M 12.5 30 100 M M 7 13 38 100
12 74 55 65 7 0 0 0.25 M M 15.2 25 290 M M 8 13 38 290
13 75 58 67 9 0 2 0.00 M M 11.8 17 360 M M 7 21 300
14 62 53 58 -1 7 0 T M M 13.0 18 350 M M 9 1 M M
15 55 50 53 -6 12 0 0.00 M M 11.8 17 10 M M 10 1 M M
16 73 52 63 4 2 0 0.00 M M 5.2 8 60 M M 4 M M
17 80 46 63 3 2 0 0.00 M M 5.1 10 200 M M 0 M M
18 76 53 65 5 0 0 0.00 M M 9.4 15 360 M M 3 8 16 350
19 67 48 58 -3 7 0 0.00 M M 14.9 24 30 M M 2 8 33 360
20 74 40 57 -4 8 0 0.00 M M 4.4 8 190 M M 0 M M
21 80 48 64 2 1 0 0.00 M M 9.4 17 190 M M 1 21 190
22 80 55 68 6 0 3 0.00 M M 8.8 16 140 M M 2 M M
23 79 53 66 4 0 1 0.00 M M 9.8 16 170 M M 2 1 20 170
24 79 52 66 3 0 1 0.00 M M 7.1 16 110 M M 4 18 18 190
25 78 54 66 3 0 1 0.57 M M 10.3 24 120 M M 5 13 39 150
26 79 58 69 5 0 4 0.00 M M 14.0 20 160 M M 4 27 150
27 82 56 69 5 0 4 0.00 M M 15.5 23 150 M M 3 32 160
28 79 59 69 4 0 4 0.57 M M 12.2 25 120 M M 5 1 30 120
29 85 55 70 5 0 5 0.02 M M 10.5 25 300 M M 1 3 40 10
30 85 61 73 8 0 8 0.02 M M 7.9 16 180 M M 2 29 99
31 84 58 71 5 0 6 0.03 M M 9.1 31 330 M M 1 3 38 330
================================================================================
SM 2362 1575 86 48 2.92 M 319.5 M 104
================================================================================
AV 76.2 50.8 10.3 FASTST M M 3 MAX(MPH)
MISC ----> 38 120 M M
================================================================================
NOTES:
# LAST OF SEVERAL OCCURRENCES
COLUMN 17 PEAK WIND IN M.P.H.
PRELIMINARY LOCAL CLIMATOLOGICAL DATA (WS FORM: F-6) , PAGE 2
STATION: KEARNEY NE
MONTH: MAY
YEAR: 2023
LATITUDE: 40 43 N
LONGITUDE: 99 0 W
[TEMPERATURE DATA] [PRECIPITATION DATA] SYMBOLS USED IN COLUMN 16
AVERAGE MONTHLY: 63.5 TOTAL FOR MONTH: 2.92 1 = FOG OR MIST
DPTR FM NORMAL: 4.0 DPTR FM NORMAL: -1.48 2 = FOG REDUCING VISIBILITY
HIGHEST: 85 ON 30,29 GRTST 24HR 1.07 ON 11-12 TO 1/4 MILE OR LESS
LOWEST: 30 ON 1 3 = THUNDER
SNOW, ICE PELLETS, HAIL 4 = ICE PELLETS
TOTAL MONTH: M 5 = HAIL
GRTST 24HR M ON M 6 = FREEZING RAIN OR DRIZZLE
GRTST DEPTH: M ON M 7 = DUSTSTORM OR SANDSTORM:
VSBY 1/2 MILE OR LESS
8 = SMOKE OR HAZE
[NO. OF DAYS WITH] [WEATHER - DAYS WITH] 9 = BLOWING SNOW
X = TORNADO
MAX 32 OR BELOW: 0 0.01 INCH OR MORE: 11
MAX 90 OR ABOVE: 0 0.10 INCH OR MORE: 6
MIN 32 OR BELOW: 3 0.50 INCH OR MORE: 3
MIN 0 OR BELOW: 0 1.00 INCH OR MORE: 0
[HDD (BASE 65) ]
TOTAL THIS MO. 86 CLEAR (SCALE 0-3) 16
DPTR FM NORMAL -124 PTCLDY (SCALE 4-7) 13
TOTAL FM JUL 1 6065 CLOUDY (SCALE 8-10) 2
DPTR FM NORMAL -407
[CDD (BASE 65) ]
TOTAL THIS MO. 48
DPTR FM NORMAL 4 [PRESSURE DATA]
TOTAL FM JAN 1 62 HIGHEST SLP 30.38 ON 15
DPTR FM NORMAL 15 LOWEST SLP 29.71 ON 12
[REMARKS]
#FINAL-05-23#