000
CXUS55 KPUB 021543
CF6ALS
PRELIMINARY LOCAL CLIMATOLOGICAL DATA (WS FORM: F-6)
STATION: ALAMOSA CO
MONTH: JUNE
YEAR: 2021
LATITUDE: 37 27 N
LONGITUDE: 105 52 W
TEMPERATURE IN F: :PCPN: SNOW: WIND :SUNSHINE: SKY :PK WND
================================================================================
1 2 3 4 5 6A 6B 7 8 9 10 11 12 13 14 15 16 17 18
12Z AVG MX 2MIN
DY MAX MIN AVG DEP HDD CDD WTR SNW DPTH SPD SPD DIR MIN PSBL S-S WX SPD DR
================================================================================
1 67 34 51 -6 14 0 0.02 0.0 0 6.5 31 100 M M 5 12 44 110
2 73 37 55 -2 10 0 0.11 0.0 0 5.7 23 290 M M 3 3 32 300
3 77 38 58 1 7 0 0.07 0.0 0 4.6 26 350 M M 1 1238 34 330
4 79 39 59 1 6 0 0.07 0.0 0 5.0 30 330 M M 0 3 38 350
5 84 45 65 7 0 0 T 0.0 0 6.9 33 80 M M 1 3 51 80
6 85 48 67 9 0 2 0.02 0.0 0 7.5 26 270 M M 2 3 34 260
7 82 42 62 4 3 0 0.00 0.0 0 6.0 17 200 M M 0 25 150
8 83 40 62 3 3 0 0.00 0.0 0 9.1 24 230 M M 0 33 230
9 86 37 62 3 3 0 0.00 0.0 0 6.9 15 230 M M 0 21 220
10 87 37 62 3 3 0 0.00 0.0 0 10.9 30 200 M M 0 45 210
11 87 39 63 3 2 0 0.00 0.0 0 10.4 26 190 M M 0 35 200
12 89 38 64 4 1 0 0.00 0.0 0 6.4 22 220 M M 0 30 220
13 90 45 68 8 0 3 0.00 0.0 0 5.3 14 210 M M 0 22 180
14 91 42 67 7 0 2 0.00 0.0 0 5.1 17 190 M M 0 22 190
15 90 44 67 7 0 2 0.00 0.0 0 6.4 17 130 M M 0 24 110
16 94 47 71 10 0 6 T 0.0 0 7.9 30 10 M M 0 3 50 360
17 92 47 70 9 0 5 T 0.0 0 6.0 30 160 M M 0 3 41 150
18 87 48 68 7 0 3 0.42 0.0 0 5.0 24 360 M M 2 3 36 360
19 78 48 63 1 2 0 T 0.0 0 3.9 32 320 M M 2 3 42 330
20 87 45 66 4 0 1 0.00 0.0 0 5.3 20 100 M M 1 28 100
21 89 48 69 7 0 4 0.00 0.0 0 5.7 20 140 M M 0 28 130
22 90 48 69 7 0 4 0.00 0.0 0 8.2 24 240 M M 0 36 230
23 87 43 65 3 0 0 0.00 0.0 0 7.0 22 200 M M 0 30 210
24 85 51 68 5 0 3 0.10 0.0 0 9.1 31 230 M M 2 3 40 220
25 72 47 60 -3 5 0 0.02 0.0 0 7.6 30 340 M M 4 47 330
26 71 42 57 -6 8 0 T 0.0 0 6.6 29 230 M M 5 12 36 220
27 68 50 59 -4 6 0 0.06 0.0 0 6.4 26 30 M M 8 3 35 20
28 71 46 59 -5 6 0 0.00 0.0 0 9.5 24 100 M M 5 31 110
29 69 48 59 -5 6 0 0.00 0.0 0 7.7 20 210 M M 4 26 210
30 76 52 64 0 1 0 T 0.0 0 7.3 21 180 M M 7 28 190
================================================================================
SM 2466 1315 86 35 0.89 0.0 205.9 M 52
================================================================================
AV 82.2 43.8 6.9 FASTST M M 2 MAX(MPH)
MISC ----> 33 80 51 80
================================================================================
NOTES:
COLUMN 17 PEAK WIND IN M.P.H.
PRELIMINARY LOCAL CLIMATOLOGICAL DATA (WS FORM: F-6) , PAGE 2
STATION: ALAMOSA CO
MONTH: JUNE
YEAR: 2021
LATITUDE: 37 27 N
LONGITUDE: 105 52 W
[TEMPERATURE DATA] [PRECIPITATION DATA] SYMBOLS USED IN COLUMN 16
AVERAGE MONTHLY: 63.0 TOTAL FOR MONTH: 0.89 1 = FOG OR MIST
DPTR FM NORMAL: 2.4 DPTR FM NORMAL: 0.46 2 = FOG REDUCING VISIBILITY
HIGHEST: 94 ON 16 GRTST 24HR 0.42 ON 18 TO 1/4 MILE OR LESS
LOWEST: 34 ON 1 3 = THUNDER
SNOW, ICE PELLETS, HAIL 4 = ICE PELLETS
TOTAL MONTH: 0.0 INCH 5 = HAIL
GRTST 24HR 0.0 6 = FREEZING RAIN OR DRIZZLE
GRTST DEPTH: 0 7 = DUSTSTORM OR SANDSTORM:
VSBY 1/2 MILE OR LESS
8 = SMOKE OR HAZE
[NO. OF DAYS WITH] [WEATHER - DAYS WITH] 9 = BLOWING SNOW
X = TORNADO
MAX 32 OR BELOW: 0 0.01 INCH OR MORE: 9
MAX 90 OR ABOVE: 6 0.10 INCH OR MORE: 3
MIN 32 OR BELOW: 0 0.50 INCH OR MORE: 0
MIN 0 OR BELOW: 0 1.00 INCH OR MORE: 0
[HDD (BASE 65) ]
TOTAL THIS MO. 86 CLEAR (SCALE 0-3) 22
DPTR FM NORMAL -58 PTCLDY (SCALE 4-7) 7
TOTAL FM JUL 1 7963 CLOUDY (SCALE 8-10) 1
DPTR FM NORMAL -357
[CDD (BASE 65) ]
TOTAL THIS MO. 35
DPTR FM NORMAL 25 [PRESSURE DATA]
TOTAL FM JAN 1 35 HIGHEST SLP 30.30 ON 1
DPTR FM NORMAL 25 LOWEST SLP 29.67 ON 6
[REMARKS]
#FINAL-06-21#