000
CXUS55 KCYS 161129
CF6BFF
PRELIMINARY LOCAL CLIMATOLOGICAL DATA (WS FORM: F-6)
STATION: SCOTTSBLUFF NE AIRPORT
MONTH: SEPTEMBER
YEAR: 2021
LATITUDE: 41 52 N
LONGITUDE: 103 36 W
TEMPERATURE IN F: :PCPN: SNOW: WIND :SUNSHINE: SKY :PK WND
================================================================================
1 2 3 4 5 6A 6B 7 8 9 10 11 12 13 14 15 16 17 18
12Z AVG MX 2MIN
DY MAX MIN AVG DEP HDD CDD WTR SNW DPTH SPD SPD DIR MIN PSBL S-S WX SPD DR
================================================================================
1 91 67 79 10 0 14 T 0.0 0 8.6 21 60 M M 4 13 27 70
2 88 62 75 6 0 10 0.00 0.0 0 7.2 18 310 M M 4 24 320
3 75 57 66 -3 0 1 0.19 0.0 0 9.6 36 150 M M 6 13 56 140
4 81 51 66 -2 0 1 0.00 0.0 0 4.5 10 40 M M 2 12 13 50
5 90 50 70 2 0 5 0.00 0.0 0 8.0 16 270 M M 0 24 280
6 97 47 72 4 0 7 0.00 0.0 0 7.1 14 300 M M 0 8 18 300
7 83 50 67 0 0 2 0.00 0.0 0 5.4 10 110 M M 0 8 14 60
8 89 47 68 1 0 3 0.00 0.0 0 6.2 13 130 M M 0 16 140
9 98 51 75 9 0 10 0.00 0.0 0 6.2 13 60 M M 0 8 16 270
10 100 49 75 9 0 10 0.00 0.0 0 5.0 10 330 M M 0 8 15 270
11 98 56 77 11 0 12 0.02 0.0 0 10.6 33 350 M M 1 38 45 320
12 85 56 71 6 0 6 T 0.0 0 7.6 18 130 M M 0 25 120
13 86 59 73 8 0 8 T 0.0 0 9.3 29 300 M M 1 42 300
14 80 55 68 4 0 3 0.00 0.0 0 9.7 25 40 M M 2 8 35 30
15 93 52 73 9 0 8 0.00 0.0 0 6.8 16 260 M M 0 8 24 250
16 96 45 71 7 0 6 0.00 0.0 0 9.8 33 40 M M 0 8 46 300
17 74 47 61 -2 4 0 0.00 0.0 0 9.7 20 170 M M 2 28 150
18 96 50 73 10 0 8 0.00 0.0 0 7.2 17 160 M M 0 24 150
19 92 55 74 12 0 9 0.02 0.0 0 9.2 35 340 M M 2 3 46 350
20 66 47 57 -5 8 0 0.25 0.0 0 12.1 29 310 M M 7 1 41 320
21 68 39 54 -7 11 0 T 0.0 0 7.2 14 250 M M 1 22 250
22 82 34 58 -3 7 0 0.00 0.0 0 6.2 10 80 M M 0 17 290
23 87 40 64 4 1 0 0.00 0.0 0 9.1 23 320 M M 0 31 320
24 77 47 62 2 3 0 0.00 0.0 0 6.3 14 300 M M 0 20 250
25 90 42 66 7 0 1 0.00 0.0 0 5.1 12 110 M M 0 14 110
26 92 45 69 10 0 4 0.00 0.0 0 6.2 16 290 M M 0 22 280
27 95 42 69 11 0 4 0.00 0.0 0 5.6 12 90 M M 0 15 290
28 90 51 71 13 0 6 T 0.0 0 10.7 32 150 M M 2 45 170
29 63 46 55 -2 10 0 0.02 0.0 0 12.9 25 330 M M 9 1 33 350
30 69 41 55 -2 10 0 0.00 0.0 0 7.8 15 350 M M 6 21 340
================================================================================
SM 2571 1480 54 138 0.50 0.0 236.9 M 49
================================================================================
AV 85.7 49.3 7.9 FASTST M M 2 MAX(MPH)
MISC ----> 36 150 56 140
================================================================================
NOTES:
# LAST OF SEVERAL OCCURRENCES
COLUMN 17 PEAK WIND IN M.P.H.
PRELIMINARY LOCAL CLIMATOLOGICAL DATA (WS FORM: F-6) , PAGE 2
STATION: SCOTTSBLUFF NE AIRPORT
MONTH: SEPTEMBER
YEAR: 2021
LATITUDE: 41 52 N
LONGITUDE: 103 36 W
[TEMPERATURE DATA] [PRECIPITATION DATA] SYMBOLS USED IN COLUMN 16
AVERAGE MONTHLY: 67.5 TOTAL FOR MONTH: 0.50 1 = FOG OR MIST
DPTR FM NORMAL: 4.0 DPTR FM NORMAL: -0.72 2 = FOG REDUCING VISIBILITY
HIGHEST: 100 ON 10 GRTST 24HR 0.27 ON 19-20 TO 1/4 MILE OR LESS
LOWEST: 34 ON 22 3 = THUNDER
SNOW, ICE PELLETS, HAIL 4 = ICE PELLETS
TOTAL MONTH: 0.0 INCH 5 = HAIL
GRTST 24HR 0.0 6 = FREEZING RAIN OR DRIZZLE
GRTST DEPTH: 0 7 = DUSTSTORM OR SANDSTORM:
VSBY 1/2 MILE OR LESS
8 = SMOKE OR HAZE
[NO. OF DAYS WITH] [WEATHER - DAYS WITH] 9 = BLOWING SNOW
X = TORNADO
MAX 32 OR BELOW: 0 0.01 INCH OR MORE: 5
MAX 90 OR ABOVE: 14 0.10 INCH OR MORE: 2
MIN 32 OR BELOW: 0 0.50 INCH OR MORE: 0
MIN 0 OR BELOW: 0 1.00 INCH OR MORE: 0
[HDD (BASE 65) ]
TOTAL THIS MO. 54 CLEAR (SCALE 0-3) 24
DPTR FM NORMAL -72 PTCLDY (SCALE 4-7) 5
TOTAL FM JUL 1 54 CLOUDY (SCALE 8-10) 1
DPTR FM NORMAL -88
[CDD (BASE 65) ]
TOTAL THIS MO. 138
DPTR FM NORMAL 57 [PRESSURE DATA]
TOTAL FM JAN 1 1091 HIGHEST SLP 30.51 ON 21
DPTR FM NORMAL 240 LOWEST SLP 29.54 ON 28
[REMARKS]
SEPTEMBER 10...RECORD HIGH 100 DEGREES (PREVIOUS 97 DEGREES IN 2012)
SEPTEMBER 11...RECORD HIGH 98 DEGREES (PREVIOUS 95 DEGREES IN 2016)
SEPTEMBER 27...RECORD HIGH 95 DEGREES (PREVIOUS 92 DEGREES IN 1982)
MEAN TEMPERATURE 67.5 DEGREES WAS 2ND WARMEST SEPTEMBER
#FINAL-09-21#