000
CDUS43 KIND 270533
CLIHUF


CLIMATE REPORT
NATIONAL WEATHER SERVICE INDIANAPOLIS IN
1231 AM EST SUN NOV 27 2016


...................................

...THE TERRE HAUTE IN CLIMATE SUMMARY FOR NOVEMBER 26 2016...

CLIMATE NORMAL PERIOD 1981 TO 2010
CLIMATE RECORD PERIOD 9999 TO 9999


WEATHER ITEM   OBSERVED TIME   NORMAL DEPARTURE LAST
                VALUE   (LST)  VALUE  FROM      YEAR
                                      NORMAL
......................................................
TEMPERATURE (F)
 YESTERDAY
  MAXIMUM         48    344 PM  47      1       63
  MINIMUM         33   1156 PM  30      3       53
  AVERAGE         41            39      2       58

PRECIPITATION (IN)
  YESTERDAY        0.00          0.13  -0.13      T
  MONTH TO DATE    0.80          3.32  -2.52     2.92
  SINCE SEP 1      6.45         10.31  -3.86     6.26
  SINCE JAN 1     33.41         41.59  -8.18    31.64

DEGREE DAYS
 HEATING
  YESTERDAY       24            26     -2        7
  MONTH TO DATE  452           541    -89      445
  SINCE SEP 1    647           963   -316      743
  SINCE JUL 1    651           968   -317      747

 COOLING
  YESTERDAY        0             0      0        0
  MONTH TO DATE    4             0      4        3
  SINCE SEP 1    243           114    129      164
  SINCE JAN 1   1391           993    398     1093
......................................................


WIND (MPH)
  HIGHEST WIND SPEED    12   HIGHEST WIND DIRECTION     W (250)
  HIGHEST GUST SPEED    15   HIGHEST GUST DIRECTION     W (250)
  AVERAGE WIND SPEED     5.7


SKY COVER
  AVERAGE SKY COVER 0.6


WEATHER CONDITIONS
 THE FOLLOWING WEATHER WAS RECORDED YESTERDAY.
  NO SIGNIFICANT WEATHER WAS OBSERVED.


RELATIVE HUMIDITY (PERCENT)
 HIGHEST    85          1200 AM
 LOWEST     56           200 PM
 AVERAGE    71

..........................................................


THE TERRE HAUTE IN CLIMATE NORMALS FOR TODAY
                         NORMAL
 MAXIMUM TEMPERATURE (F)   47
 MINIMUM TEMPERATURE (F)   30


SUNRISE AND SUNSET
NOVEMBER 27 2016......SUNRISE   747 AM EST   SUNSET   527 PM EST
NOVEMBER 28 2016......SUNRISE   748 AM EST   SUNSET   527 PM EST


-  INDICATES NEGATIVE NUMBERS.
R  INDICATES RECORD WAS SET OR TIED.
MM INDICATES DATA IS MISSING.
T  INDICATES TRACE AMOUNT.




$$
