000
CDUS43 KIND 270536
CLIHUF


CLIMATE REPORT
NATIONAL WEATHER SERVICE INDIANAPOLIS IN
1236 AM EST FRI FEB 27 2015


...................................

...THE TERRE HAUTE IN CLIMATE SUMMARY FOR FEBRUARY 26 2015...

CLIMATE NORMAL PERIOD 1981 TO 2010
CLIMATE RECORD PERIOD 9999 TO 9999


WEATHER ITEM   OBSERVED TIME   NORMAL DEPARTURE LAST
                VALUE   (LST)  VALUE  FROM      YEAR
                                      NORMAL
......................................................
TEMPERATURE (F)
 YESTERDAY
  MAXIMUM         28   1258 AM  45    -17       21
  MINIMUM          9   1107 PM  27    -18       14
  AVERAGE         19            36    -17       18

PRECIPITATION (IN)
  YESTERDAY        T             0.06  -0.06      T
  MONTH TO DATE    0.92          1.81  -0.89     2.26
  SINCE DEC 1      5.43          7.22  -1.79     7.68
  SINCE JAN 1      2.65          4.17  -1.52     4.03

DEGREE DAYS
 HEATING
  YESTERDAY       46            29     17       47
  MONTH TO DATE 1142           856    286     1106
  SINCE DEC 1   3230          3028    202     3523
  SINCE JUL 1   4530          4106    424     4645

 COOLING
  YESTERDAY        0             0      0        0
  MONTH TO DATE    0             0      0        0
  SINCE DEC 1      0             0      0        0
  SINCE JAN 1      0             0      0        0
......................................................


WIND (MPH)
  HIGHEST WIND SPEED    16   HIGHEST WIND DIRECTION    NE (50)
  HIGHEST GUST SPEED    20   HIGHEST GUST DIRECTION    NE (50)
  AVERAGE WIND SPEED     9.6


SKY COVER
  AVERAGE SKY COVER 0.9


WEATHER CONDITIONS
 THE FOLLOWING WEATHER WAS RECORDED YESTERDAY.
  LIGHT SNOW
  FOG
  HAZE


RELATIVE HUMIDITY (PERCENT)
 HIGHEST    84           600 AM
 LOWEST     61           800 PM
 AVERAGE    73

..........................................................


THE TERRE HAUTE IN CLIMATE NORMALS FOR TODAY
                         NORMAL
 MAXIMUM TEMPERATURE (F)   46
 MINIMUM TEMPERATURE (F)   27


SUNRISE AND SUNSET
FEBRUARY 27 2015......SUNRISE   725 AM EST   SUNSET   639 PM EST
FEBRUARY 28 2015......SUNRISE   724 AM EST   SUNSET   640 PM EST


-  INDICATES NEGATIVE NUMBERS.
R  INDICATES RECORD WAS SET OR TIED.
MM INDICATES DATA IS MISSING.
T  INDICATES TRACE AMOUNT.




$$
