000
CDUS43 KIND 012133
CLIHUF


CLIMATE REPORT
NATIONAL WEATHER SERVICE INDIANAPOLIS IN
433 PM EST MON FEB 1 2016


...................................

...THE TERRE HAUTE IN CLIMATE SUMMARY FOR FEBRUARY 1 2016...
VALID TODAY AS OF 0400 PM LOCAL TIME.

CLIMATE NORMAL PERIOD 1981 TO 2010
CLIMATE RECORD PERIOD 9999 TO 9999


WEATHER ITEM   OBSERVED TIME   NORMAL DEPARTURE LAST
                VALUE   (LST)  VALUE  FROM      YEAR
                                      NORMAL
......................................................
TEMPERATURE (F)
 TODAY
  MAXIMUM         51    359 PM  37     14       38
  MINIMUM         33    815 AM  21     12       26
  AVERAGE         42            29     13       32

PRECIPITATION (IN)
  TODAY            0.00          0.07  -0.07     0.38
  MONTH TO DATE    0.00          0.07  -0.07     0.38
  SINCE DEC 1      7.17          5.48   1.69     4.89
  SINCE JAN 1      0.68          2.43  -1.75     2.11

......................................................


WIND (MPH)
  HIGHEST WIND SPEED    12   HIGHEST WIND DIRECTION    NW (300)
  HIGHEST GUST SPEED    15   HIGHEST GUST DIRECTION    NW (300)
  AVERAGE WIND SPEED     2.8


SKY COVER
  AVERAGE SKY COVER 0.3


WEATHER CONDITIONS
 THE FOLLOWING WEATHER WAS RECORDED TODAY.
  FOG


RELATIVE HUMIDITY (PERCENT)
 HIGHEST    96           500 AM
 LOWEST     41           300 PM

..........................................................


THE TERRE HAUTE IN CLIMATE NORMALS FOR TOMORROW
                         NORMAL
 MAXIMUM TEMPERATURE (F)   38
 MINIMUM TEMPERATURE (F)   21


SUNRISE AND SUNSET
FEBRUARY  1 2016......SUNRISE   757 AM EST   SUNSET   609 PM EST
FEBRUARY  2 2016......SUNRISE   756 AM EST   SUNSET   610 PM EST


-  INDICATES NEGATIVE NUMBERS.
R  INDICATES RECORD WAS SET OR TIED.
MM INDICATES DATA IS MISSING.
T  INDICATES TRACE AMOUNT.




$$
