000
CXUS54 KAMA 010810
CF6AMA
PRELIMINARY LOCAL CLIMATOLOGICAL DATA (WS FORM: F-6)
STATION: AMARILLO
MONTH: NOVEMBER
YEAR: 2022
LATITUDE: 35 13 N
LONGITUDE: 101 42 W
TEMPERATURE IN F: :PCPN: SNOW: WIND :SUNSHINE: SKY :PK WND
================================================================================
1 2 3 4 5 6A 6B 7 8 9 10 11 12 13 14 15 16 17 18
12Z AVG MX 2MIN
DY MAX MIN AVG DEP HDD CDD WTR SNW DPTH SPD SPD DIR MIN PSBL S-S WX SPD DR
================================================================================
1 74 47 61 8 4 0 0.00 0.0 0 18.3 25 180 M M 0 35 200
2 73 50 62 9 3 0 0.00 0.0 0 18.1 29 190 M M 0 1 37 180
3 77 54 66 14 0 1 0.00 0.0 0 18.6 31 200 M M 3 1 41 200
4 61 29 45 -7 20 0 0.16 T 0 12.8 23 20 M M 5 1 32 350
5 68 28 48 -3 17 0 0.00 0.0 M 11.9 23 240 M M 0 33 230
6 65 44 55 4 10 0 0.00 0.0 0 12.0 22 10 M M 0 29 350
7 67 37 52 1 13 0 0.00 0.0 0 10.7 22 150 M M 2 1 28 150
8 72 55 64 14 1 0 0.00 0.0 0 19.3 33 190 M M 9 1 42 180
9 75 60 68 18 0 3 0.00 0.0 0 22.0 35 180 M M 7 48 180
10 65 40 53 3 12 0 0.00 0.0 0 15.2 33 190 M M 2 1 47 200
11 41 22 32 -17 33 0 0.00 0.0 0 15.8 28 20 M M 6 37 30
12 53 20 37 -12 28 0 0.00 0.0 0 9.5 17 200 M M 0 24 220
13 56 29 43 -5 22 0 0.00 0.0 0 20.9 38 200 M M 0 44 200
14 36 21 29 -19 36 0 T T 0 12.8 31 360 M M 4 41 360
15 45 20 33 -15 32 0 0.00 0.0 0 7.4 14 30 M M 5 20 10
16 50 24 37 -10 28 0 0.00 0.0 0 7.1 17 320 M M 3 23 310
17 54 24 39 -8 26 0 0.00 0.0 0 14.1 31 30 M M 2 41 40
18 29 24 27 -19 38 0 0.00 0.0 0 10.3 21 30 M M 10 28 30
19 45 18 32 -14 33 0 0.00 0.0 0 7.9 20 40 M M 2 26 20
20 53 18 36 -10 29 0 0.00 0.0 0 11.6 20 210 M M 0 30 210
21 60 22 41 -4 24 0 0.00 0.0 0 7.8 15 160 M M 0 20 220
22 64 26 45 0 20 0 0.00 0.0 0 12.1 24 230 M M 0 31 220
23 63 28 46 2 19 0 0.00 0.0 0 12.9 26 210 M M 0 37 200
24 41 33 37 -7 28 0 0.02 T 0 20.9 35 20 M M 8 1 48 20
25 44 30 37 -7 28 0 0.01 T 0 10.7 18 10 M M 5 22 10
26 43 34 39 -4 26 0 0.14 0.0 0 5.8 15 310 M M 7 1 20 310
27 47 32 40 -3 25 0 0.00 0.0 0 10.4 20 10 M M 1 26 360
28 65 30 48 5 17 0 0.00 0.0 0 16.5 32 250 M M 0 44 260
29 58 20 39 -3 26 0 0.00 0.0 0 18.8 29 260 M M 1 42 260
30 40 14 27 -15 38 0 0.00 0.0 0 12.1 28 190 M M 0 37 190
================================================================================
SM 1684 933 636 4 0.33 T 404.3 M 82
================================================================================
AV 56.1 31.1 13.5 FASTST M M 3 MAX(MPH)
MISC ----> 38 200 # 48 180
================================================================================
NOTES:
# LAST OF SEVERAL OCCURRENCES
COLUMN 17 PEAK WIND IN M.P.H.
PRELIMINARY LOCAL CLIMATOLOGICAL DATA (WS FORM: F-6) , PAGE 2
STATION: AMARILLO
MONTH: NOVEMBER
YEAR: 2022
LATITUDE: 35 13 N
LONGITUDE: 101 42 W
[TEMPERATURE DATA] [PRECIPITATION DATA] SYMBOLS USED IN COLUMN 16
AVERAGE MONTHLY: 43.6 TOTAL FOR MONTH: 0.33 1 = FOG OR MIST
DPTR FM NORMAL: -3.8 DPTR FM NORMAL: -0.42 2 = FOG REDUCING VISIBILITY
HIGHEST: 77 ON 3 GRTST 24HR 0.16 ON 4- 4 TO 1/4 MILE OR LESS
LOWEST: 14 ON 30 3 = THUNDER
SNOW, ICE PELLETS, HAIL 4 = ICE PELLETS
TOTAL MONTH: T 5 = HAIL
GRTST 24HR T ON 4- 4 6 = FREEZING RAIN OR DRIZZLE
GRTST DEPTH: 0 7 = DUSTSTORM OR SANDSTORM:
VSBY 1/2 MILE OR LESS
8 = SMOKE OR HAZE
[NO. OF DAYS WITH] [WEATHER - DAYS WITH] 9 = BLOWING SNOW
X = TORNADO
MAX 32 OR BELOW: 1 0.01 INCH OR MORE: 4
MAX 90 OR ABOVE: 0 0.10 INCH OR MORE: 2
MIN 32 OR BELOW: 20 0.50 INCH OR MORE: 0
MIN 0 OR BELOW: 0 1.00 INCH OR MORE: 0
[HDD (BASE 65) ]
TOTAL THIS MO. 636 CLEAR (SCALE 0-3) 20
DPTR FM NORMAL 106 PTCLDY (SCALE 4-7) 8
TOTAL FM JUL 1 830 CLOUDY (SCALE 8-10) 2
DPTR FM NORMAL 49
[CDD (BASE 65) ]
TOTAL THIS MO. 4
DPTR FM NORMAL 2 [PRESSURE DATA]
TOTAL FM JAN 1 2018 HIGHEST SLP M ON M
DPTR FM NORMAL 411 LOWEST SLP 29.46 ON 29
[REMARKS]
#FINAL-11-22#