000
CXUS54 KAMA 011545
CF6AMA
PRELIMINARY LOCAL CLIMATOLOGICAL DATA (WS FORM: F-6)
STATION: AMARILLO
MONTH: JANUARY
YEAR: 2022
LATITUDE: 35 13 N
LONGITUDE: 101 42 W
TEMPERATURE IN F: :PCPN: SNOW: WIND :SUNSHINE: SKY :PK WND
================================================================================
1 2 3 4 5 6A 6B 7 8 9 10 11 12 13 14 15 16 17 18
12Z AVG MX 2MIN
DY MAX MIN AVG DEP HDD CDD WTR SNW DPTH SPD SPD DIR MIN PSBL S-S WX SPD DR
================================================================================
1 51 9 30 -8 35 0 0.04 0.3 0 20.9 30 360 M M 9 189 39 40
2 44 7 26 -12 39 0 T T T 9.0 16 290 M M 1 1 22 290
3 57 18 38 0 27 0 0.00 0.0 T 13.8 25 210 M M 0 33 200
4 72 36 54 16 11 0 0.00 0.0 0 14.9 30 280 M M 0 8 38 280
5 49 23 36 -2 29 0 0.00 0.0 0 12.6 23 180 M M 0 31 180
6 29 7 18 -20 47 0 T T 0 14.8 28 10 M M 3 36 10
7 61 15 38 0 27 0 0.00 0.0 0 19.9 28 170 M M 0 34 170
8 73 37 55 17 10 0 0.00 0.0 0 18.7 32 260 M M 0 43 230
9 45 27 36 -2 29 0 0.00 0.0 M 11.6 25 10 M M 0 34 350
10 56 21 39 1 26 0 0.00 0.0 0 7.7 14 290 M M 0 19 290
11 61 21 41 3 24 0 0.00 0.0 0 14.8 31 220 M M 0 41 220
12 62 26 44 6 21 0 0.00 0.0 0 6.8 14 240 M M 0 18 20
13 68 32 50 12 15 0 0.00 0.0 0 6.7 14 190 M M 0 16 310
14 63 36 50 12 15 0 0.00 0.0 0 24.2 48 360 M M 4 78 68 360
15 41 19 30 -8 35 0 0.00 0.0 0 21.2 41 350 M M 1 59 360
16 65 16 41 3 24 0 0.00 0.0 0 9.4 17 350 M M 0 25 310
17 63 20 42 3 23 0 0.00 0.0 0 11.8 28 200 M M 0 36 210
18 66 33 50 11 15 0 0.00 0.0 0 9.0 16 310 M M 0 21 290
19 44 17 31 -8 34 0 T T 0 19.8 32 20 M M 5 41 20
20 24 12 18 -21 47 0 0.07 1.3 T 10.0 22 20 M M 7 189 28 10
21 45 13 29 -10 36 0 0.00 0.0 T 16.0 25 170 M M 0 31 170
22 48 15 32 -7 33 0 0.00 0.0 0 5.8 12 250 M M 0 16 210
23 56 25 41 2 24 0 0.00 0.0 0 7.9 15 300 M M 0 20 300
24 59 23 41 2 24 0 0.00 0.0 0 11.3 23 10 M M 0 32 30
25 46 22 34 -5 31 0 0.00 0.0 0 16.1 30 120 M M 1 40 120
26 29 17 23 -16 42 0 0.23 2.2 T 9.7 18 200 M M 7 12 21 200
27 45 18 32 -7 33 0 0.00 0.0 2 12.3 23 40 M M 1 29 50
28 53 21 37 -2 28 0 0.00 0.0 T 9.5 20 290 M M 0 27 300
29 65 22 44 4 21 0 0.00 0.0 T 9.9 20 250 M M 0 25 250
30 62 26 44 4 21 0 0.00 0.0 0 8.5 15 150 M M 0 19 170
31 67 28 48 8 17 0 0.00 0.0 0 12.8 25 200 M M 0 33 210
================================================================================
SM 1669 662 843 0 0.34 3.8 397.4 M 39
================================================================================
AV 53.8 21.4 12.8 FASTST M M 1 MAX(MPH)
MISC ----> 48 360 68 360
================================================================================
NOTES:
# LAST OF SEVERAL OCCURRENCES
COLUMN 17 PEAK WIND IN M.P.H.
PRELIMINARY LOCAL CLIMATOLOGICAL DATA (WS FORM: F-6) , PAGE 2
STATION: AMARILLO
MONTH: JANUARY
YEAR: 2022
LATITUDE: 35 13 N
LONGITUDE: 101 42 W
[TEMPERATURE DATA] [PRECIPITATION DATA] SYMBOLS USED IN COLUMN 16
AVERAGE MONTHLY: 37.6 TOTAL FOR MONTH: 0.34 1 = FOG OR MIST
DPTR FM NORMAL: -1.0 DPTR FM NORMAL: -0.37 2 = FOG REDUCING VISIBILITY
HIGHEST: 73 ON 8 GRTST 24HR 0.23 ON 26-26 TO 1/4 MILE OR LESS
LOWEST: 7 ON 6, 2 3 = THUNDER
SNOW, ICE PELLETS, HAIL 4 = ICE PELLETS
TOTAL MONTH: 3.8 INCHES 5 = HAIL
GRTST 24HR 2.2 ON 26-26 6 = FREEZING RAIN OR DRIZZLE
GRTST DEPTH: 2 ON 27 7 = DUSTSTORM OR SANDSTORM:
VSBY 1/2 MILE OR LESS
8 = SMOKE OR HAZE
[NO. OF DAYS WITH] [WEATHER - DAYS WITH] 9 = BLOWING SNOW
X = TORNADO
MAX 32 OR BELOW: 3 0.01 INCH OR MORE: 3
MAX 90 OR ABOVE: 0 0.10 INCH OR MORE: 1
MIN 32 OR BELOW: 27 0.50 INCH OR MORE: 0
MIN 0 OR BELOW: 0 1.00 INCH OR MORE: 0
[HDD (BASE 65) ]
TOTAL THIS MO. 843 CLEAR (SCALE 0-3) 26
DPTR FM NORMAL 23 PTCLDY (SCALE 4-7) 4
TOTAL FM JUL 1 1892 CLOUDY (SCALE 8-10) 1
DPTR FM NORMAL -519
[CDD (BASE 65) ]
TOTAL THIS MO. 0
DPTR FM NORMAL 0 [PRESSURE DATA]
TOTAL FM JAN 1 0 HIGHEST SLP 30.68 ON 10
DPTR FM NORMAL 0 LOWEST SLP 29.43 ON 1
[REMARKS]
#FINAL-01-22#