000
CXUS54 KJAN 022133
CF6GLH
PRELIMINARY LOCAL CLIMATOLOGICAL DATA (WS FORM: F-6)
STATION: GREENVILLE
MONTH: FEBRUARY
YEAR: 2023
LATITUDE: 33 29 N
LONGITUDE: 90 59 W
TEMPERATURE IN F: :PCPN: SNOW: WIND :SUNSHINE: SKY :PK WND
================================================================================
1 2 3 4 5 6A 6B 7 8 9 10 11 12 13 14 15 16 17 18
12Z AVG MX 2MIN
DY MAX MIN AVG DEP HDD CDD WTR SNW DPTH SPD SPD DIR MIN PSBL S-S WX SPD DR
================================================================================
1 32 29 31 -14 34 0 0.17 M 0 11.2 18 350 M M 10 16 23 360
2 35 32 34 -11 31 0 1.78 0.0 M 10.8 17 360 M M 10 1 21 10
3 43 29 36 -10 29 0 0.00 0.0 0 9.8 20 20 M M 0 26 20
4 51 26 39 -7 26 0 0.00 0.0 0 4.4 12 120 M M 0 12 14 120
5 64 35 50 4 15 0 0.00 0.0 0 7.5 16 210 M M 1 20 250
6 69 39 54 8 11 0 0.00 0.0 0 8.2 18 190 M M 1 12 26 200
7 75 46 61 15 4 0 0.00 0.0 0 7.3 15 150 M M 2 21 140
8 79 56 68 22 0 3 0.57 0.0 0 14.6 29 190 M M 8 12 37 200
9 63 45 54 7 11 0 0.00 0.0 0 10.0 24 250 M M 1 33 240
10 60 39 50 3 15 0 T 0.0 0 10.4 22 20 M M 0 31 20
11 48 39 44 -3 21 0 T 0.0 0 15.2 22 360 M M 3 29 350
12 59 34 47 0 18 0 T 0.0 0 7.2 17 350 M M 0 24 350
13 70 36 53 6 12 0 0.00 0.0 0 9.4 18 220 M M 0 24 250
14 69 47 58 10 7 0 0.21 0.0 0 13.8 31 180 M M 4 1 45 160
15 74 61 68 20 0 3 0.01 0.0 0 10.4 18 180 M M 8 1 26 150
16 75 43 59 11 6 0 0.16 0.0 0 17.2 24 180 M M 9 13 33 190
17 49 33 41 -7 24 0 0.00 0.0 0 11.9 25 340 M M 5 32 320
18 53 29 41 -8 24 0 0.00 0.0 0 3.6 13 150 M M 0 19 140
19 68 40 54 5 11 0 0.00 0.0 0 11.6 23 200 M M 0 29 220
20 75 57 66 17 0 1 0.00 0.0 0 14.6 29 220 M M 2 37 220
21 80 65 73 24 0 8 0.52 0.0 0 14.3 24 180 M M 5 1 35 180
22 78 60 69 19 0 4 0.94 0.0 0 17.5 32 200 M M 8 1 47 200
23 79 57 68 18 0 3 T 0.0 0 10.1 18 10 M M 5 1 25 360
24 57 49 53 3 12 0 T 0.0 0 13.2 21 30 M M 9 29 20
25 54 49 52 2 13 0 0.00 0.0 0 5.4 12 330 M M 9 1 15 10
26 73 52 63 12 2 0 0.00 0.0 0 6.3 17 150 M M 8 12 22 160
27 78 57 68 17 0 3 T 0.0 0 13.5 28 230 M M 3 37 200
28 79 47 63 12 2 0 0.00 0.0 0 8.7 17 180 M M 0 25 180
================================================================================
SM 1789 1231 328 25 4.36 0.0 298.1 M 111
================================================================================
AV 63.9 44.0 10.6 FASTST M M 4 MAX(MPH)
MISC ----> 32 200 47 200
================================================================================
NOTES:
# LAST OF SEVERAL OCCURRENCES
COLUMN 17 PEAK WIND IN M.P.H.
PRELIMINARY LOCAL CLIMATOLOGICAL DATA (WS FORM: F-6) , PAGE 2
STATION: GREENVILLE
MONTH: FEBRUARY
YEAR: 2023
LATITUDE: 33 29 N
LONGITUDE: 90 59 W
[TEMPERATURE DATA] [PRECIPITATION DATA] SYMBOLS USED IN COLUMN 16
AVERAGE MONTHLY: 53.9 TOTAL FOR MONTH: 4.36 1 = FOG OR MIST
DPTR FM NORMAL: 6.0 DPTR FM NORMAL: -0.36 2 = FOG REDUCING VISIBILITY
HIGHEST: 80 ON 21 GRTST 24HR 1.90 ON 1- 2 TO 1/4 MILE OR LESS
LOWEST: 26 ON 4 3 = THUNDER
SNOW, ICE PELLETS, HAIL 4 = ICE PELLETS
TOTAL MONTH: 0.0 INCH 5 = HAIL
GRTST 24HR 0.0 6 = FREEZING RAIN OR DRIZZLE
GRTST DEPTH: 0 7 = DUSTSTORM OR SANDSTORM:
VSBY 1/2 MILE OR LESS
8 = SMOKE OR HAZE
[NO. OF DAYS WITH] [WEATHER - DAYS WITH] 9 = BLOWING SNOW
X = TORNADO
MAX 32 OR BELOW: 1 0.01 INCH OR MORE: 8
MAX 90 OR ABOVE: 0 0.10 INCH OR MORE: 7
MIN 32 OR BELOW: 5 0.50 INCH OR MORE: 4
MIN 0 OR BELOW: 0 1.00 INCH OR MORE: 1
[HDD (BASE 65) ]
TOTAL THIS MO. 328 CLEAR (SCALE 0-3) 14
DPTR FM NORMAL -156 PTCLDY (SCALE 4-7) 8
TOTAL FM JUL 1 1629 CLOUDY (SCALE 8-10) 6
DPTR FM NORMAL -560
[CDD (BASE 65) ]
TOTAL THIS MO. 25
DPTR FM NORMAL 20 [PRESSURE DATA]
TOTAL FM JAN 1 49 HIGHEST SLP 30.60 ON 3
DPTR FM NORMAL 47 LOWEST SLP 29.66 ON 27
[REMARKS]
#FINAL-02-23#