000
CXUS54 KJAN 011529
CF6GLH
PRELIMINARY LOCAL CLIMATOLOGICAL DATA (WS FORM: F-6)
STATION: GREENVILLE
MONTH: MARCH
YEAR: 2020
LATITUDE: 33 29 N
LONGITUDE: 90 59 W
TEMPERATURE IN F: :PCPN: SNOW: WIND :SUNSHINE: SKY :PK WND
================================================================================
1 2 3 4 5 6A 6B 7 8 9 10 11 12 13 14 15 16 17 18
12Z AVG MX 2MIN
DY MAX MIN AVG DEP HDD CDD WTR SNW DPTH SPD SPD DIR MIN PSBL S-S WX SPD DR
================================================================================
1 72 48 60 9 5 0 0.04 0.0 0 15.3 30 170 M M 4 3 41 180
2 72 57 65 14 0 0 T 0.0 0 13.4 21 200 M M 6 30 220
3 69 58 64 13 1 0 0.02 0.0 0 7.8 18 210 M M 5 1 24 200
4 59 53 56 4 9 0 0.91 0.0 0 8.1 20 120 M M 10 13 27 110
5 67 50 59 7 6 0 0.47 0.0 0 11.1 20 360 M M 4 1 27 360
6 60 43 52 0 13 0 0.00 0.0 0 11.6 18 10 M M 0 24 10
7 60 35 48 -4 17 0 0.00 0.0 0 5.3 17 110 M M 0 22 100
8 68 43 56 3 9 0 0.00 0.0 0 8.9 17 190 M M 0 24 180
9 69 56 63 10 2 0 0.92 0.0 0 14.3 30 170 M M 6 1 39 180
10 73 56 65 12 0 0 0.01 0.0 0 8.7 18 200 M M 4 1 25 200
11 76 55 66 12 0 1 0.00 0.0 0 9.6 24 220 M M 5 1 32 230
12 79 63 71 17 0 6 0.01 0.0 0 16.4 26 200 M M 5 35 200
13 68 53 61 7 4 0 0.69 0.0 0 12.5 23 30 M M 10 1 28 30
14 75 53 64 10 1 0 0.01 0.0 0 8.9 21 170 M M 6 1 26 180
15 54 47 51 -4 14 0 0.49 0.0 0 13.0 21 30 M M 10 13 26 20
16 64 49 57 2 8 0 0.00 0.0 0 5.8 14 30 M M 6 20 30
17 70 51 61 6 4 0 0.00 0.0 0 8.7 14 40 M M 5 12 18 10
18 76 57 67 12 0 2 0.00 0.0 0 9.3 23 200 M M 5 8 27 190
19 82 67 75 19 0 10 T 0.0 0 15.1 28 190 M M 4 36 190
20 74 54 64 8 1 0 0.65 0.0 0 12.2 21 350 M M 9 1 33 220
21 54 48 51 -5 14 0 0.00 0.0 0 11.9 18 20 M M 8 25 20
22 59 49 54 -2 11 0 0.41 0.0 0 6.2 20 110 M M 8 13 25 110
23 59 53 56 -1 9 0 1.30 0.0 0 5.9 17 310 M M 9 13 22 310
24 77 59 68 11 0 3 0.25 0.0 0 10.4 22 220 M M 8 13 30 210
25 67 54 61 4 4 0 0.00 0.0 0 6.0 17 20 M M 5 23 30
26 84 57 71 14 0 6 0.00 0.0 0 11.9 22 200 M M 0 28 180
27 84 67 76 18 0 11 0.00 0.0 0 12.6 23 190 M M 2 33 190
28 82 63 73 15 0 8 0.51 0.0 0 17.5 31 200 M M 2 13 39 200
29 73 54 64 6 1 0 T 0.0 0 5.8 15 330 M M 0 19 240
30 72 55 64 6 1 0 0.47 0.0 0 9.3 21 50 M M 6 13 27 60
31 62 49 56 -3 9 0 1.13 0.0 0 12.2 25 350 M M 6 1 34 360
================================================================================
SM 2160 1656 143 47 8.29 0.0 325.7 M 158
================================================================================
AV 69.7 53.4 10.5 FASTST M M 5 MAX(MPH)
MISC ----> # 31 200 # 41 180
================================================================================
NOTES:
# LAST OF SEVERAL OCCURRENCES
COLUMN 17 PEAK WIND IN M.P.H.
PRELIMINARY LOCAL CLIMATOLOGICAL DATA (WS FORM: F-6) , PAGE 2
STATION: GREENVILLE
MONTH: MARCH
YEAR: 2020
LATITUDE: 33 29 N
LONGITUDE: 90 59 W
[TEMPERATURE DATA] [PRECIPITATION DATA] SYMBOLS USED IN COLUMN 16
AVERAGE MONTHLY: 61.6 TOTAL FOR MONTH: 8.29 1 = FOG OR MIST
DPTR FM NORMAL: 6.8 DPTR FM NORMAL: 3.74 2 = FOG REDUCING VISIBILITY
HIGHEST: 84 ON 27,26 GRTST 24HR 1.30 ON 23-23 TO 1/4 MILE OR LESS
LOWEST: 35 ON 7 3 = THUNDER
SNOW, ICE PELLETS, HAIL 4 = ICE PELLETS
TOTAL MONTH: 0.0 INCH 5 = HAIL
GRTST 24HR 0.0 6 = FREEZING RAIN OR DRIZZLE
GRTST DEPTH: 0 7 = DUSTSTORM OR SANDSTORM:
VSBY 1/2 MILE OR LESS
8 = SMOKE OR HAZE
[NO. OF DAYS WITH] [WEATHER - DAYS WITH] 9 = BLOWING SNOW
X = TORNADO
MAX 32 OR BELOW: 0 0.01 INCH OR MORE: 17
MAX 90 OR ABOVE: 0 0.10 INCH OR MORE: 12
MIN 32 OR BELOW: 0 0.50 INCH OR MORE: 7
MIN 0 OR BELOW: 0 1.00 INCH OR MORE: 2
[HDD (BASE 65) ]
TOTAL THIS MO. 143 CLEAR (SCALE 0-3) 7
DPTR FM NORMAL -193 PTCLDY (SCALE 4-7) 17
TOTAL FM JUL 1 2132 CLOUDY (SCALE 8-10) 7
DPTR FM NORMAL -513
[CDD (BASE 65) ]
TOTAL THIS MO. 47
DPTR FM NORMAL 30 [PRESSURE DATA]
TOTAL FM JAN 1 51 HIGHEST SLP M ON M
DPTR FM NORMAL 29 LOWEST SLP 29.66 ON 31
[REMARKS]
#FINAL-03-20#