000
CXUS51 KCTP 010900
CF6JST
PRELIMINARY LOCAL CLIMATOLOGICAL DATA (WS FORM: F-6)
STATION: JOHNSTOWN
MONTH: JANUARY
YEAR: 2022
LATITUDE: 40 18 N
LONGITUDE: 78 50 W
TEMPERATURE IN F: :PCPN: SNOW: WIND :SUNSHINE: SKY :PK WND
================================================================================
1 2 3 4 5 6A 6B 7 8 9 10 11 12 13 14 15 16 17 18
12Z AVG MX 2MIN
DY MAX MIN AVG DEP HDD CDD WTR SNW DPTH SPD SPD DIR MIN PSBL S-S WX SPD DR
================================================================================
1 56 48 52 24 13 0 0.84 M M 6.7 16 260 M M 10 12 24 250
2 52 27 40 12 25 0 0.03 M M 13.2 23 290 M M 10 12 31 290
3 27 19 23 -4 42 0 T M M 11.7 21 290 M M 8 8 28 280
4 39 19 29 2 36 0 0.00 M M 9.4 18 160 M M 2 8 23 170
5 46 26 36 9 29 0 T M M 13.4 33 250 M M 2 48 270
6 33 18 26 -1 39 0 0.20 M M 10.9 29 270 M M 5 1 40 250
7 20 12 16 -11 49 0 0.02 M M 16.8 26 290 M M 10 189 34 300
8 26 8 17 -10 48 0 T M M 8.9 17 150 M M 4 18 23 170
9 42 23 33 7 32 0 0.66 M M 16.2 33 300 M M 10 16 43 280
10 23 13 18 -8 47 0 T M M 17.1 26 280 M M 8 8 38 270
11 21 6 14 -12 51 0 T M M 11.3 28 310 M M 4 35 310
12 41 21 31 5 34 0 0.00 M M 13.8 26 260 M M 1 39 260
13 41 32 37 11 28 0 0.06 M M 6.1 14 250 M M 9 12 20 230
14 33 19 26 0 39 0 T M M 10.1 22 330 M M 10 12 28 330
15 19 8 14 -12 51 0 0.00 M M 5.4 10 350 M M 3 14 350
16 26 7 17 -9 48 0 0.24 M M 10.0 25 70 M M 4 126 37 60
17 31 20 26 0 39 0 0.32 M M 19.1 36 290 M M 10 1268 51 300
18 25 19 22 -4 43 0 0.01 M M 13.6 31 280 M M 8 18 45 260
19 41 21 31 5 34 0 0.02 M M 12.4 24 250 M M 8 8 32 250
20 35 7 21 -5 44 0 0.01 M M 11.5 17 300 M M 8 18 24 330
21 16 1 9 -17 56 0 0.00 M M 5.4 14 50 M M 2 8 19 20
22 23 -2 11 -15 54 0 0.00 M M 8.0 20 250 M M 2 25 240
23 26 19 23 -3 42 0 0.01 M M 13.1 22 250 M M 9 18 31 270
24 31 12 22 -4 43 0 0.08 M M 9.5 20 270 M M 10 18 28 270
25 30 11 21 -5 44 0 0.05 M M 11.9 24 290 M M 10 16 27 300
26 14 3 9 -17 56 0 T M M 7.1 16 260 M M 8 18 20 290
27 30 -2 14 -12 51 0 T M M 8.5 18 230 M M 4 8 23 220
28 26 16 21 -5 44 0 0.04 M M 6.8 16 260 M M 10 18 21 260
29 16 3 10 -16 55 0 T M M 13.5 25 310 M M 4 189 32 320
30 19 2 11 -15 54 0 T M M 5.6 15 290 M M 6 8 18 300
31 24 10 17 -9 48 0 0.00 M M 3.6 10 170 M M 3 14 160
================================================================================
SM 932 446 1318 0 2.59 M 330.6 M 202
================================================================================
AV 30.1 14.4 10.7 FASTST M M 7 MAX(MPH)
MISC ----> 36 290 51 300
================================================================================
NOTES:
# LAST OF SEVERAL OCCURRENCES
COLUMN 17 PEAK WIND IN M.P.H.
PRELIMINARY LOCAL CLIMATOLOGICAL DATA (WS FORM: F-6) , PAGE 2
STATION: JOHNSTOWN
MONTH: JANUARY
YEAR: 2022
LATITUDE: 40 18 N
LONGITUDE: 78 50 W
[TEMPERATURE DATA] [PRECIPITATION DATA] SYMBOLS USED IN COLUMN 16
AVERAGE MONTHLY: 22.2 TOTAL FOR MONTH: 2.59 1 = FOG OR MIST
DPTR FM NORMAL: -4.1 DPTR FM NORMAL: 0.05 2 = FOG REDUCING VISIBILITY
HIGHEST: 56 ON 1 GRTST 24HR 0.85 ON 16-17 TO 1/4 MILE OR LESS
LOWEST: -2 ON 27,22 3 = THUNDER
SNOW, ICE PELLETS, HAIL 4 = ICE PELLETS
TOTAL MONTH: M 5 = HAIL
GRTST 24HR M ON M 6 = FREEZING RAIN OR DRIZZLE
GRTST DEPTH: M ON M 7 = DUSTSTORM OR SANDSTORM:
VSBY 1/2 MILE OR LESS
8 = SMOKE OR HAZE
[NO. OF DAYS WITH] [WEATHER - DAYS WITH] 9 = BLOWING SNOW
X = TORNADO
MAX 32 OR BELOW: 20 0.01 INCH OR MORE: 15
MAX 90 OR ABOVE: 0 0.10 INCH OR MORE: 5
MIN 32 OR BELOW: 30 0.50 INCH OR MORE: 2
MIN 0 OR BELOW: 2 1.00 INCH OR MORE: 0
[HDD (BASE 65) ]
TOTAL THIS MO. 1318 CLEAR (SCALE 0-3) 7
DPTR FM NORMAL 118 PTCLDY (SCALE 4-7) 11
TOTAL FM JUL 1 3281 CLOUDY (SCALE 8-10) 13
DPTR FM NORMAL -335
[CDD (BASE 65) ]
TOTAL THIS MO. 0
DPTR FM NORMAL 0 [PRESSURE DATA]
TOTAL FM JAN 1 0 HIGHEST SLP 30.61 ON 8
DPTR FM NORMAL 0 LOWEST SLP 29.08 ON 17
[REMARKS]
#FINAL-01-22#