000
CXUS54 KFWD 010731
CF6PRX
PRELIMINARY LOCAL CLIMATOLOGICAL DATA (WS FORM: F-6)
STATION: PARIS
MONTH: JUNE
YEAR: 2023
LATITUDE: 33 37 N
LONGITUDE: 95 27 W
TEMPERATURE IN F: :PCPN: SNOW: WIND :SUNSHINE: SKY :PK WND
================================================================================
1 2 3 4 5 6A 6B 7 8 9 10 11 12 13 14 15 16 17 18
12Z AVG MX 2MIN
DY MAX MIN AVG DEP HDD CDD WTR SNW DPTH SPD SPD DIR MIN PSBL S-S WX SPD DR
================================================================================
1 89 66 78 1 0 13 0.00 M M 6.0 12 160 M M 1 M M
2 90 68 79 2 0 14 0.00 M M 6.5 10 100 M M 0 M M
3 79 62 71 -6 0 6 1.36 M M 7.9 23 310 M M 4 13 31 130
4 81 63 72 -6 0 7 T M M 5.7 8 20 M M 2 1 M M
5 85 65 75 -3 0 10 T M M 4.6 8 10 M M 1 M M
6 90 66 78 0 0 13 0.01 M M 3.0 14 50 M M 1 3 M M
7 90 67 79 1 0 14 T M M 2.9 6 350 M M 0 M M
8 92 68 80 1 0 15 T M M 4.2 12 220 M M 0 8 18 220
9 94 68 81 2 0 16 0.00 M M 4.5 10 170 M M 0 M M
10 82 67 75 -4 0 10 0.27 M M 7.8 30 10 M M 1 13 43 10
11 95 66 81 1 0 16 0.14 M M 5.9 20 290 M M 2 13 32 220
12 80 65 73 -7 0 8 0.21 M M 8.7 22 320 M M 4 13 29 320
13 77 65 71 -9 0 6 1.94 M M 6.3 27 230 M M 9 123 41 240
14 82 67 75 -5 0 10 0.59 M M 4.1 14 110 M M 7 13 38 110
15 93 67 80 0 0 15 0.02 M M 6.2 45 140 M M 3 123 56 110
16 84 67 76 -5 0 11 0.02 M M 7.5 18 50 M M 5 13 28 50
17 93 70 82 1 0 17 0.01 M M 6.8 17 50 M M 2 123 45 340
18 82 67 75 -6 0 10 0.22 M M 7.2 21 10 M M 6 13 38 350
19 90 66 78 -3 0 13 T M M 6.4 14 110 M M 2 M M
20 92 76 84 3 0 19 T M M 9.4 14 100 M M 4 8 M M
21 89 75 82 0 0 17 0.00 M M 8.9 15 50 M M 3 1 20 90
22 90 73 82 0 0 17 T M M 7.0 12 110 M M 2 1 M M
23 92 72 82 0 0 17 T M M 7.4 18 30 M M 1 30 340
24 93 72 83 1 0 18 0.00 M M 10.5 17 170 M M 0 21 170
25 96 76 86 4 0 21 T M M 8.2 15 190 M M 1 M M
26 91 80 86 4 0 21 0.00 M M 6.6 12 150 M M 7 M M
27 95 78 87 4 0 22 0.00 M M 8.1 14 150 M M 1 1 M M
28 96 76 86 3 0 21 0.00 M M 9.3 14 190 M M 0 1 18 180
29 97 74 86 3 0 21 0.00 M M 7.8 12 180 M M 0 1 M M
30 95 77 86 3 0 21 0.00 M M 7.5 12 160 M M 0 18 17 210
================================================================================
SM 2674 2089 0 439 4.79 M 202.7 M 69
================================================================================
AV 89.1 69.6 6.8 FASTST M M 2 MAX(MPH)
MISC ----> 45 140 56 110
================================================================================
NOTES:
# LAST OF SEVERAL OCCURRENCES
COLUMN 17 PEAK WIND IN M.P.H.
PRELIMINARY LOCAL CLIMATOLOGICAL DATA (WS FORM: F-6) , PAGE 2
STATION: PARIS
MONTH: JUNE
YEAR: 2023
LATITUDE: 33 37 N
LONGITUDE: 95 27 W
[TEMPERATURE DATA] [PRECIPITATION DATA] SYMBOLS USED IN COLUMN 16
AVERAGE MONTHLY: 79.4 TOTAL FOR MONTH: 4.79 1 = FOG OR MIST
DPTR FM NORMAL: -0.9 DPTR FM NORMAL: 0.62 2 = FOG REDUCING VISIBILITY
HIGHEST: 97 ON 29 GRTST 24HR 1.94 ON 13-13 TO 1/4 MILE OR LESS
LOWEST: 62 ON 3 3 = THUNDER
SNOW, ICE PELLETS, HAIL 4 = ICE PELLETS
TOTAL MONTH: M 5 = HAIL
GRTST 24HR M ON M 6 = FREEZING RAIN OR DRIZZLE
GRTST DEPTH: M ON M 7 = DUSTSTORM OR SANDSTORM:
VSBY 1/2 MILE OR LESS
8 = SMOKE OR HAZE
[NO. OF DAYS WITH] [WEATHER - DAYS WITH] 9 = BLOWING SNOW
X = TORNADO
MAX 32 OR BELOW: 0 0.01 INCH OR MORE: 11
MAX 90 OR ABOVE: 19 0.10 INCH OR MORE: 7
MIN 32 OR BELOW: 0 0.50 INCH OR MORE: 3
MIN 0 OR BELOW: 0 1.00 INCH OR MORE: 2
[HDD (BASE 65) ]
TOTAL THIS MO. 0 CLEAR (SCALE 0-3) 21
DPTR FM NORMAL -1 PTCLDY (SCALE 4-7) 8
TOTAL FM JUL 1 2295 CLOUDY (SCALE 8-10) 1
DPTR FM NORMAL -395
[CDD (BASE 65) ]
TOTAL THIS MO. 439
DPTR FM NORMAL -21 [PRESSURE DATA]
TOTAL FM JAN 1 765 HIGHEST SLP 30.09 ON 12
DPTR FM NORMAL -52 LOWEST SLP 29.67 ON 15
[REMARKS]
#FINAL-06-23#