000
CXUS54 KFWD 010731
CF6PRX
PRELIMINARY LOCAL CLIMATOLOGICAL DATA (WS FORM: F-6)
STATION: PARIS
MONTH: OCTOBER
YEAR: 2020
LATITUDE: 33 37 N
LONGITUDE: 95 27 W
TEMPERATURE IN F: :PCPN: SNOW: WIND :SUNSHINE: SKY :PK WND
================================================================================
1 2 3 4 5 6A 6B 7 8 9 10 11 12 13 14 15 16 17 18
12Z AVG MX 2MIN
DY MAX MIN AVG DEP HDD CDD WTR SNW DPTH SPD SPD DIR MIN PSBL S-S WX SPD DR
================================================================================
1 76 55 66 -5 0 1 0.00 0.0 0 7.9 14 20 M M 0 M M
2 72 48 60 -10 5 0 0.00 M 0 5.8 10 100 M M 0 8 M M
3 79 49 64 -6 1 0 M M 0 8.2 13 180 M M 0 17 150
4 75 55 65 -5 0 0 M 0.0 0 8.4 17 340 M M 4 M M
5 74 48 61 -9 4 0 M M 0 7.2 14 140 M M 0 16 120
6 83 51 67 -2 0 2 0.00 0.0 0 6.5 8 140 M M 0 M M
7 85 54 70 1 0 5 0.00 0.0 0 4.5 8 160 M M 0 8 M M
8 84 60 72 4 0 7 0.00 0.0 0 5.7 10 100 M M 2 M M
9 75 66 71 3 0 6 0.00 0.0 0 8.5 13 110 M M 7 18 M M
10 84 60 72 4 0 7 0.00 0.0 0 5.6 12 290 M M 1 12 17 290
11 90 61 76 8 0 11 0.00 0.0 0 8.5 14 140 M M 0 18 140
12 78 54 66 -1 0 1 0.00 0.0 0 12.1 25 340 M M 1 8 31 360
13 81 48 65 -2 0 0 0.00 0.0 0 5.5 10 130 M M 0 M M
14 85 48 67 0 0 2 0.00 0.0 0 9.6 18 160 M M 0 18 20 190
15 66 58 62 -4 3 0 0.01 0.0 0 10.2 20 50 M M 7 1 33 50
16 68 45 57 -9 8 0 0.00 0.0 0 8.1 13 30 M M 2 8 17 70
17 70 41 56 -10 9 0 0.00 0.0 0 10.1 17 160 M M 5 23 160
18 83 63 73 8 0 8 0.00 0.0 0 11.4 15 180 M M 10 24 180
19 72 57 65 0 0 0 0.00 0.0 0 6.6 10 330 M M 6 M M
20 88 59 74 9 0 9 0.00 0.0 0 8.1 15 180 M M 5 20 180
21 86 64 75 11 0 10 0.00 0.0 0 8.0 16 180 M M 4 12 20 180
22 86 64 75 11 0 10 0.00 0.0 0 9.1 15 150 M M 1 M M
23 69 47 58 -6 7 0 0.01 0.0 0 13.6 23 340 M M 4 31 340
24 55 46 51 -12 14 0 0.00 0.0 0 6.6 13 340 M M 10 8 M M
25 56 50 53 -10 12 0 0.09 0.0 0 8.2 12 80 M M 10 1 M M
26 52 41 47 -16 18 0 0.57 0.0 0 10.4 14 60 M M 10 1 M M
27 49 41 45 -17 20 0 0.05 M 0 10.0 15 360 M M 10 1 M M
28 51 41 46 -16 19 0 1.09 M 0 10.0 16 280 M M 10 13 23 280
29 54 36 45 -17 20 0 0.00 0.0 0 9.2 18 330 M M 6 30 340
30 67 36 52 -9 13 0 T M 0 5.3 9 70 M M 0 18 M M
31 69 37 53 -8 12 0 T M 0 6.4 10 210 M M 0 1 M M
================================================================================
SM 2262 1583 165 79 1.82 0.0 255.3 M 115
================================================================================
AV 73.0 51.1 8.2 FASTST M M 4 MAX(MPH)
MISC ----> # 25 340 # 33 50
================================================================================
NOTES:
# LAST OF SEVERAL OCCURRENCES
COLUMN 17 PEAK WIND IN M.P.H.
PRELIMINARY LOCAL CLIMATOLOGICAL DATA (WS FORM: F-6) , PAGE 2
STATION: PARIS
MONTH: OCTOBER
YEAR: 2020
LATITUDE: 33 37 N
LONGITUDE: 95 27 W
[TEMPERATURE DATA] [PRECIPITATION DATA] SYMBOLS USED IN COLUMN 16
AVERAGE MONTHLY: 62.0 TOTAL FOR MONTH: 1.82 1 = FOG OR MIST
DPTR FM NORMAL: -3.9 DPTR FM NORMAL: -3.28 2 = FOG REDUCING VISIBILITY
HIGHEST: 90 ON 11 GRTST 24HR 1.09 ON 28-28 TO 1/4 MILE OR LESS
LOWEST: 36 ON 30,29 3 = THUNDER
SNOW, ICE PELLETS, HAIL 4 = ICE PELLETS
TOTAL MONTH: 0.0 INCH 5 = HAIL
GRTST 24HR 0.0 6 = FREEZING RAIN OR DRIZZLE
GRTST DEPTH: 0 7 = DUSTSTORM OR SANDSTORM:
VSBY 1/2 MILE OR LESS
8 = SMOKE OR HAZE
[NO. OF DAYS WITH] [WEATHER - DAYS WITH] 9 = BLOWING SNOW
X = TORNADO
MAX 32 OR BELOW: 0 0.01 INCH OR MORE: 6
MAX 90 OR ABOVE: 1 0.10 INCH OR MORE: 2
MIN 32 OR BELOW: 0 0.50 INCH OR MORE: 2
MIN 0 OR BELOW: 0 1.00 INCH OR MORE: 1
[HDD (BASE 65) ]
TOTAL THIS MO. 165 CLEAR (SCALE 0-3) 16
DPTR FM NORMAL 74 PTCLDY (SCALE 4-7) 9
TOTAL FM JUL 1 169 CLOUDY (SCALE 8-10) 6
DPTR FM NORMAL 67
[CDD (BASE 65) ]
TOTAL THIS MO. 79
DPTR FM NORMAL -40 [PRESSURE DATA]
TOTAL FM JAN 1 2000 HIGHEST SLP 30.45 ON 16
DPTR FM NORMAL -520 LOWEST SLP 29.76 ON 11
[REMARKS]
#FINAL-10-20#