652
CXUS55 KVEF 010910
CF6VGT
PRELIMINARY LOCAL CLIMATOLOGICAL DATA (WS FORM: F-6)
STATION: NORTH_LAS_VEGAS NV
MONTH: AUGUST
YEAR: 2020
LATITUDE: 36 12 N
LONGITUDE: 115 12 W
TEMPERATURE IN F: :PCPN: SNOW: WIND :SUNSHINE: SKY :PK WND
================================================================================
1 2 3 4 5 6A 6B 7 8 9 10 11 12 13 14 15 16 17 18
12Z AVG MX 2MIN
DY MAX MIN AVG DEP HDD CDD WTR SNW DPTH SPD SPD DIR MIN PSBL S-S WX SPD DR
================================================================================
1 114 83 99 8 0 34 0.00 M M 8.4 23 200 M M 0 29 160
2 110 78 94 3 0 29 0.00 M M 8.7 23 180 M M 0 29 210
3 109 78 94 3 0 29 0.00 M M 6.9 16 120 M M 0 22 150
4 107 77 92 1 0 27 0.00 M M 6.4 21 100 M M 0 29 120
5 105 80 93 2 0 28 0.00 M M 9.8 22 190 M M 0 29 200
6 103 78 91 0 0 26 0.00 M M 8.5 22 140 M M 0 30 130
7 102 73 88 -3 0 23 0.00 M M 6.7 18 120 M M 0 22 120
8 104 74 89 -2 0 24 0.00 M M 7.4 16 110 M M 0 22 150
9 106 75 91 1 0 26 0.00 M M 4.5 15 140 M M 0 21 110
10 106 77 92 2 0 27 0.00 M M 6.0 16 210 M M 0 27 180
11 108 80 94 4 0 29 0.00 M M 10.0 26 160 M M 0 32 160
12 108 74 91 1 0 26 0.00 M M 7.6 23 220 M M 0 27 220
13 110 81 96 6 0 31 0.00 M M 7.3 18 230 M M 0 24 200
14 112 86 99 9 0 34 0.00 M M 6.6 17 330 M M 0 22 310
15 114 87 101 11 0 36 0.00 0.0 M 5.7 15 310 M M 0 18 90
16 114 90 102 13 0 37 0.00 M M 5.8 16 330 M M 0 19 330
17 114 89 102 13 0 37 0.00 M M 4.8 13 130 M M 0 16 130
18 115 88 102 13 0 37 0.00 M M 6.7 29 200 M M 0 36 200
19 114 87 101 12 0 36 0.00 M M 6.7 28 250 M M 0 32 250
20 114 88 101 12 0 36 0.00 M M 6.7 20 210 M M 0 26 220
21 110 85 98 10 0 33 0.00 M M 7.9 28 140 M M 0 37 140
22 105 87 96 8 0 31 0.00 M M 6.9 17 310 M M 0 22 310
23 106 87 97 9 0 32 0.00 M M 6.8 18 320 M M 0 25 320
24 109 85 97 9 0 32 0.00 M M 5.9 23 190 M M 0 27 170
25 111 84 98 10 0 33 0.00 M M 6.3 20 180 M M 0 25 170
26 110 83 97 9 0 32 0.00 M M 8.7 26 200 M M 0 38 190
27 109 86 98 11 0 33 0.00 M M 8.4 18 230 M M 0 24 210
28 108 79 94 7 0 29 0.00 M M 5.1 17 230 M M 0 24 210
29 106 83 95 8 0 30 0.00 M M 8.4 20 240 M M 0 26 230
30 104 76 90 3 0 25 0.00 M M 4.8 18 160 M M 0 23 160
31 104 73 89 3 0 24 0.00 M M 8.3 21 230 M M 0 25 210
================================================================================
SM 3371 2531 0 946 0.00 0.0 218.7 M 0
================================================================================
AV108.7 81.6 7.1 FASTST M M 0 MAX(MPH)
MISC ----> 29 200 38 190
================================================================================
NOTES:
# LAST OF SEVERAL OCCURRENCES
COLUMN 17 PEAK WIND IN M.P.H.
PRELIMINARY LOCAL CLIMATOLOGICAL DATA (WS FORM: F-6) , PAGE 2
STATION: NORTH_LAS_VEGAS NV
MONTH: AUGUST
YEAR: 2020
LATITUDE: 36 12 N
LONGITUDE: 115 12 W
[TEMPERATURE DATA] [PRECIPITATION DATA] SYMBOLS USED IN COLUMN 16
AVERAGE MONTHLY: 95.2 TOTAL FOR MONTH: 0.00 1 = FOG OR MIST
DPTR FM NORMAL: 6.0 DPTR FM NORMAL: -0.49 2 = FOG REDUCING VISIBILITY
HIGHEST: 115 ON 18 GRTST 24HR 0.00 ON 1- 1 TO 1/4 MILE OR LESS
LOWEST: 73 ON 31, 7 3 = THUNDER
SNOW, ICE PELLETS, HAIL 4 = ICE PELLETS
TOTAL MONTH: 0.0 INCH 5 = HAIL
GRTST 24HR 0.0 6 = FREEZING RAIN OR DRIZZLE
GRTST DEPTH: M ON M 7 = DUSTSTORM OR SANDSTORM:
VSBY 1/2 MILE OR LESS
8 = SMOKE OR HAZE
[NO. OF DAYS WITH] [WEATHER - DAYS WITH] 9 = BLOWING SNOW
X = TORNADO
MAX 32 OR BELOW: 0 0.01 INCH OR MORE: 0
MAX 90 OR ABOVE: 31 0.10 INCH OR MORE: 0
MIN 32 OR BELOW: 0 0.50 INCH OR MORE: 0
MIN 0 OR BELOW: 0 1.00 INCH OR MORE: 0
[HDD (BASE 65) ]
TOTAL THIS MO. 0 CLEAR (SCALE 0-3) 31
DPTR FM NORMAL 0 PTCLDY (SCALE 4-7) 0
TOTAL FM JUL 1 0 CLOUDY (SCALE 8-10) 0
DPTR FM NORMAL 0
[CDD (BASE 65) ]
TOTAL THIS MO. 946
DPTR FM NORMAL 196 [PRESSURE DATA]
TOTAL FM JAN 1 3250 HIGHEST SLP M ON M
DPTR FM NORMAL 604 LOWEST SLP 29.60 ON 20
[REMARKS]
#FINAL-08-20#