000
CXUS55 KDVN 231100
CF6BRL
PRELIMINARY LOCAL CLIMATOLOGICAL DATA (WS FORM: F-6)

                                          STATION:   BURLINGTON IA
                                          MONTH:     JULY
                                          YEAR:      2017
                                          LATITUDE:   40 46 N
                                          LONGITUDE:  91  7 W

  TEMPERATURE IN F:       :PCPN:    SNOW:  WIND      :SUNSHINE: SKY     :PK WND
================================================================================
1   2   3   4   5  6A  6B    7    8   9   10  11  12  13   14  15   16   17  18
                                     12Z  AVG MX 2MIN
DY MAX MIN AVG DEP HDD CDD  WTR  SNW DPTH SPD SPD DIR MIN PSBL S-S WX    SPD DR
================================================================================

 1  85  60  73  -4   0   8 0.00    M    M  7.2 18 280   M    M   1 8      24 300
 2  89  55  72  -5   0   7 0.00    M    M  5.2 18 240   M    M   0 8      23 290
 3  90  63  77   0   0  12 0.00    M    M  4.8 12 190   M    M   1 128    15 200
 4  90  69  80   3   0  15 0.00    M    M  5.0 21 140   M    M   1 138    29 140
 5  88  67  78   1   0  13 0.54    M    M  5.3 40  30   M    M   1 13     55  30
 6  90  65  78   1   0  13 0.00    M    M  4.9 15 190   M    M   1 12     17 190
 7  87  67  77   0   0  12 0.49    M    M  9.3 35 360   M    M   1 13     45 360
 8  86  63  75  -2   0  10 0.00    M    M  5.2 13 340   M    M   1        17 290
 9  90  66  78   1   0  13 0.00    M    M  7.4 15 210   M    M   2        20 210
10  91  67  79   2   0  14 1.11    M    M 10.8 33 360   M    M   5 13     49 360
11  90  69  80   3   0  15 0.46    M    M  8.5 26 330   M    M   2 13     45 280
12  89  72  81   4   0  16 1.58    M    M  8.7 32 230   M    M   1 13     41 240
13  86  68  77   0   0  12 0.12    M    M  5.3 12 310   M    M   3        19 300
14  80  64  72  -5   0   7 0.00    M    M  7.7 15  20   M    M   0        18  10
15  83  58  71  -6   0   6 0.00    M    M  3.6 10 200   M    M   1        13 190
16  90  71  81   4   0  16 0.07    M    M  9.0 18  30   M    M   3 13     24  20
17  83  64  74  -3   0   9 0.00    M    M  5.9 12 110   M    M   0        16  70
18  91  66  79   2   0  14 0.00    M    M  6.1 16  30   M    M   2 8      18  20
19  93  70  82   5   0  17 0.00    M    M  4.8 13 190   M    M   1 18     15 180
20  95  77  86   9   0  21 0.00    M    M  7.1 15 230   M    M   2 38     20 240
21  94  76  85   8   0  20 0.00    M    M  9.9 17 190   M    M   0        23 190
22  90  70  80   3   0  15 0.24    M    M  8.9 26  70   M    M   5 13     35  70
================================================================================
SM 1950 1467         0 285  4.61    M    150.6          M       34
================================================================================
AV 88.6 66.7                               6.8 FASTST   M    M   2    MAX(MPH)
                                 MISC ---->  # 40  30               # 55   30
================================================================================
NOTES:
# LAST OF SEVERAL OCCURRENCES

COLUMN 17 PEAK WIND IN M.P.H.

PRELIMINARY LOCAL CLIMATOLOGICAL DATA (WS FORM: F-6) , PAGE 2

                                          STATION:  BURLINGTON IA
                                          MONTH:    JULY
                                          YEAR:     2017
                                          LATITUDE:   40 46 N
                                          LONGITUDE:  91  7 W

[TEMPERATURE DATA]      [PRECIPITATION DATA]       SYMBOLS USED IN COLUMN 16

AVERAGE MONTHLY: 77.7   TOTAL FOR MONTH:   4.61    1 = FOG OR MIST
DPTR FM NORMAL:   0.7   DPTR FM NORMAL:    1.53    2 = FOG REDUCING VISIBILITY
HIGHEST:    95 ON 20    GRTST 24HR  1.58 ON 12-12      TO 1/4 MILE OR LESS
LOWEST:     55 ON  2                               3 = THUNDER
                        SNOW, ICE PELLETS, HAIL    4 = ICE PELLETS
                        TOTAL MONTH:    M          5 = HAIL
                        GRTST 24HR    M  ON   M    6 = FREEZING RAIN OR DRIZZLE
                        GRTST DEPTH:  M  ON   M    7 = DUSTSTORM OR SANDSTORM:
                                                       VSBY 1/2 MILE OR LESS
                                                   8 = SMOKE OR HAZE
[NO. OF DAYS WITH]      [WEATHER - DAYS WITH]      9 = BLOWING SNOW
                                                   X = TORNADO
MAX 32 OR BELOW:   0    0.01 INCH OR MORE:   8
MAX 90 OR ABOVE:  12    0.10 INCH OR MORE:   7
MIN 32 OR BELOW:   0    0.50 INCH OR MORE:   3
MIN  0 OR BELOW:   0    1.00 INCH OR MORE:   2

[HDD (BASE 65) ]
TOTAL THIS MO.     0    CLEAR  (SCALE 0-3)  19
DPTR FM NORMAL     0    PTCLDY (SCALE 4-7)   3
TOTAL FM JUL 1     0    CLOUDY (SCALE 8-10)  0
DPTR FM NORMAL     0

[CDD (BASE 65) ]
TOTAL THIS MO.   285
DPTR FM NORMAL    21    [PRESSURE DATA]
TOTAL FM JAN 1   632    HIGHEST SLP M ON M
DPTR FM NORMAL     5    LOWEST  SLP 29.68 ON 10

[REMARKS]
