000
CXUS53 KMPX 011002
CLMEAU


CLIMATE REPORT
NATIONAL WEATHER SERVICE CHANHASSEN MN
402 AM CST SUN FEB 1 2015

...................................

...THE EAU CLAIRE WI CLIMATE SUMMARY FOR THE MONTH OF JANUARY 2015...

CLIMATE NORMAL PERIOD 1981 TO 2010
CLIMATE RECORD PERIOD 1893 TO 2015

WEATHER         OBSERVED          NORMAL  DEPART  LAST YEAR`S
                 VALUE   DATE(S)  VALUE   FROM    VALUE  DATE(S)
                                          NORMAL
................................................................
TEMPERATURE (F)
RECORD
 HIGH              55   01/26/1944
                        01/25/1944
 LOW              -45   01/30/1951
HIGHEST            39   01/24        35       4       41  01/12
LOWEST            -22   01/13       -13      -9      -24  01/09
AVG. MAXIMUM     23.4              23.4     0.0     16.8
AVG. MINIMUM      8.5               5.4     3.1     -5.4
MEAN             15.9              14.4     1.5      5.7
DAYS MAX >= 90      0               0.0     0.0        0
DAYS MAX <= 32     23              22.5     0.5       28
DAYS MIN <= 32     31              30.7     0.3       31
DAYS MIN <= 0      11              11.0     0.0       22

PRECIPITATION (INCHES)
RECORD
 MAXIMUM         3.47   1967
 MINIMUM         0.10   1981
TOTALS           0.37              0.89   -0.52     1.58
DAILY AVG.       0.01              0.03   -0.02     0.05
DAYS >= .01         9               8.4     0.6       13
DAYS >= .10         2               2.6    -0.6        3
DAYS >= .50         0               0.2    -0.2        1
DAYS >= 1.00        0               0.0     0.0        0
GREATEST
 24 HR. TOTAL    0.13   01/08 TO 01/08

SNOWFALL (INCHES)
RECORDS
 TOTAL           29.8   1997
TOTALS            6.4              13.2    -6.8     24.8
SINCE 7/1        26.9              29.0    -2.1     46.0
SNOWDEPTH AVG.      4                 7      -3       11
DAYS >= 1.0         3               3.5    -0.5        4
GREATEST
 SNOW DEPTH         5   01/09                         17  01/31
 24 HR TOTAL      1.9   MM

DEGREE_DAYS
HEATING TOTAL    1513              1568     -55     1831
 SINCE 7/1       4765              4744      21     5241
COOLING TOTAL       0                 0       0        0
 SINCE 1/1          0                 0       0        0
.................................................................

WIND (MPH)
AVERAGE WIND SPEED              7.6
HIGHEST WIND SPEED/DIRECTION    25/330    DATE  01/08
HIGHEST GUST SPEED/DIRECTION    34/340    DATE  01/06

SKY COVER
POSSIBLE SUNSHINE (PERCENT)   MM
AVERAGE SKY COVER           0.70
NUMBER OF DAYS FAIR            6
NUMBER OF DAYS PC              9
NUMBER OF DAYS CLOUDY         16

AVERAGE RH (PERCENT)     72

WEATHER CONDITIONS. NUMBER OF DAYS WITH
THUNDERSTORM              0     MIXED PRECIP               0
HEAVY RAIN                0     RAIN                       0
LIGHT RAIN                0     FREEZING RAIN              0
LT FREEZING RAIN          0     HAIL                       0
HEAVY SNOW                1     SNOW                       2
LIGHT SNOW               14     SLEET                      0
FOG                      17     FOG W/VIS <= 1/4 MILE      0
HAZE                     10

-  INDICATES NEGATIVE NUMBERS.
R  INDICATES RECORD WAS SET OR TIED.
MM INDICATES DATA IS MISSING.
T  INDICATES TRACE AMOUNT.

$$
